-- --------------------------------------------------------
-- Server OS:                    Win64
-- HeidiSQL Version:             12.0.0.6468
-- --------------------------------------------------------


-- Dumping structure for table admin_template.akta
CREATE TABLE IF NOT EXISTS `akta` (
  `id_akta` int(10) unsigned NOT NULL AUTO_INCREMENT,
  `no_akta` smallint(6) DEFAULT NULL,
  `tgl_akta` date DEFAULT NULL,
  `nama_akta` varchar(255) DEFAULT NULL,
  `nama_customer` varchar(255) DEFAULT NULL,
  `minuta` enum('Y','N') NOT NULL DEFAULT 'N',
  PRIMARY KEY (`id_akta`)
) ENGINE=InnoDB AUTO_INCREMENT=8 DEFAULT CHARSET=utf8mb4;

-- Dumping data for table admin_template.akta: ~4 rows (approximately)
INSERT INTO `akta` (`id_akta`, `no_akta`, `tgl_akta`, `nama_akta`, `nama_customer`, `minuta`) VALUES
	(1, 1, '2020-11-12', 'Akta Pendirian', 'PT. Pasir Putih', 'Y'),
	(2, 3, '2020-11-20', 'Akta Perjanjian Sewa', 'Budiawan', 'Y'),
	(3, 4, '2020-10-15', 'Akta Jual Beli', 'Muryatiningsih', 'N'),
	(4, 2, '2020-11-19', 'Akta Fidusia', 'Andiansyah Putra', 'Y');

-- Dumping structure for table admin_template.akta_file
CREATE TABLE IF NOT EXISTS `akta_file` (
  `id_akta_file` int(10) unsigned NOT NULL AUTO_INCREMENT,
  `id_akta` int(10) unsigned DEFAULT NULL,
  `judul_file` varchar(255) DEFAULT NULL,
  `deskripsi_file` text DEFAULT NULL,
  `nama_file` varchar(255) DEFAULT NULL,
  PRIMARY KEY (`id_akta_file`)
) ENGINE=InnoDB AUTO_INCREMENT=10 DEFAULT CHARSET=utf8mb4 COMMENT='File pendukung ketika akta dibuat';

-- Dumping data for table admin_template.akta_file: ~8 rows (approximately)
INSERT INTO `akta_file` (`id_akta_file`, `id_akta`, `judul_file`, `deskripsi_file`, `nama_file`) VALUES
	(1, 1, 'Akta Pendirian', 'Akta Pendirian', 'akta.pdf'),
	(2, 1, 'Dokumen Pendukung', 'Dokumen Pendukung Akta Pendirian', 'Salinan Dokumen Pendukung Akta No. 01.pdf'),
	(3, 2, 'Akta Fidusia', 'Salinan Akta Fidusia', 'Salinan Akta Fidusia.pdf'),
	(4, 2, 'Lampiran Pendukung', 'Lampiran Pendukung Akta Fidusia No 02', 'Lampiran Pendukung Akta No. 02.pdf'),
	(5, 3, 'Salinan Akta Sewa', 'Salinan Akta Sewa Leasing', 'Akta Sewa No.03.pdf'),
	(6, 3, 'Keterangan Pendukung Akta Sewa', 'Keterangan Pendukung Akta Sewa', 'Keterangan Pendukung Akta Sewa.pdf'),
	(7, 4, 'Akta Jual Beli No. 04', 'Salinan Akta Jual Beli No. 04', 'Akta Jual Beli No.04.pdf'),
	(8, 1, 'Kartu Identitas (KTP)', 'Kartu identitas penghadap (KTP)', 'ktp.png');

-- Dumping structure for table admin_template.akta_penanggung_jawab
CREATE TABLE IF NOT EXISTS `akta_penanggung_jawab` (
  `id_akta` int(11) unsigned NOT NULL,
  `id_penanggung_jawab` int(11) unsigned NOT NULL,
  PRIMARY KEY (`id_akta`,`id_penanggung_jawab`) USING BTREE,
  CONSTRAINT `akta_penanggung_jawab_akta` FOREIGN KEY (`id_akta`) REFERENCES `akta` (`id_akta`) ON DELETE CASCADE ON UPDATE CASCADE
) ENGINE=InnoDB DEFAULT CHARSET=utf8mb4;

-- Dumping data for table admin_template.akta_penanggung_jawab: ~7 rows (approximately)
INSERT INTO `akta_penanggung_jawab` (`id_akta`, `id_penanggung_jawab`) VALUES
	(1, 2),
	(1, 3),
	(2, 2),
	(2, 4),
	(3, 1),
	(3, 4),
	(4, 1);

-- Dumping structure for table admin_template.akta_penghadap
CREATE TABLE IF NOT EXISTS `akta_penghadap` (
  `id_akta` int(11) unsigned NOT NULL,
  `id_penghadap` int(11) unsigned NOT NULL,
  PRIMARY KEY (`id_akta`,`id_penghadap`) USING BTREE,
  CONSTRAINT `akta_penghadap_akta` FOREIGN KEY (`id_akta`) REFERENCES `akta` (`id_akta`) ON DELETE CASCADE ON UPDATE CASCADE
) ENGINE=InnoDB DEFAULT CHARSET=utf8mb4 ROW_FORMAT=DYNAMIC;

-- Dumping data for table admin_template.akta_penghadap: ~9 rows (approximately)
INSERT INTO `akta_penghadap` (`id_akta`, `id_penghadap`) VALUES
	(1, 1),
	(1, 2),
	(1, 3),
	(2, 2),
	(2, 3),
	(3, 3),
	(3, 4),
	(4, 2),
	(4, 3);

-- Dumping structure for table admin_template.artikel
CREATE TABLE IF NOT EXISTS `artikel` (
  `id_artikel` int(11) unsigned NOT NULL AUTO_INCREMENT,
  `judul_artikel` varchar(50) NOT NULL,
  `konten` text NOT NULL,
  `excerp` text NOT NULL,
  `meta_description` text NOT NULL,
  `slug` varchar(255) NOT NULL DEFAULT '',
  `status` enum('draft','published') NOT NULL,
  `template_file` varchar(255) NOT NULL,
  `search_engine_index` enum('Y','N') NOT NULL,
  `id_file_picker` int(10) unsigned DEFAULT NULL,
  `tgl_terbit` datetime DEFAULT NULL,
  `tgl_create` datetime DEFAULT NULL,
  `id_user_create` int(10) unsigned NOT NULL,
  `tgl_update` datetime DEFAULT NULL,
  `id_user_update` int(10) unsigned NOT NULL,
  PRIMARY KEY (`id_artikel`) USING BTREE
) ENGINE=InnoDB AUTO_INCREMENT=3 DEFAULT CHARSET=utf8mb4 ROW_FORMAT=DYNAMIC;

-- Dumping data for table admin_template.artikel: ~2 rows (approximately)
INSERT INTO `artikel` (`id_artikel`, `judul_artikel`, `konten`, `excerp`, `meta_description`, `slug`, `status`, `template_file`, `search_engine_index`, `id_file_picker`, `tgl_terbit`, `tgl_create`, `id_user_create`, `tgl_update`, `id_user_update`) VALUES
	(1, 'About', '<p>Hi, sobat Jagowebdev.</p>\r\n<p>Pertama tama kami ingin mengucapkan terima kasih karena sobat sudah bersedia mampir di Jagowebdev. Pada kesempatan ini kami ingin memperkenalkan sedikit tentang Jagowebdev.</p>\r\n<p>Jagowebdev merupakan media untuk sharing seputar pemrograman web development. Bahasa pemrograman yang dibahas diantaranya: PHP, MySQL, HTML, CSS, dan Javascript. Selain itu dibahas juga mengenai beberapa framework yang populer digunakan seperti frameword codeigniter yang berbasis PHP, framework jQuery yang berbasis Javascript, dan framework bootstrap yang berbasis CSS.</p>\r\n<p>Jagowebdev juga telah merilis produk produk seperti e-book, cheatsheet, dan aplikasi. Ebook bertujuan untuk membehas suatu tema secara komprehensif, karena jika hanya membaca artikel maupun menonton video, pemahaman yang didapat tidak utuh dan runtut. Dengan belajar melalui ebook, diharapkan pembaca dapat memiliki pemahaman yang utuh dan runtut.</p>\r\n<p>Tentunya belajar tidak disertai praktik tidak akan efektif, untuk itu, kami di Jagowebdev ini juga mengembangkan beberapa aplikasi yang dapat Anda gunakan sebagai sarana belajar maupun sebagai pondasi untuk mengembangkan aplikasi, diantaranya PHP Admin Template.</p>\r\n<p>Dengan pengalaman dan jam terbang yang tinggi dibidang pemrograman, kami yakin dan percaya diri bahwa materi materi yang kami sajikan berkualitas bagus, karena kami tahu persis seluk beluk pemrograman mulai dari konsep hingga implementasi, baik pemrograman dengan coding backend seperti PHP dan database maupun front end seperti, maupun ilmu desain yaitu desain user interface (UI) dan user experience (UX) yang baik.</p>\r\n<p>Kami berharap semoga materi materi yang ada di jagowebdev ini dapat membawa manfaat bagi kita semua.</p>\r\n<p>Salam,</p>\r\n<p>&nbsp;</p>\r\n<p>Agus Prawoto Hadi</p>', 'Jagowebdev merupakan media sharing seputar pemrograman web development, mulai dari backend, front end, hingga desain User Interface dan User Experience', '[excerp]', 'about', 'published', 'default.php', 'Y', 58, '2021-05-30 13:26:59', '0000-00-00 00:00:00', 8, '2022-06-19 12:42:44', 1),
	(2, 'Tanpa Login', '<h3>Demo Module Tanpa Login</h3>\r\n<p>Halaman ini merupakan contoh implementasi module tanpa login</p>\r\n<p>Umumnya ketika mengembangkan aplikasi Admin Template, halaman halaman yang ada pada apliksi tersebut di proteksi dengan login, dimana hanya user yang sudah login saja yang dapat mengakses halaman tersebut.</p>\r\n<p>Pada kasus tertentu, kita membutuhkan halaman yang dapat diakses oleh semua orang, seperti misal pada aplikasi antrian berbasis web yang kami kembangkan sebelumnya. Pada aplikasi tersebut, terdapat halaman layar monitor yang menampilkan antrian terakhir sehingga halaman tersebut harus on terus, jika halaman tersebut diproteksi dengan login, maka ketika halaman tersebut idle beberapa waktu, maka session akan berakhir dan halaman menjadi tidak bisa diakses.</p>\r\n<p>Hal penting yang perlu diperhatikan bahwa fitur ini hanya untuk kasus khusus saja (satu atau dua halaman) dan tidak ditujukan untuk pengembangan frontend dimana admin template nya sebagai backend, karena akan mengakibatkan aplikasi menjadi rumit dan sulit terkontrol. Untuk pengembangan frontend maka harus dikembangkan tersendiri, terpisah dari backend.</p>\r\n<p>Untuk kembali ke aplikasi Admin Template, silakan klik tautan berikut: <a href="{{BASE_URL}}">{{BASE_URL}}</a></p>\r\n<p>Salam,</p>\r\n<p>&nbsp;</p>\r\n<p>Tim Jagowebdev</p>', 'Pada kasus tertentu kita memerlukan halaman yang dapat diakses oleh semua orang, Admin Template', 'Implementasi module pada Aplikasi Admin Template tanpa perlu login ke sistem', 'tanpalogin', 'published', '', 'N', 0, '2022-06-19 12:00:59', '2022-06-19 19:44:04', 1, '2022-06-26 15:39:19', 1);

-- Dumping structure for table admin_template.artikel_author
CREATE TABLE IF NOT EXISTS `artikel_author` (
  `id_artikel` int(10) unsigned NOT NULL,
  `id_author` smallint(5) unsigned NOT NULL,
  PRIMARY KEY (`id_artikel`,`id_author`)
) ENGINE=InnoDB DEFAULT CHARSET=utf8mb4;

-- Dumping data for table admin_template.artikel_author: ~6 rows (approximately)
INSERT INTO `artikel_author` (`id_artikel`, `id_author`) VALUES
	(1, 1),
	(1, 2),
	(1, 3),
	(2, 2),
	(2, 3),
	(3, 3);

-- Dumping structure for table admin_template.artikel_kategori
CREATE TABLE IF NOT EXISTS `artikel_kategori` (
  `id_artikel` int(10) unsigned NOT NULL,
  `id_kategori` smallint(5) unsigned NOT NULL,
  PRIMARY KEY (`id_artikel`,`id_kategori`)
) ENGINE=InnoDB DEFAULT CHARSET=utf8mb4;

-- Dumping data for table admin_template.artikel_kategori: ~6 rows (approximately)
INSERT INTO `artikel_kategori` (`id_artikel`, `id_kategori`) VALUES
	(1, 1),
	(1, 2),
	(1, 3),
	(2, 1),
	(2, 3),
	(3, 3);

-- Dumping structure for table admin_template.author
CREATE TABLE IF NOT EXISTS `author` (
  `id_author` smallint(6) unsigned NOT NULL AUTO_INCREMENT,
  `nama_author` varchar(50) NOT NULL,
  `id_user_author` int(10) unsigned NOT NULL,
  PRIMARY KEY (`id_author`) USING BTREE
) ENGINE=InnoDB AUTO_INCREMENT=4 DEFAULT CHARSET=latin1;

-- Dumping data for table admin_template.author: ~3 rows (approximately)
INSERT INTO `author` (`id_author`, `nama_author`, `id_user_author`) VALUES
	(1, 'Agus Prawoto Hadi', 8),
	(2, 'Nur Wahyu Catur Wicaksono', 10),
	(3, 'Jagowebdev Team', 11);

-- Dumping structure for table admin_template.customer
CREATE TABLE IF NOT EXISTS `customer` (
  `id_customer` int(11) NOT NULL AUTO_INCREMENT,
  `nama_customer` varchar(255) DEFAULT NULL,
  PRIMARY KEY (`id_customer`) USING BTREE,
  UNIQUE KEY `nama_supplier` (`nama_customer`) USING BTREE
) ENGINE=InnoDB AUTO_INCREMENT=4 DEFAULT CHARSET=utf8mb4;

-- Dumping data for table admin_template.customer: ~3 rows (approximately)
INSERT INTO `customer` (`id_customer`, `nama_customer`) VALUES
	(3, 'CV. Usaha Makmur'),
	(2, 'PT. Pasir Putih'),
	(1, 'PT. Sinar Mas');

-- Dumping structure for table admin_template.file_download
CREATE TABLE IF NOT EXISTS `file_download` (
  `id_file_download` int(10) unsigned NOT NULL AUTO_INCREMENT,
  `judul_file` varchar(255) DEFAULT NULL,
  `deskripsi_file` text DEFAULT NULL,
  `id_file_picker` int(10) unsigned DEFAULT NULL,
  `tgl_input` datetime DEFAULT NULL,
  `id_user_input` int(10) unsigned DEFAULT NULL,
  `tgl_update` datetime DEFAULT NULL,
  `id_user_update` int(10) unsigned DEFAULT NULL,
  PRIMARY KEY (`id_file_download`)
) ENGINE=InnoDB AUTO_INCREMENT=6 DEFAULT CHARSET=utf8mb4;

-- Dumping data for table admin_template.file_download: ~4 rows (approximately)
INSERT INTO `file_download` (`id_file_download`, `judul_file`, `deskripsi_file`, `id_file_picker`, `tgl_input`, `id_user_input`, `tgl_update`, `id_user_update`) VALUES
	(2, 'User Manual Admin Template PHP', 'Dokumen yang berisi user manual Admin Template PHP Native', 54, NULL, 1, NULL, NULL),
	(3, 'Mendesain Form Login', 'Source code dari tutorial mendesain form login dengan CSS 3 dan HTML 5. Tutorial dapat dibaca di: https://jagowebdev.com/mendesain-form-login-dengan-css/', 55, NULL, 1, NULL, 1),
	(4, 'Cheat Sheet PHP', 'Contoh Cheat Sheet PHP diambil dari kumpulan Cheat Sheet PHP di: https://jagowebdev.com/cheat-sheet-php-bahasa-indonesia/download-cheat-sheet-php-7-bahasa-indonesia/', 56, NULL, 1, NULL, NULL),
	(5, 'Mendesain Social Media Button Dengan CSS', 'Source code tutorial cara membuat social media icon dengan berbagai efek menarik', 57, NULL, 1, NULL, NULL);

-- Dumping structure for table admin_template.file_download_log
CREATE TABLE IF NOT EXISTS `file_download_log` (
  `id_file_download_log` int(10) unsigned NOT NULL AUTO_INCREMENT,
  `id_user` int(10) unsigned NOT NULL,
  `id_file_download` int(10) unsigned NOT NULL,
  `judul_file` varchar(255) NOT NULL,
  `id_file_picker` int(10) unsigned NOT NULL,
  `filename` varchar(255) NOT NULL,
  `tgl_download` datetime NOT NULL,
  PRIMARY KEY (`id_file_download_log`)
) ENGINE=InnoDB AUTO_INCREMENT=6 DEFAULT CHARSET=utf8mb4;

-- Dumping data for table admin_template.file_download_log: ~5 rows (approximately)
INSERT INTO `file_download_log` (`id_file_download_log`, `id_user`, `id_file_download`, `judul_file`, `id_file_picker`, `filename`, `tgl_download`) VALUES
	(1, 1, 2, 'User Manual Admin Template PHP', 54, 'User Manual Admin Template PHP - Jagowebdev.pdf', '2021-05-24 21:33:08'),
	(2, 1, 2, 'User Manual Admin Template PHP', 54, 'User Manual Admin Template PHP - Jagowebdev.pdf', '2021-05-24 21:33:19'),
	(3, 1, 2, 'User Manual Admin Template PHP', 54, 'User Manual Admin Template PHP - Jagowebdev.pdf', '2021-05-24 21:38:54'),
	(4, 1, 5, 'Mendesain Social Media Button Dengan CSS', 57, 'Mendesain Social Media Button Dengan CSS.rar', '2021-05-25 20:37:34'),
	(5, 1, 2, 'User Manual Admin Template PHP', 54, 'User Manual Admin Template PHP - Jagowebdev.pdf', '2022-06-26 15:41:36');

-- Dumping structure for table admin_template.file_picker
CREATE TABLE IF NOT EXISTS `file_picker` (
  `id_file_picker` int(10) unsigned NOT NULL AUTO_INCREMENT,
  `title` varchar(255) NOT NULL,
  `caption` text NOT NULL,
  `description` text NOT NULL,
  `alt_text` varchar(255) DEFAULT NULL,
  `nama_file` varchar(255) NOT NULL,
  `mime_type` varchar(255) NOT NULL,
  `size` int(10) unsigned NOT NULL,
  `tgl_upload` datetime NOT NULL DEFAULT current_timestamp(),
  `id_user_upload` int(10) unsigned NOT NULL,
  `meta_file` text NOT NULL,
  PRIMARY KEY (`id_file_picker`) USING BTREE
) ENGINE=InnoDB AUTO_INCREMENT=58 DEFAULT CHARSET=utf8mb4 ROW_FORMAT=DYNAMIC;

-- Dumping data for table admin_template.file_picker: ~57 rows (approximately)
INSERT INTO `file_picker` (`id_file_picker`, `title`, `caption`, `description`, `alt_text`, `nama_file`, `mime_type`, `size`, `tgl_upload`, `id_user_upload`, `meta_file`) VALUES
	(1, 'Lebah dan Lalat Kebun', 'Lebah dan Lalat kebun berada di suatu taman bunga', 'Lebah dan Lalat kebun berada di suatu taman bunga', 'Lebah dan Lalat Kebun', 'Lebah Kebun.jpg', 'image/jpeg', 119535, '2021-05-23 15:10:15', 1, '{"default":{"width":1280,"height":805,"size":119535},"thumbnail":{"small":{"filename":"Lebah Kebun_small.jpg","width":250,"height":157,"size":21703},"medium":{"filename":"Lebah Kebun_medium.jpg","width":450,"height":283,"size":52877}}}'),
	(2, 'Sepasang Kupu Kupu Taman', 'Sepasang Kupu Kupu Taman dengan warna yang indah dan serasi', 'Sepasang Kupu Kupu Taman dengan warna yang indah dan serasi', 'Sepasang Kupu Kupu Taman', 'Sepasang Kupu Kupu Taman.jpg', 'image/jpeg', 132133, '2021-05-23 17:28:37', 1, '{"default":{"width":1280,"height":853,"size":132133},"thumbnail":{"small":{"filename":"Sepasang Kupu Kupu Taman_small.jpg","width":250,"height":167,"size":19055},"medium":{"filename":"Sepasang Kupu Kupu Taman_medium.jpg","width":450,"height":300,"size":49119}}}'),
	(3, 'Merpati Putih', 'Merpati bersih putih sedang mencari tempat untuk hinggap', 'Merpati bersih putih sedang mencari tempat untuk hinggap', 'Merpati Putih', 'Merpati Putih.jpg', 'image/jpeg', 110547, '2021-05-23 17:33:29', 1, '{"default":{"width":1280,"height":710,"size":110547},"thumbnail":{"small":{"filename":"Merpati Putih_small.jpg","width":250,"height":139,"size":15328},"medium":{"filename":"Merpati Putih_medium.jpg","width":450,"height":250,"size":40676}}}'),
	(4, 'Harimau Hutan', 'Harimau hutan sedang mencari mangsa', 'Harimau hutan sedang mencari mangsa', 'Harimau Hutan', 'Harimau Liar.jpg', 'image/jpeg', 379324, '2021-05-23 18:16:38', 1, '{"default":{"width":1280,"height":853,"size":379324},"thumbnail":{"small":{"filename":"Harimau Liar_small.jpg","width":250,"height":167,"size":36106},"medium":{"filename":"Harimau Liar_medium.jpg","width":450,"height":300,"size":109105}}}'),
	(5, 'Kuda Putih', 'Kuda putih bersih sedang sendirian menderu kencang di pasir putih', 'Kuda putih bersih sedang sendirian menderu kencang di pasir putih', 'Kuda Putih', 'Kuda Putih.jpg', 'image/jpeg', 149024, '2021-05-23 18:19:14', 1, '{"default":{"width":1280,"height":895,"size":149024},"thumbnail":{"small":{"filename":"Kuda Putih_small.jpg","width":250,"height":175,"size":17671},"medium":{"filename":"Kuda Putih_medium.jpg","width":450,"height":315,"size":51700}}}'),
	(6, 'Lumba Lumba', 'Lumba lumba bersiap mengarungi samudera biru nan indah', 'Lumba lumba bersiap mengarungi samudera biru nan indah', 'Lumba Lumba', 'Lumba Lumba.jpg', 'image/jpeg', 212383, '2021-05-23 18:22:17', 1, '{"default":{"width":1280,"height":853,"size":212383},"thumbnail":{"small":{"filename":"Lumba Lumba_small.jpg","width":250,"height":167,"size":22136},"medium":{"filename":"Lumba Lumba_medium.jpg","width":450,"height":300,"size":66956}}}'),
	(7, 'Burung Merak', 'Burung merak sedang memekarkan sayap sayapnya yang indah', 'Burung merak sedang memekarkan sayap sayapnya yang indah', 'Burung Merak', 'Merak.jpg', 'image/jpeg', 466549, '2021-05-23 18:25:57', 1, '{"default":{"width":1280,"height":720,"size":466549},"thumbnail":{"small":{"filename":"Merak_small.jpg","width":250,"height":141,"size":36382},"medium":{"filename":"Merak_medium.jpg","width":450,"height":253,"size":114705}}}'),
	(8, 'Ikan DIscus', 'Ikan Discus merupakan ikan air tawar dari sungai Amazon, Amerika Setalan sering menghiasa akuarium air tawar', 'Ikan Discus merupakan ikan air tawar dari sungai Amazon, Amerika Setalan sering menghiasa akuarium air tawar', 'Ikan Discus', 'Ikan Discus.jpg', 'image/jpeg', 149589, '2021-05-23 20:01:52', 1, '{"default":{"width":1280,"height":853,"size":149589},"thumbnail":{"small":{"filename":"Ikan Discus_small.jpg","width":250,"height":167,"size":24084},"medium":{"filename":"Ikan Discus_medium.jpg","width":450,"height":300,"size":61634}}}'),
	(9, 'Bintang Laut', 'Bintang laut merupakan invertebrata yang bergerah merayap di dasar laut menggunakan kaki tabung', 'Bintang laut merupakan invertebrata yang bergerah merayap di dasar laut menggunakan kaki tabung', 'Bintang Laut', 'Bintang Laut.jpg', 'image/jpeg', 397533, '2021-05-23 20:07:27', 1, '{"default":{"width":1280,"height":847,"size":397533},"thumbnail":{"small":{"filename":"Bintang Laut_small.jpg","width":250,"height":165,"size":49116},"medium":{"filename":"Bintang Laut_medium.jpg","width":450,"height":298,"size":142111}}}'),
	(10, 'Angsa Greylag', 'Angsa Greylag merupakan spesies angsa yang memiliki tubuh cukup besar dengan sayap yang pendek', 'Angsa Greylag merupakan spesies angsa yang memiliki tubuh cukup besar dengan sayap yang pendek', 'Angsa Greylag', 'Angsa Greylag.jpg', 'image/jpeg', 206606, '2021-05-23 20:11:33', 1, '{"default":{"width":1280,"height":850,"size":206606},"thumbnail":{"small":{"filename":"Angsa Greylag_small.jpg","width":250,"height":166,"size":27273},"medium":{"filename":"Angsa Greylag_medium.jpg","width":450,"height":299,"size":74968}}}'),
	(11, 'Zebra Couple', 'Sepasang zebra ditengah rerumputan  ', 'Zebra merupakan hewan yang berasal dari Afrika. Zebra masih satu family dengan kuda dan keledai', 'Zebra', 'zebras-1883654_1280.jpg', 'image/jpeg', 195983, '2021-05-23 20:16:05', 1, '{"default":{"width":1280,"height":765,"size":195983},"thumbnail":{"small":{"filename":"zebras-1883654_1280_small.jpg","width":250,"height":149,"size":30291},"medium":{"filename":"zebras-1883654_1280_medium.jpg","width":450,"height":269,"size":76834}}}'),
	(12, 'Room Hotel Superior', 'Room Hotel Superior Double Bed', 'Contoh tampilan room hotel kelas Superior dengan double bed', 'Room Hotel Superior', 'Room Hotel Superior Double.jpg', 'image/jpeg', 199691, '2021-05-23 20:22:20', 1, '{"default":{"width":1280,"height":853,"size":199691},"thumbnail":{"small":{"filename":"Room Hotel Superior Double_small.jpg","width":250,"height":167,"size":21387},"medium":{"filename":"Room Hotel Superior Double_medium.jpg","width":450,"height":300,"size":59918}}}'),
	(13, 'Room Hotel Vaganza', 'Room Hotel Kelas Vaganza', 'Contoh tampilan room hotel kelas vaganza dengan dua tempat tidur', 'Room Hotel Vaganza', 'Bedroom Hotel.jpg', 'image/jpeg', 165186, '2021-05-23 20:23:52', 1, '{"default":{"width":1280,"height":853,"size":165186},"thumbnail":{"small":{"filename":"Bedroom Hotel_small.jpg","width":250,"height":167,"size":21774},"medium":{"filename":"Bedroom Hotel_medium.jpg","width":450,"height":300,"size":57359}}}'),
	(14, 'Kolam Renang Hotel', 'Kolam Renang Hotel Indoor', 'Fasilitas kolam renang yang disediakan hotel yang ada di dalam ruangan', 'Kolam Renang Hotel', 'Kolam Renang Hotel Indoor.jpg', 'image/jpeg', 229516, '2021-05-23 20:24:53', 1, '{"default":{"width":1280,"height":848,"size":229516},"thumbnail":{"small":{"filename":"Kolam Renang Hotel Indoor_small.jpg","width":250,"height":166,"size":24191},"medium":{"filename":"Kolam Renang Hotel Indoor_medium.jpg","width":450,"height":298,"size":69659}}}'),
	(15, 'Kamar Mandi Hotel Kelas Premium', 'Kamar Mandi Hotel Kelas Premium', 'Kamar mandi room hotel untuk kelas premium. Tampilan kamar mandi bisa berbeda untuk kelas yang sama', 'Kamar Mandi Hotel', 'Bathroom Hotel Premium.jpg', 'image/jpeg', 345005, '2021-05-23 20:26:07', 1, '{"default":{"width":1280,"height":960,"size":345005},"thumbnail":{"small":{"filename":"Bathroom Hotel Premium_small.jpg","width":250,"height":188,"size":30391},"medium":{"filename":"Bathroom Hotel Premium_medium.jpg","width":450,"height":338,"size":89688}}}'),
	(16, 'Kamar Mandi Hotel Vaganza', 'Kamar Mandi Hotel Kelas Vaganza', 'Kamar mandi room hotel untuk kelas room Vaganza. Tampilan kamar mandi bisa berbeda untuk kelas yang sama', 'Kamar Mandi Hotel Vaganza', 'Kamar Mandi Hotel Vaganza.jpg', 'image/jpeg', 104435, '2021-05-23 20:28:01', 1, '{"default":{"width":948,"height":1280,"size":104435},"thumbnail":{"small":{"filename":"Kamar Mandi Hotel Vaganza_small.jpg","width":185,"height":250,"size":15934},"medium":{"filename":"Kamar Mandi Hotel Vaganza_medium.jpg","width":333,"height":450,"size":41862}}}'),
	(17, 'Lobi Hotel', 'Penatan Ruangan Lobi hotel', 'Penatan ruangan lobi hotel disesuaikan dengan tema hotel yang bergaya modern klasik  ', 'Lobi Hotel', 'Lobi Hotel.jpg', 'image/jpeg', 277077, '2021-05-23 20:32:06', 1, '{"default":{"width":1280,"height":853,"size":277077},"thumbnail":{"small":{"filename":"Lobi Hotel_small.jpg","width":250,"height":167,"size":31260},"medium":{"filename":"Lobi Hotel_medium.jpg","width":450,"height":300,"size":86955}}}'),
	(18, 'Kolam Renang Hotel Outdoor', 'Kolam Renang Hotel Outdoor', 'Fasilitas hotel berupa kolam renang outdoor lengkap dengan gazebo unuk tempat bersantai', 'Kolam Renang Hotel Outdoor', 'Kolam Renang Hotel Outdoor.jpg', 'image/jpeg', 196295, '2021-05-23 20:35:24', 1, '{"default":{"width":1280,"height":719,"size":196295},"thumbnail":{"small":{"filename":"Kolam Renang Hotel Outdoor_small.jpg","width":250,"height":140,"size":19059},"medium":{"filename":"Kolam Renang Hotel Outdoor_medium.jpg","width":450,"height":253,"size":56598}}}'),
	(19, 'Taman Sekitar Hotel', 'Taman Disekitar Halaman Hotel', 'Taman hijau disekitaran halaman hotel membuat suasana menjadi tampak sejuk dan nyaman', 'Taman Sekitar Hotel', 'Taman Sekitar Hotel.jpg', 'image/jpeg', 390531, '2021-05-23 20:37:27', 1, '{"default":{"width":1280,"height":720,"size":390531},"thumbnail":{"small":{"filename":"Taman Sekitar Hotel_small.jpg","width":250,"height":141,"size":33129},"medium":{"filename":"Taman Sekitar Hotel_medium.jpg","width":450,"height":253,"size":101998}}}'),
	(20, 'Hotel Saat Senja', 'Hotel Saat Senja Tiba', 'Suasana dilingkungan sekitar hotel saat langit mulai senja', 'Hotel Saat Senja', 'Hotel Saat Senja.jpg', 'image/jpeg', 203385, '2021-05-23 20:39:02', 1, '{"default":{"width":1280,"height":853,"size":203385},"thumbnail":{"small":{"filename":"Hotel Saat Senja_small.jpg","width":250,"height":167,"size":25715},"medium":{"filename":"Hotel Saat Senja_medium.jpg","width":450,"height":300,"size":70959}}}'),
	(21, 'Ruang Makan Hotel', 'Lauout Ruang Makan Hotel', 'Layout ruang makan yang disediakan oleh hotel', 'Ruang Makan Hotel', 'Ruang Makan Hotel.jpg', 'image/jpeg', 259090, '2021-05-23 20:41:24', 1, '{"default":{"width":1280,"height":887,"size":259090},"thumbnail":{"small":{"filename":"Ruang Makan Hotel_small.jpg","width":250,"height":173,"size":28353},"medium":{"filename":"Ruang Makan Hotel_medium.jpg","width":450,"height":312,"size":79907}}}'),
	(22, 'Room Hotel Deluxe', 'Room Hotel Kelas Deluxe', 'Room hotel kelas Deluxe dengan double bed dan view langsung ke tepi pantai', 'Room Hotel Deluxe', 'Room Hotel Deluxe.jpg', 'image/jpeg', 168992, '2021-05-23 20:42:48', 1, '{"default":{"width":1280,"height":751,"size":168992},"thumbnail":{"small":{"filename":"Room Hotel Deluxe_small.jpg","width":250,"height":147,"size":21162},"medium":{"filename":"Room Hotel Deluxe_medium.jpg","width":450,"height":264,"size":55508}}}'),
	(23, 'Buah Strawberry Slice', 'Buah Strawberry Slice', 'Buah strawberry kaya akan vitamin C yang bermanfaat untuk kekebalan tubuh dan melawan sel kanker', 'Buah Strawberry Slice', 'Buah Strawberry Slice.jpg', 'image/jpeg', 279409, '2021-05-23 20:45:27', 1, '{"default":{"width":1280,"height":853,"size":279409},"thumbnail":{"small":{"filename":"Buah Strawberry Slice_small.jpg","width":250,"height":167,"size":39769},"medium":{"filename":"Buah Strawberry Slice_medium.jpg","width":450,"height":300,"size":109759}}}'),
	(24, 'Buah Cherry', 'Buah Cherry Segar', 'Buah cherry selain digunakan untuk dekorasi kue, juga dapat bermanfaat untuk kesehatan diantaranya melindungi tubuh dari radikal bebas', 'Buah Cherry', 'Buah Cherry.jpg', 'image/jpeg', 114984, '2021-05-23 20:48:04', 1, '{"default":{"width":1280,"height":853,"size":114984},"thumbnail":{"small":{"filename":"Buah Cherry_small.jpg","width":250,"height":167,"size":17653},"medium":{"filename":"Buah Cherry_medium.jpg","width":450,"height":300,"size":44729}}}'),
	(25, 'Buah Anggur', 'Buah Anggur Merah', 'Buah anggur kaya akan antioksidan yang dapat melawan radikal bebas sehingga dapat membantu melawan sel kanker', 'Buah Anggur', 'Buah Anggur.jpg', 'image/jpeg', 135558, '2021-05-23 20:50:36', 1, '{"default":{"width":1280,"height":853,"size":135558},"thumbnail":{"small":{"filename":"Buah Anggur_small.jpg","width":250,"height":167,"size":21758},"medium":{"filename":"Buah Anggur_medium.jpg","width":450,"height":300,"size":54483}}}'),
	(26, 'Buah Limun', 'Buah Limun', 'Buah limun yang kaya akan viatmin c bermanfaat untuk meningkatkan daya tahan tubuh, mengurangi kerutan kulit, dll', 'Buah Limun', 'Buah Limun.jpg', 'image/jpeg', 229867, '2021-05-23 20:52:21', 1, '{"default":{"width":1280,"height":757,"size":229867},"thumbnail":{"small":{"filename":"Buah Limun_small.jpg","width":250,"height":148,"size":29880},"medium":{"filename":"Buah Limun_medium.jpg","width":450,"height":266,"size":84326}}}'),
	(27, 'Buah Buahan Segar', 'Buah Buahan Segar', 'Buah buahan segar mengandung banyak vitamin dan gizi sehingga dapat memperlancar metabolisme tubuh', 'Buah Buahan Segar', 'Aneka Bah Segar Slice.jpg', 'image/jpeg', 343630, '2021-05-23 20:54:47', 1, '{"default":{"width":1280,"height":719,"size":343630},"thumbnail":{"small":{"filename":"Aneka Bah Segar Slice_small.jpg","width":250,"height":140,"size":34100},"medium":{"filename":"Aneka Bah Segar Slice_medium.jpg","width":450,"height":253,"size":98333}}}'),
	(28, 'Buah Jambu', 'Buah Jambu Segar', 'Buah jambu bermanfaat untuk menjaga kekebalan tubuh dan dapat membantu menyehatkan jantung', 'Buah Jambu', 'Buah Jambu.jpg', 'image/jpeg', 125064, '2021-05-23 20:59:28', 1, '{"default":{"width":1280,"height":825,"size":125064},"thumbnail":{"small":{"filename":"Buah Jambu_small.jpg","width":250,"height":161,"size":18996},"medium":{"filename":"Buah Jambu_medium.jpg","width":450,"height":290,"size":48556}}}'),
	(29, 'Buah Pepaya', 'Buah Pepaya', 'Buh pepaya dikenal memiliki khasiat untuk menyehatkan saluran cerna, disamping itu juga bermanfaat untuk melindungi kerusakan kulit', 'Buah Pepaya', 'Buah Pepaya.jpg', 'image/jpeg', 221866, '2021-05-23 21:03:09', 1, '{"default":{"width":1280,"height":853,"size":221866},"thumbnail":{"small":{"filename":"Buah Pepaya_small.jpg","width":250,"height":167,"size":24681},"medium":{"filename":"Buah Pepaya_medium.jpg","width":450,"height":300,"size":73096}}}'),
	(30, 'Kebun Bunga', 'Kebun Bunga Gunung Meadaw', 'Kebun bunga nan indah yang terletak di pegunungan Meadow yang terletak di Washington, Utah', 'Kebun Bunga', 'Kebun Bunga.jpg', 'image/jpeg', 361160, '2021-05-23 21:06:35', 1, '{"default":{"width":1280,"height":853,"size":361160},"thumbnail":{"small":{"filename":"Kebun Bunga_small.jpg","width":250,"height":167,"size":36237},"medium":{"filename":"Kebun Bunga_medium.jpg","width":450,"height":300,"size":107455}}}'),
	(31, 'Bunga Pegunungan Salju Meadow', 'Bunga di Pegunungan Salju Meadow', 'Kebun bunga merah nan indah pada saat musim salju di pegunungan Meadow, Washington, Utah', 'Bunga Pegunungan Salju Meadow', 'Bunga Pegunungan Salju Meadow.jpg', 'image/jpeg', 391452, '2021-05-23 21:10:42', 1, '{"default":{"width":1280,"height":834,"size":391452},"thumbnail":{"small":{"filename":"Bunga Pegunungan Salju Meadow_small.jpg","width":250,"height":163,"size":33252},"medium":{"filename":"Bunga Pegunungan Salju Meadow_medium.jpg","width":450,"height":293,"size":101337}}}'),
	(32, 'Sunrise di Tepi Danau', 'Sunrise di Tepi Danau', 'Sunrise nan indah ditepi sebuah danau', 'Sunrise di Tepi Danau', 'Sunrise di Tepi Danau.jpg', 'image/jpeg', 183242, '2021-05-23 21:17:08', 1, '{"default":{"width":1280,"height":852,"size":183242},"thumbnail":{"small":{"filename":"Sunrise di Tepi Danau_small.jpg","width":250,"height":166,"size":21168},"medium":{"filename":"Sunrise di Tepi Danau_medium.jpg","width":450,"height":300,"size":58675}}}'),
	(33, 'Pulau di French Polynesia', 'Pulau di French Polynesia', 'Sebuah pulau kecil dikelilingi laut nan indah di sutu tempat di Frech Polyneisa, sebelah selatan Samudera Pasifik', 'Pulau di French Polynesia', 'French Polynesia.jpg', 'image/jpeg', 311890, '2021-05-23 21:19:40', 1, '{"default":{"width":1280,"height":849,"size":311890},"thumbnail":{"small":{"filename":"French Polynesia_small.jpg","width":250,"height":166,"size":26787},"medium":{"filename":"French Polynesia_medium.jpg","width":450,"height":298,"size":83192}}}'),
	(34, 'Pulau Bora Bora', 'Pulau Bora Bora', 'Suatu tempat yang sungguh menawan yang terletak di Bora Bora, sebuah pulau di Polinesia Prancis, Samudera Pasifik', 'Pulau Bora Bora', 'Pulau Bora Bora.jpg', 'image/jpeg', 348711, '2021-05-23 21:22:02', 1, '{"default":{"width":1280,"height":854,"size":348711},"thumbnail":{"small":{"filename":"Pulau Bora Bora_small.jpg","width":250,"height":167,"size":29948},"medium":{"filename":"Pulau Bora Bora_medium.jpg","width":450,"height":300,"size":89553}}}'),
	(35, 'Sungai Mckenzie Oregon', 'Sungai Mckenzie Oregon', 'Aliran sungai Mackenzie nan indah yang terletak di Oregon, Amerika Serikat', 'Sungai Mckenzie Oregon', 'Sungai Mckenzie Oregon.jpg', 'image/jpeg', 397652, '2021-05-23 21:29:12', 1, '{"default":{"width":1280,"height":853,"size":397652},"thumbnail":{"small":{"filename":"Sungai Mckenzie Oregon_small.jpg","width":250,"height":167,"size":33104},"medium":{"filename":"Sungai Mckenzie Oregon_medium.jpg","width":450,"height":300,"size":102942}}}'),
	(36, 'Danau di Pegunungan Alpine', 'Danau di Pegunungan Alpine', 'Sebuah danau dengan view yang mengagumkan yang tersembunyi dideretan pegunungan Alpine', 'Danau di Pegunungan Alpine', 'Danau di Pegunungan Alpine.jpg', 'image/jpeg', 327179, '2021-05-23 21:34:23', 1, '{"default":{"width":1280,"height":822,"size":327179},"thumbnail":{"small":{"filename":"Danau di Pegunungan Alpine_small.jpg","width":250,"height":161,"size":31951},"medium":{"filename":"Danau di Pegunungan Alpine_medium.jpg","width":450,"height":289,"size":92421}}}'),
	(37, 'Desa Hallstatt Austria', 'Desa Hallstatt Austria', 'Desa Hallstatt terletak di tepi danau Hallstatter Austria dengan view yang begitu indah ', 'Desa Hallstatt Austria', 'Desa Hallstatt Austria.jpg', 'image/jpeg', 279383, '2021-05-23 21:37:53', 1, '{"default":{"width":1280,"height":732,"size":279383},"thumbnail":{"small":{"filename":"Desa Hallstatt Austria_small.jpg","width":250,"height":143,"size":26143},"medium":{"filename":"Desa Hallstatt Austria_medium.jpg","width":450,"height":257,"size":76873}}}'),
	(38, 'Pegunungan Alps Dengan Salju', 'Pegunungan Alps Dengan Salju', 'Salah satu view kecil dari pegunungan Alps yang sedang mengalami musim salju', 'Pegunungan Alps Dengan Salju', 'Pegunungan Alps.jpg', 'image/jpeg', 175042, '2021-05-23 21:42:23', 1, '{"default":{"width":1280,"height":696,"size":175042},"thumbnail":{"small":{"filename":"Pegunungan Alps_small.jpg","width":250,"height":136,"size":22456},"medium":{"filename":"Pegunungan Alps_medium.jpg","width":450,"height":245,"size":61032}}}'),
	(39, 'Seljalandsfoss Islandia', 'Seljalandsfoss Islandia', 'Seljalandsfoss merupakan salah satu air terjun yang terletak di Islandia dengan pemandangan yang sangat Indah', 'Seljalandsfoss Islandia', 'Seljalandsfoss Islandia.jpg', 'image/jpeg', 286627, '2021-05-23 21:47:57', 1, '{"default":{"width":1280,"height":774,"size":286627},"thumbnail":{"small":{"filename":"Seljalandsfoss Islandia_small.jpg","width":250,"height":151,"size":27726},"medium":{"filename":"Seljalandsfoss Islandia_medium.jpg","width":450,"height":272,"size":80991}}}'),
	(40, 'Danau Banff Alberta Canada', 'Danau Banff Alberta Canada', 'Danau Banff dengan pemandangan yang mengagumkan ini terletak di provinsi Alberta negara Kanada', 'Danau Banff Alberta Canada', 'Danau Banff Alberta Canada.jpg', 'image/jpeg', 250205, '2021-05-23 21:59:54', 1, '{"default":{"width":1280,"height":862,"size":250205},"thumbnail":{"small":{"filename":"Danau Banff Alberta Canada_small.jpg","width":250,"height":168,"size":27383},"medium":{"filename":"Danau Banff Alberta Canada_medium.jpg","width":450,"height":303,"size":76690}}}'),
	(41, 'Sungai di Lereng Gunung', 'Sungai di Lereng Gunung', 'Sungai dengan view yang indah dan mengagumkan ini diperkirakan terletak di negara Jerman', 'Sungai di Lereng Gunung', 'Sungai Jerman.jpg', 'image/jpeg', 323709, '2021-05-23 22:03:24', 1, '{"default":{"width":1280,"height":854,"size":323709},"thumbnail":{"small":{"filename":"Sungai Jerman_small.jpg","width":250,"height":167,"size":30652},"medium":{"filename":"Sungai Jerman_medium.jpg","width":450,"height":300,"size":90352}}}'),
	(42, 'Pedesaan Lereng Gunung Alpen', 'Pedesaan Lereng Gunung Alpen', 'Pedesaan kecil nan indah dan asri yang terletak di salah satu lereng pegunungan Alpen', 'Pedesaan Lereng Gunung Alpen', 'Pedesaan Alps.jpg', 'image/jpeg', 385485, '2021-05-23 22:07:59', 1, '{"default":{"width":1280,"height":853,"size":385485},"thumbnail":{"small":{"filename":"Pedesaan Alps_small.jpg","width":250,"height":167,"size":33944},"medium":{"filename":"Pedesaan Alps_medium.jpg","width":450,"height":300,"size":101944}}}'),
	(43, 'Hongkong Night City', 'Hongkong Night City', 'Pemandangan salah satu sudut kota hongkong dimalam hari dengan lalulintas yang ramai', 'Hongkong Night City', 'Hongkong Night City.jpg', 'image/jpeg', 296734, '2021-05-23 22:10:41', 1, '{"default":{"width":1280,"height":720,"size":296734},"thumbnail":{"small":{"filename":"Hongkong Night City_small.jpg","width":250,"height":141,"size":30602},"medium":{"filename":"Hongkong Night City_medium.jpg","width":450,"height":253,"size":86859}}}'),
	(44, 'Kota Kuala Lumpur Saat Senja', 'Kota Kuala Lumpur Saat Senja', 'Pemandangan kota Kuala Lumpur, Malaysia di saat senja dimana lampu lampu kota mulai gemerlap', 'Kota Kuala Lumpur Saat Senja', 'Kuala Lumpur.jpg', 'image/jpeg', 303606, '2021-05-23 22:12:26', 1, '{"default":{"width":1280,"height":739,"size":303606},"thumbnail":{"small":{"filename":"Kuala Lumpur_small.jpg","width":250,"height":144,"size":25646},"medium":{"filename":"Kuala Lumpur_medium.jpg","width":450,"height":260,"size":80630}}}'),
	(45, 'Prague Castle Republik Ceko', 'Prague Castle Republik Ceko', 'Pemandangan Prague Castle (Kastil Praga) di Republik Ceko. Tempat tersebut dulu digunakan sebagai tempat raja Romawi  dan sekarang sebagai kantor Presiden Ceko', 'Prague Castle Republik Ceko', 'Prague Castle.jpg', 'image/jpeg', 290161, '2021-05-23 22:14:28', 1, '{"default":{"width":1280,"height":761,"size":290161},"thumbnail":{"small":{"filename":"Prague Castle_small.jpg","width":250,"height":149,"size":27959},"medium":{"filename":"Prague Castle_medium.jpg","width":450,"height":268,"size":81683}}}'),
	(46, 'Venice Canal Italy', 'Venice Canal Italy', 'Grand Canal Venice atau Kanal besar venesia merupakan salah satu koridor lalu lintas air utama di Venesia, Italy', 'Venice Canal Italy', 'Venice Canal Italy.jpg', 'image/jpeg', 268608, '2021-05-23 22:19:27', 1, '{"default":{"width":1280,"height":853,"size":268608},"thumbnail":{"small":{"filename":"Venice Canal Italy_small.jpg","width":250,"height":167,"size":31872},"medium":{"filename":"Venice Canal Italy_medium.jpg","width":450,"height":300,"size":89061}}}'),
	(47, 'Kota Shanghai China', 'Kota Shanghai China', 'Pemandangan kota Shanghai China di malam hari', 'Kota Shanghai China', 'Kota Shanghai China.jpg', 'image/jpeg', 347330, '2021-05-23 22:23:47', 1, '{"default":{"width":1280,"height":853,"size":347330},"thumbnail":{"small":{"filename":"Kota Shanghai China_small.jpg","width":250,"height":167,"size":32169},"medium":{"filename":"Kota Shanghai China_medium.jpg","width":450,"height":300,"size":95212}}}'),
	(48, 'Ain Dubai Kincir Ria', 'Ain Dubai Kincir Ria', 'Ain yang terletak di Dubai yang memiliki tinggi 210 meter menjadikannya kincir ria tertinggi di dunia', 'Ain Dubai Kincir Ria', 'Ain Dubai Ferris Wheel.jpg', 'image/jpeg', 223116, '2021-05-23 22:25:49', 1, '{"default":{"width":1280,"height":853,"size":223116},"thumbnail":{"small":{"filename":"Ain Dubai Ferris Wheel_small.jpg","width":250,"height":167,"size":21239},"medium":{"filename":"Ain Dubai Ferris Wheel_medium.jpg","width":450,"height":300,"size":64075}}}'),
	(49, 'Amsterdam River City', 'Amsterdam River City', 'Salah satu sungai yang membelah kota Amsterdam, Belanda', 'Amsterdam River City', 'Amsterdam River City.jpg', 'image/jpeg', 244960, '2021-05-23 22:33:50', 1, '{"default":{"width":1280,"height":827,"size":244960},"thumbnail":{"small":{"filename":"Amsterdam River City_small.jpg","width":250,"height":162,"size":30431},"medium":{"filename":"Amsterdam River City_medium.jpg","width":450,"height":291,"size":83235}}}'),
	(50, 'Kota Toronto Waktu Malam', 'Kota Toronto Waktu Malam', 'Kota toronto merupakan kota terbesar di Canada dan merupakan ibukota Propinsi Ontario', 'Kota Toronto Waktu Malam', 'Kota Toronto.jpg', 'image/jpeg', 147257, '2021-05-23 22:46:52', 1, '{"default":{"width":1280,"height":960,"size":147257},"thumbnail":{"small":{"filename":"Kota Toronto_small.jpg","width":250,"height":188,"size":18458},"medium":{"filename":"Kota Toronto_medium.jpg","width":450,"height":338,"size":52484}}}'),
	(51, 'Greece Village Karpathos Hill', 'Greece Village Karpathos Hill', 'Salah satu perkampungan nan indah di bukit Karpathos di negara Yunani', 'Greece Village Karpathos Hill', 'Greece Village Karpathos Hill.jpg', 'image/jpeg', 397115, '2021-05-23 22:50:23', 1, '{"default":{"width":1280,"height":853,"size":397115},"thumbnail":{"small":{"filename":"Greece Village Karpathos Hill_small.jpg","width":250,"height":167,"size":39056},"medium":{"filename":"Greece Village Karpathos Hill_medium.jpg","width":450,"height":300,"size":116316}}}'),
	(52, 'Tower Bridge London', 'Tower Bridge London', 'Jembatan yang terletak di London, Inggris ini menggabungkan dua desain jembatan yaitu angkat dan gantung. Jembatan akan terbuka ketika akan dilewati kapal', 'Tower Bridge London', 'Tower Bridge London.jpg', 'image/jpeg', 215409, '2021-05-23 22:57:49', 1, '{"default":{"width":1280,"height":720,"size":215409},"thumbnail":{"small":{"filename":"Tower Bridge London_small.jpg","width":250,"height":141,"size":22831},"medium":{"filename":"Tower Bridge London_medium.jpg","width":450,"height":253,"size":65749}}}'),
	(53, 'HemisfÃƒÆ’Ã‚Â¨ric Calavatra Valencia', 'HemisfÃƒÆ’Ã‚Â¨ric Calavatra Valencia', 'HemisfÃƒÆ’Ã‚Â¨ric merupakan salah satu bangunan yang terletak di Valensia, Spanyol yang merupakan mahakarya dari  arsitek internasional bernama Santiago Calatrava Valls', 'Calavatra Valencia', 'Calavatra Valencia.jpg', 'image/jpeg', 188361, '2021-05-23 23:02:21', 1, '{"default":{"width":1280,"height":853,"size":188361},"thumbnail":{"small":{"filename":"Calavatra Valencia_small.jpg","width":250,"height":167,"size":22943},"medium":{"filename":"Calavatra Valencia_medium.jpg","width":450,"height":300,"size":64084}}}'),
	(54, 'User Manual Admin Template PHP', 'User Manual Admin Template PHP', 'Dokumen yang berisi cara penggunaan aplikasi Admin Template PHP', NULL, 'User Manual Admin Template PHP - Jagowebdev.pdf', 'application/pdf', 2259784, '2021-05-24 20:15:53', 1, '[]'),
	(55, 'Mendesain Form Login Dengan CSS', 'Mendesain Form Login Dengan CSS 3 dan HTML 5', 'Mendesain Form Login Dengan CSS 3 dan HTML 5', NULL, 'Mendesain Form Login.zip', 'application/zip', 731776, '2021-05-25 06:51:29', 1, '[]'),
	(56, '', '', '', NULL, 'Cheat Sheet PHP - Kompilasi.7z', 'application/x-7z-compressed', 454586, '2021-05-25 07:26:28', 1, '[]'),
	(57, 'Mendesain Social Media Button Dengan CSS', 'Mendesain Social Media Button Dengan CSS', 'Mendesain Social Media Button Dengan CSS', NULL, 'Mendesain Social Media Button Dengan CSS.rar', 'application/x-rar', 65578, '2021-05-25 20:32:01', 1, '[]');

-- Dumping structure for table admin_template.gallery
CREATE TABLE IF NOT EXISTS `gallery` (
  `id_gallery` smallint(5) unsigned NOT NULL AUTO_INCREMENT,
  `id_gallery_kategori` smallint(5) unsigned DEFAULT NULL,
  `id_file_picker` int(10) unsigned DEFAULT NULL,
  `urut` smallint(5) unsigned DEFAULT NULL,
  `id_user_input` int(10) unsigned DEFAULT NULL,
  `tgl_input` datetime DEFAULT current_timestamp(),
  `id_user_update` int(10) unsigned DEFAULT NULL,
  `tgl_update` datetime DEFAULT NULL,
  PRIMARY KEY (`id_gallery`) USING BTREE
) ENGINE=InnoDB AUTO_INCREMENT=54 DEFAULT CHARSET=utf8mb4;

-- Dumping data for table admin_template.gallery: ~51 rows (approximately)
INSERT INTO `gallery` (`id_gallery`, `id_gallery_kategori`, `id_file_picker`, `urut`, `id_user_input`, `tgl_input`, `id_user_update`, `tgl_update`) VALUES
	(1, 1, 3, 2, 1, '2021-05-23 17:35:01', NULL, NULL),
	(2, 1, 7, 11, 1, '2021-05-23 18:27:55', NULL, NULL),
	(3, 1, 5, 10, 1, '2021-05-23 18:27:59', NULL, NULL),
	(4, 1, 4, 9, 1, '2021-05-23 18:28:03', NULL, NULL),
	(5, 1, 2, 7, 1, '2021-05-23 18:28:08', NULL, NULL),
	(6, 1, 6, 8, 1, '2021-05-23 18:28:12', NULL, NULL),
	(7, 1, 1, 6, 1, '2021-05-23 18:28:15', NULL, NULL),
	(8, 1, 11, 1, 1, '2021-05-23 20:17:52', NULL, NULL),
	(9, 1, 10, 5, 1, '2021-05-23 20:17:58', NULL, NULL),
	(10, 1, 8, 3, 1, '2021-05-23 20:18:12', NULL, NULL),
	(11, 1, 9, 4, 1, '2021-05-23 20:18:18', NULL, NULL),
	(12, 2, 12, 11, 1, '2021-05-23 20:29:56', NULL, NULL),
	(13, 2, 13, 10, 1, '2021-05-23 20:30:01', NULL, NULL),
	(14, 2, 14, 9, 1, '2021-05-23 20:30:11', NULL, NULL),
	(15, 2, 15, 8, 1, '2021-05-23 20:30:34', NULL, NULL),
	(16, 2, 16, 7, 1, '2021-05-23 20:30:37', NULL, NULL),
	(17, 2, 17, 6, 1, '2021-05-23 20:34:26', NULL, NULL),
	(18, 2, 18, 5, 1, '2021-05-23 20:36:24', NULL, NULL),
	(19, 2, 20, 4, 1, '2021-05-23 20:40:10', NULL, NULL),
	(20, 2, 19, 3, 1, '2021-05-23 20:40:14', NULL, NULL),
	(21, 2, 21, 2, 1, '2021-05-23 20:42:12', NULL, NULL),
	(22, 2, 22, 1, 1, '2021-05-23 20:43:55', NULL, NULL),
	(23, 3, 23, 7, 1, '2021-05-23 20:50:17', NULL, NULL),
	(24, 3, 24, 6, 1, '2021-05-23 20:50:20', NULL, NULL),
	(25, 3, 25, 5, 1, '2021-05-23 20:52:02', NULL, NULL),
	(26, 3, 26, 4, 1, '2021-05-23 20:53:57', NULL, NULL),
	(27, 3, 27, 1, 1, '2021-05-23 20:55:49', NULL, NULL),
	(28, 3, 29, 3, 1, '2021-05-23 21:04:30', NULL, NULL),
	(29, 3, 28, 2, 1, '2021-05-23 21:04:34', NULL, NULL),
	(30, 4, 33, 12, 1, '2021-05-23 21:20:52', NULL, NULL),
	(31, 4, 32, 11, 1, '2021-05-23 21:20:55', NULL, NULL),
	(32, 4, 31, 9, 1, '2021-05-23 21:20:58', NULL, NULL),
	(33, 4, 30, 8, 1, '2021-05-23 21:21:00', NULL, NULL),
	(35, 4, 34, 1, 1, '2021-05-23 21:30:47', NULL, NULL),
	(36, 4, 35, 7, 1, '2021-05-23 21:30:51', NULL, NULL),
	(37, 4, 36, 6, 1, '2021-05-23 21:36:05', NULL, NULL),
	(38, 4, 37, 4, 1, '2021-05-23 21:39:41', NULL, NULL),
	(39, 4, 38, 5, 1, '2021-05-23 21:43:37', NULL, NULL),
	(40, 4, 39, 3, 1, '2021-05-23 21:48:52', NULL, NULL),
	(41, 4, 41, 10, 1, '2021-05-23 22:04:12', NULL, NULL),
	(42, 4, 40, 2, 1, '2021-05-23 22:04:20', NULL, NULL),
	(44, 5, 44, 10, 1, '2021-05-23 22:13:22', NULL, NULL),
	(45, 5, 45, 9, 1, '2021-05-23 22:16:58', NULL, NULL),
	(46, 5, 46, 8, 1, '2021-05-23 22:20:59', NULL, NULL),
	(47, 5, 47, 7, 1, '2021-05-23 22:24:17', NULL, NULL),
	(48, 5, 48, 6, 1, '2021-05-23 22:27:53', NULL, NULL),
	(49, 5, 49, 5, 1, '2021-05-23 22:34:51', NULL, NULL),
	(50, 5, 50, 4, 1, '2021-05-23 22:47:53', NULL, NULL),
	(51, 5, 51, 1, 1, '2021-05-23 22:51:50', NULL, NULL),
	(52, 5, 52, 3, 1, '2021-05-23 22:59:41', NULL, NULL),
	(53, 5, 53, 2, 1, '2021-05-23 23:05:45', NULL, NULL);

-- Dumping structure for table admin_template.gallery_kategori
CREATE TABLE IF NOT EXISTS `gallery_kategori` (
  `id_gallery_kategori` smallint(5) unsigned NOT NULL AUTO_INCREMENT,
  `judul_kategori` varchar(255) DEFAULT NULL,
  `deskripsi` text DEFAULT NULL,
  `urut` smallint(5) unsigned DEFAULT NULL,
  `aktif` enum('Y','N') DEFAULT 'Y',
  `layout` enum('grid','masonry') DEFAULT 'grid',
  `id_user_create` int(10) unsigned DEFAULT NULL,
  `tgl_create` datetime DEFAULT current_timestamp(),
  `id_user_update` int(11) DEFAULT NULL,
  `tgl_update` datetime DEFAULT NULL,
  PRIMARY KEY (`id_gallery_kategori`) USING BTREE
) ENGINE=InnoDB AUTO_INCREMENT=6 DEFAULT CHARSET=utf8mb4;

-- Dumping data for table admin_template.gallery_kategori: ~5 rows (approximately)
INSERT INTO `gallery_kategori` (`id_gallery_kategori`, `judul_kategori`, `deskripsi`, `urut`, `aktif`, `layout`, `id_user_create`, `tgl_create`, `id_user_update`, `tgl_update`) VALUES
	(1, 'Flora dan Fauna', '<p>Beberapa contoh gallery gambar flora dan fauna mulai dari serangga kecil hingga hewan buas</p>', 4, 'N', 'grid', 1, '2021-05-23 16:44:24', NULL, NULL),
	(2, 'Hotel', '<p>Gallery gambar hotel lengkap dengan gambaran interior, sarana dan prsarana, serta suasana disekitarnya</p>', 5, 'N', 'masonry', 1, '2021-05-23 20:21:39', NULL, NULL),
	(3, 'Buah Buahan', '<p>Berbagai gallery gambar buah buahan pilihan yang membuat suasana menjadi lebih segar</p>', 2, 'Y', 'grid', 1, '2021-05-23 20:44:59', NULL, NULL),
	(4, 'Lanscape', '<p>Berbagai macam pemandangan alam mulai dari pegunungan hingga laut dalam</p>', 3, 'Y', 'masonry', 1, '2021-05-23 21:06:12', 1, '2022-06-26 16:20:27'),
	(5, 'Bautifull City', '<p>Pemandangan indah berbagai kota di berbagai belahan dunia</p>', 1, 'Y', 'masonry', 1, '2021-05-23 22:05:37', 1, '2021-05-23 23:06:31');

-- Dumping structure for table admin_template.kategori
CREATE TABLE IF NOT EXISTS `kategori` (
  `id_kategori` smallint(5) unsigned NOT NULL AUTO_INCREMENT,
  `judul_kategori` varchar(255) NOT NULL,
  PRIMARY KEY (`id_kategori`)
) ENGINE=InnoDB AUTO_INCREMENT=4 DEFAULT CHARSET=utf8mb4;

-- Dumping data for table admin_template.kategori: ~3 rows (approximately)
INSERT INTO `kategori` (`id_kategori`, `judul_kategori`) VALUES
	(1, 'PHP Tutorial'),
	(2, 'MySQL Tutorial'),
	(3, 'Web Development');

-- Dumping structure for table admin_template.mahasiswa
CREATE TABLE IF NOT EXISTS `mahasiswa` (
  `id_mahasiswa` int(11) unsigned NOT NULL AUTO_INCREMENT,
  `nama` varchar(255) DEFAULT NULL,
  `email` char(255) DEFAULT NULL,
  `npm` varchar(255) DEFAULT NULL,
  `tempat_lahir` varchar(255) DEFAULT NULL,
  `tgl_lahir` date DEFAULT NULL,
  `prodi` varchar(255) DEFAULT NULL,
  `fakultas` varchar(255) DEFAULT NULL,
  `alamat` varchar(255) DEFAULT NULL,
  `id_wilayah_kelurahan` int(11) DEFAULT NULL,
  `foto` varchar(50) DEFAULT NULL,
  `qrcode_text` varchar(255) DEFAULT NULL,
  `tgl_input` date DEFAULT NULL,
  `id_user_input` mediumint(8) unsigned DEFAULT NULL,
  `tgl_edit` date DEFAULT NULL,
  `id_user_edit` mediumint(8) unsigned DEFAULT NULL,
  PRIMARY KEY (`id_mahasiswa`) USING BTREE,
  UNIQUE KEY `email` (`email`) USING BTREE
) ENGINE=InnoDB AUTO_INCREMENT=18 DEFAULT CHARSET=utf8mb4 ROW_FORMAT=DYNAMIC;

-- Dumping data for table admin_template.mahasiswa: ~17 rows (approximately)
INSERT INTO `mahasiswa` (`id_mahasiswa`, `nama`, `email`, `npm`, `tempat_lahir`, `tgl_lahir`, `prodi`, `fakultas`, `alamat`, `id_wilayah_kelurahan`, `foto`, `qrcode_text`, `tgl_input`, `id_user_input`, `tgl_edit`, `id_user_edit`) VALUES
	(1, 'Wicaksono Catur', 'wicaksono.catur@yopmail.com', '55555', 'Solo', '1998-03-11', 'Sistem Informasi Modern', 'Teknik Informatika', 'Jl. Kencur No. 19, Sukoharjo', 38455, 'Wicaksono Catur.png', NULL, '2020-03-28', 1, '2022-06-26', 1),
	(2, 'Dinda Ayuninda', 'dinda.ayuninda@yopmail.com', '222222', 'Semarang', '1999-10-10', 'Sistem Informasi Modern', 'Teknik Informatika', 'Jl. Pemuda, No. 02, Semarang', 37955, 'Dinda Ayuninda.png', NULL, '2020-11-15', 1, '2021-12-19', 1),
	(3, 'Sony Haryanto', 'sony.haryanto@yopmail.com', '22222', 'Surabaya', '1997-02-01', 'Sistem Perangkat Lunak', 'Teknik Informatika', 'Jl. Kenanga No, 137, Surabaya', 48816, 'Sony Haryanto.png', NULL, '2020-11-15', 1, '2021-12-19', 1),
	(4, 'Budi Kurniawan', 'budi.kurniawan@yopmail.com', '77777', 'Jakarta', '2000-07-05', 'Desain Kreatif', 'Desain Komunikasi Visual', 'Jl. Anggrek No. 09, Jakarta', 25313, 'Budi Kurniawan.png', NULL, '2020-11-15', 1, '2021-12-19', 1),
	(5, 'Santi Anggraeni', 'santi.anggraeni@yopmail.com', '11111', 'Medan', '2001-02-01', 'Desain Kreatif', 'Desain Komunikasi Visual', 'Jl. Tori No. 19, Medan', 12222, 'Santi Anggraeni.png', NULL, '2020-11-15', 1, '2021-12-19', 1),
	(6, 'Bima Siregar', 'bima.siregar@yopmail.com', '12345', 'Medan', '2002-07-05', 'Desain Kreatif', 'Desain Komunikasi Visual', 'Jl. Delima N0.07 Medan', 12211, 'Bima Siregar.png', NULL, '2020-11-15', 1, '2021-12-19', 1),
	(7, 'Intan Nurwiyati', 'intan.nurwiyati@yopmail.com', '12345', 'Semarang', '2001-03-12', 'Sistem Informasi Modern', 'Teknik Informatika', 'Jl. Imam Bonjol No. 72, Semarang', 39787, 'Intan Nurwiyati.png', NULL, '2020-11-15', 2, '2021-12-19', 1),
	(8, 'Tendi Anshori', 'tendi.anshori@yopmail.com', '12345', 'Banyuwangi', '2001-08-06', 'Desain Kreatif', 'Desain Komunikasi Visual', 'Jl. Semarak No. 03, Banyuwangi', 40746, 'Tendi Anshori.png', NULL, '2020-11-15', 2, '2022-06-04', 1),
	(9, 'Anton Junaedi', 'anton.junaedi@yopmail.com', '12345', 'Serang', '2000-05-22', 'Desain Kreatif', 'Desain Komunikasi Visual', 'Jl. Sidorang No. 15, Serang', 50304, 'Anton Junaedi.png', NULL, '2020-11-15', 1, '2021-12-19', 1),
	(10, 'Ahmad Basuki', 'ahmad.basuki@yopmail.com', '55555', 'Surakarta', '2000-03-10', 'Sistem Informasi Modern', 'Teknik Informatika', 'Jl. Bendar No. 77, Surakarta', 39945, 'Ahmad Basuki.png', NULL, '2020-11-15', 2, '2022-06-26', 1),
	(11, 'Dinda Fitrianti', 'dinda.fitrianti@yopmail.com', '12345', 'Jakarta', '2001-03-03', 'Desain Kreatif', 'Desain Komunikasi Visual', 'Jl. P. Diponegoro No. 01, Jakarta', 25426, 'Dinda Fitrianti.png', NULL, '2020-11-15', 2, '2021-12-19', 1),
	(12, 'Ahmad Fathoni', 'ahmad.fathoni@yopmail.com', '234545', 'Jember', '2000-07-04', 'Sistem Informasi Modern', 'Teknik Informatika', 'Jl. Ahmad Dahlan No. 03, Jember', 42218, 'Ahmad Fathoni.png', NULL, '2020-11-15', 1, '2022-06-26', 1),
	(13, 'Boni Simanjuntak', 'boni.simanjuntak@yopmail.com', '55555', 'Semarang', '2000-07-05', 'Desain Kreatif', 'Desain Komunikasi Visual', 'Jl. Bistamar No. 33, Semarang', 39765, 'Boni Simanjuntak.png', NULL, '2020-11-15', 2, '2021-12-19', 1),
	(14, 'Tanti Irawati', 'tanti.irawati@yopmail.com', '22233', 'Sukoharjo', '2000-09-05', 'Desain Kreatif', 'Desain Komunikasi Visual', 'Jl. Bersinar No. 77, Sukoharjo', 38396, 'Tanti Irawati.png', NULL, '2020-11-15', 1, '2021-12-19', 1),
	(15, 'Dendi Suandi', 'dendi.suandi@yopmail.com', '33554', 'Jakarta', '2000-11-25', 'Desain Kreatif', 'Desain Komunikasi Visual', 'Jl. Semanggi No. 10, Jakarta', 25254, 'Dendi Suandi.png', NULL, '2020-11-15', 1, '2021-12-19', 1),
	(16, 'Fransisco Brian', 'fransisco.brian@yopmail.com', '333445', 'Medan', '2000-04-04', 'Sistem Informasi Modern', 'Teknik Informatika', 'Jl. Sinapan No. 117, Medan', 12213, 'Fransisco Brian.png', NULL, '2020-11-21', 1, '2022-06-26', 1),
	(17, 'Budi Susanto', 'budi.susanto@yopmail.com', '44332', 'Jakarta', '2001-02-01', 'Desain Kreatif', 'Desain Komunikasi Visual', 'Jl. Tentara Pelajar No. 13, Jakarta', 25413, 'Budi Susanto.png', NULL, '2020-11-21', 1, '2021-12-19', 1);

-- Dumping structure for table admin_template.menu
CREATE TABLE IF NOT EXISTS `menu` (
  `id_menu` smallint(5) unsigned NOT NULL AUTO_INCREMENT,
  `nama_menu` varchar(50) NOT NULL,
  `id_menu_kategori` int(10) unsigned NOT NULL,
  `class` varchar(50) DEFAULT NULL,
  `url` varchar(50) DEFAULT NULL,
  `id_module` smallint(5) unsigned DEFAULT NULL,
  `id_parent` smallint(5) unsigned DEFAULT NULL,
  `aktif` tinyint(1) NOT NULL DEFAULT 1,
  `new` tinyint(1) NOT NULL DEFAULT 0,
  `urut` tinyint(1) NOT NULL DEFAULT 0,
  PRIMARY KEY (`id_menu`) USING BTREE,
  KEY `menu_module` (`id_module`) USING BTREE
) ENGINE=InnoDB AUTO_INCREMENT=39 DEFAULT CHARSET=latin1 ROW_FORMAT=COMPACT COMMENT='Tabel menu aplikasi';

-- Dumping data for table admin_template.menu: ~38 rows (approximately)
INSERT INTO `menu` (`id_menu`, `nama_menu`, `id_menu_kategori`, `class`, `url`, `id_module`, `id_parent`, `aktif`, `new`, `urut`) VALUES
	(1, 'User', 1, 'fas fa-users', 'user', 5, 8, 1, 0, 1),
	(2, 'Assign Role', 1, 'fas fa-link', '#', 0, 8, 1, 0, 5),
	(3, 'User Role', 1, 'fas fa-user-tag', 'user-role', 7, 2, 1, 0, 1),
	(4, 'Module', 1, 'fas fa-network-wired', 'module', 2, 8, 1, 0, 2),
	(5, 'Module Role', 1, 'fas fa-desktop', 'module-role', 3, 2, 1, 0, 2),
	(6, 'Menu', 1, 'fas fa-clone', 'menu', 1, 8, 1, 0, 4),
	(7, 'Menu Role', 1, 'fas fa-folder-minus', 'menu-role', 8, 2, 1, 0, 3),
	(8, 'Aplikasi', 1, 'fas fa-globe', '#', 1, 0, 1, 0, 1),
	(9, 'Role', 1, 'fas fa-briefcase', 'role', 4, 8, 1, 0, 3),
	(10, 'Setting Aplikasi', 1, 'fas fa-cog', 'setting-app', 16, 36, 1, 0, 1),
	(11, 'Setting Layout', 1, 'fas fa-brush', 'setting-layout', 15, 36, 1, 0, 2),
	(12, 'Forms - CRUD', 2, 'fab fa-wpforms', 'input-dinamis', 0, NULL, 1, 0, 1),
	(13, 'Input Dinamis', 2, 'fab fa-wpforms', 'input-dinamis?action=add', 22, 12, 1, 0, 1),
	(14, 'Multiple File Upload', 2, 'fas fa-file-upload', 'multiple-fileupload?action=edit&id=1', 26, 12, 1, 0, 3),
	(15, 'Options Dinamis', 2, 'fas fa-caret-square-down', 'options-dinamis?action=edit&id=1', 21, 12, 1, 0, 2),
	(16, 'Image Upload', 2, 'fas fa-image', 'image-upload?action=edit&id=1', 9, 12, 1, 0, 4),
	(17, 'Data Tables', 2, 'fas fa-table', 'datatables', 27, NULL, 1, 0, 4),
	(18, 'Data Tables (Ajax)', 2, 'fas fa-database', 'datatables-ajax', 28, NULL, 1, 0, 5),
	(19, 'Produk', 2, 'fas fa-shopping-bag', 'produk', 30, NULL, 1, 0, 6),
	(20, 'Smart Upload Excel', 2, 'fas fa-file-upload', 'uploadexcel', 31, NULL, 1, 0, 7),
	(21, 'Smart Download Excel', 2, 'fas fa-file-download', 'downloadexcel', 32, NULL, 1, 0, 8),
	(22, 'PDF & Kirim Email', 3, 'fab fa-telegram-plane', 'pdfkirimemail', 34, NULL, 1, 0, 2),
	(23, 'Setting Registrasi', 1, 'fas fa-user-plus', 'setting-registrasi', 38, 36, 1, 0, 3),
	(24, 'Chart.js', 3, 'fas fa-chart-area', 'chartjs', 40, 26, 1, 0, 1),
	(25, 'ApexCharts', 3, 'fas fa-chart-pie', 'apexcharts', 41, 26, 1, 0, 2),
	(26, 'Charts', 3, 'far fa-chart-bar', 'chartjs', 40, NULL, 1, 0, 1),
	(27, 'ECharts', 3, 'fas fa-chart-line', 'echarts', 42, 26, 1, 0, 3),
	(28, 'Filepicker & Upload', 2, 'far fa-folder', '#', NULL, NULL, 1, 0, 3),
	(29, 'File Picker Manager', 2, 'far fa-file', 'filepicker', 45, 28, 1, 0, 1),
	(30, 'Gallery Drag n Drop', 2, 'far fa-images', 'gallery', 43, NULL, 1, 0, 2),
	(31, 'Artikel', 2, 'far fa-file-alt', 'artikel', 44, 28, 1, 0, 2),
	(32, 'Stream Download', 4, 'fas fa-cloud-download-alt', 'filedownload', 46, NULL, 1, 0, 1),
	(33, 'Eksternal URL', 4, 'fas fa-external-link-alt', 'https://jagowebdev.com', NULL, NULL, 1, 0, 3),
	(34, 'Chained Dropdown', 2, 'far fa-caret-square-down', 'chained-dropdown', 48, 12, 1, 0, 5),
	(35, 'Form Ajax', 2, 'fab fa-wpforms', 'form-ajax', 49, 12, 1, 0, 6),
	(36, 'Setting', 1, 'fas fa-cogs', '#', NULL, NULL, 1, 0, 2),
	(37, 'Dashboard', 5, 'fas fa-tachometer-alt', 'dashboard', 52, NULL, 1, 0, 0),
	(38, 'Tanpa Login', 4, 'fas fa-globe', 'tanpalogin', 53, NULL, 1, 0, 2);

-- Dumping structure for table admin_template.menu_kategori
CREATE TABLE IF NOT EXISTS `menu_kategori` (
  `id_menu_kategori` int(10) unsigned NOT NULL AUTO_INCREMENT,
  `nama_kategori` varchar(255) DEFAULT NULL,
  `deskripsi` varchar(255) DEFAULT NULL,
  `aktif` enum('Y','N') DEFAULT NULL,
  `show_title` enum('Y','N') DEFAULT NULL,
  `urut` tinyint(3) unsigned DEFAULT NULL,
  PRIMARY KEY (`id_menu_kategori`)
) ENGINE=InnoDB AUTO_INCREMENT=6 DEFAULT CHARSET=utf8mb4;

-- Dumping data for table admin_template.menu_kategori: ~5 rows (approximately)
INSERT INTO `menu_kategori` (`id_menu_kategori`, `nama_kategori`, `deskripsi`, `aktif`, `show_title`, `urut`) VALUES
	(1, 'Aplikasi', 'Menu pengaturan aplikasi', 'Y', 'Y', 2),
	(2, 'Form & Tabel', 'Berbagai implementasi Form HTML dan Tabel', 'Y', 'Y', 3),
	(3, 'Chart & PDF', 'Menampilkan data dalam bentuk chart dan ekspor PDF', 'Y', 'Y', 4),
	(4, 'Lainnya', '', 'Y', 'Y', 5),
	(5, 'Dashboard', 'Multipurpose dashboard', 'Y', 'Y', 1);

-- Dumping structure for table admin_template.menu_role
CREATE TABLE IF NOT EXISTS `menu_role` (
  `id_menu` smallint(5) unsigned NOT NULL,
  `id_role` smallint(5) unsigned NOT NULL,
  KEY `module_role_module` (`id_menu`),
  KEY `module_role_role` (`id_role`),
  CONSTRAINT `menu_role_menu` FOREIGN KEY (`id_menu`) REFERENCES `menu` (`id_menu`) ON DELETE CASCADE ON UPDATE CASCADE,
  CONSTRAINT `menu_role_role` FOREIGN KEY (`id_role`) REFERENCES `role` (`id_role`) ON DELETE CASCADE ON UPDATE CASCADE
) ENGINE=InnoDB DEFAULT CHARSET=latin1 ROW_FORMAT=COMPACT COMMENT='Tabel hak akses dari menu aplikasi';

-- Dumping data for table admin_template.menu_role: ~46 rows (approximately)
INSERT INTO `menu_role` (`id_menu`, `id_role`) VALUES
	(5, 1),
	(2, 1),
	(3, 1),
	(4, 1),
	(1, 1),
	(1, 2),
	(7, 1),
	(9, 1),
	(10, 1),
	(11, 1),
	(12, 1),
	(13, 1),
	(14, 1),
	(15, 1),
	(16, 1),
	(17, 1),
	(17, 2),
	(18, 1),
	(18, 2),
	(20, 1),
	(21, 1),
	(22, 1),
	(11, 2),
	(24, 1),
	(25, 1),
	(26, 1),
	(28, 1),
	(29, 1),
	(30, 1),
	(31, 1),
	(33, 1),
	(34, 1),
	(35, 1),
	(32, 1),
	(19, 1),
	(19, 3),
	(23, 1),
	(26, 2),
	(27, 1),
	(6, 1),
	(36, 1),
	(38, 1),
	(38, 2),
	(37, 1),
	(8, 1),
	(8, 2);

-- Dumping structure for table admin_template.module
CREATE TABLE IF NOT EXISTS `module` (
  `id_module` smallint(5) unsigned NOT NULL AUTO_INCREMENT,
  `nama_module` varchar(50) DEFAULT NULL,
  `judul_module` varchar(50) DEFAULT NULL,
  `id_module_status` tinyint(1) DEFAULT NULL,
  `login` enum('Y','N','R') NOT NULL DEFAULT 'Y',
  `deskripsi` varchar(50) DEFAULT NULL,
  PRIMARY KEY (`id_module`),
  UNIQUE KEY `module_nama` (`nama_module`),
  KEY `module_module_status` (`id_module_status`)
) ENGINE=InnoDB AUTO_INCREMENT=54 DEFAULT CHARSET=latin1 ROW_FORMAT=DYNAMIC COMMENT='Tabel modul aplikasi';

-- Dumping data for table admin_template.module: ~38 rows (approximately)
INSERT INTO `module` (`id_module`, `nama_module`, `judul_module`, `id_module_status`, `login`, `deskripsi`) VALUES
	(1, 'menu', 'Menu Manager', 1, 'Y', 'Administrasi Menu'),
	(2, 'module', 'Module Manager', 1, 'Y', 'Pengaturan Module'),
	(3, 'module-role', 'Assign Role ke Module', 1, 'Y', 'Assign Role ke Module'),
	(4, 'role', 'Role Manager', 1, 'Y', 'Pengaturan Role'),
	(5, 'user', 'User Manager', 1, 'Y', 'Pengaturan user'),
	(6, 'login', 'Login', 1, 'R', 'Login ke akun Anda'),
	(7, 'user-role', 'Assign Role ke User', 1, 'Y', 'Assign role ke user'),
	(8, 'menu-role', 'Menu - Role', 1, 'Y', 'Assign role ke menu'),
	(9, 'image-upload', 'Image Upload', 1, 'Y', 'Image Upload'),
	(15, 'setting-layout', 'Setting Layout', 1, 'Y', 'Setting Layout'),
	(16, 'setting-app', 'Setting Aplikasi', 1, 'Y', 'Pengaturan website seperti nama web, logo, dll'),
	(21, 'options-dinamis', 'Options Dinamis', 1, 'Y', 'Options Dinamis'),
	(22, 'input-dinamis', 'Input Dinamis', 1, 'Y', 'Input Dinamis'),
	(25, 'home', 'Home', 1, 'Y', 'Home'),
	(26, 'multiple-fileupload', 'Multiple File Upload', 1, 'Y', 'Multiple File Upload'),
	(27, 'datatables', 'Data Tables', 1, 'Y', 'Data Tables'),
	(28, 'datatables-ajax', 'Data Tables Ajax', 1, 'Y', 'Data Tables Ajax'),
	(30, 'produk', 'Produk', 1, 'Y', 'Produk'),
	(31, 'uploadexcel', 'Upload Excel', 1, 'Y', 'Upload Excel'),
	(32, 'downloadexcel', 'Download Excel', 1, 'Y', 'Download Excel'),
	(33, 'multitabform', 'Multitab Form', 1, 'Y', 'Multitab Form'),
	(34, 'pdfkirimemail', 'PDF & Kirim Email', 1, 'Y', 'PDF & Kirim Email'),
	(35, 'register', 'Register', 1, 'R', 'Register'),
	(36, 'recovery', 'Reset Password', 1, 'R', 'Reset Password'),
	(37, 'resendlink', 'Resend Link Aktivasi', 1, 'R', 'Resend Link Aktivasi'),
	(38, 'setting-registrasi', 'Setting Registrasi', 1, 'Y', 'Setting Registrasi'),
	(40, 'chartjs', 'ChartJs', 1, 'Y', 'ChartJs'),
	(41, 'apexcharts', 'Apex Charts', 1, 'Y', 'Apex Charts'),
	(42, 'echarts', 'Echarts', 1, 'Y', 'Echarts'),
	(43, 'gallery', 'Gallery', 1, 'Y', 'Gallery Manager'),
	(44, 'artikel', 'Artikel', 1, 'Y', 'Artikel Manajer'),
	(45, 'filepicker', 'File Picker', 1, 'Y', 'File Picker Manajer'),
	(46, 'filedownload', 'File Download', 1, 'Y', 'File Download'),
	(47, 'wilayah', 'Wilayah', 1, 'Y', 'Wilayah'),
	(48, 'chained-dropdown', 'Chained Dropdown', 1, 'Y', 'Chained Dropdown'),
	(49, 'form-ajax', 'Form Ajax', 1, 'Y', 'Form Ajax'),
	(52, 'dashboard', 'Dashboard', 1, 'Y', 'Dashboard'),
	(53, 'tanpalogin', 'Tanpa Login', 1, 'N', 'Tanpa Login');

-- Dumping structure for table admin_template.module_role
CREATE TABLE IF NOT EXISTS `module_role` (
  `id_module` smallint(5) unsigned NOT NULL,
  `id_role` smallint(5) unsigned NOT NULL,
  `read_data` varchar(255) NOT NULL DEFAULT '',
  `create_data` varchar(255) NOT NULL DEFAULT '',
  `update_data` varchar(255) NOT NULL DEFAULT '',
  `delete_data` varchar(255) NOT NULL DEFAULT '',
  PRIMARY KEY (`id_module`,`id_role`),
  KEY `module_role_module` (`id_module`),
  KEY `module_role_role` (`id_role`),
  CONSTRAINT `module_role_module` FOREIGN KEY (`id_module`) REFERENCES `module` (`id_module`) ON DELETE CASCADE ON UPDATE CASCADE,
  CONSTRAINT `module_role_role` FOREIGN KEY (`id_role`) REFERENCES `role` (`id_role`) ON DELETE CASCADE ON UPDATE CASCADE
) ENGINE=InnoDB DEFAULT CHARSET=latin1 ROW_FORMAT=DYNAMIC COMMENT='Tabel hak akses module aplikasi, module aplikasi boleh diakses oleh user yang mempunyai role apa saja';

-- Dumping data for table admin_template.module_role: ~42 rows (approximately)
INSERT INTO `module_role` (`id_module`, `id_role`, `read_data`, `create_data`, `update_data`, `delete_data`) VALUES
	(1, 1, 'all', 'yes', 'all', 'all'),
	(2, 1, 'all', 'yes', 'all', 'all'),
	(3, 1, 'all', 'yes', 'all', 'all'),
	(4, 1, 'all', 'yes', 'all', 'all'),
	(5, 1, 'all', 'yes', 'all', 'all'),
	(5, 2, 'own', 'no', 'own', 'no'),
	(7, 1, 'all', 'yes', 'all', 'all'),
	(8, 1, 'all', 'yes', 'all', 'all'),
	(9, 1, 'all', 'yes', 'all', 'all'),
	(15, 1, 'all', 'yes', 'all', 'all'),
	(16, 1, 'all', 'yes', 'all', 'all'),
	(21, 1, 'all', 'yes', 'all', 'all'),
	(22, 1, 'all', 'yes', 'all', 'all'),
	(25, 1, 'all', 'yes', 'all', 'all'),
	(25, 2, 'all', 'yes', 'all', 'all'),
	(26, 1, 'all', 'yes', 'all', 'all'),
	(27, 1, 'all', 'yes', 'all', 'all'),
	(27, 2, 'own', 'yes', 'own', 'own'),
	(28, 1, 'all', 'yes', 'all', 'all'),
	(28, 2, 'own', 'yes', 'own', 'own'),
	(30, 1, 'all', 'yes', 'all', 'all'),
	(30, 2, 'own', 'yes', 'own', 'own'),
	(31, 1, 'all', 'yes', 'all', 'all'),
	(32, 1, 'all', 'yes', 'all', 'all'),
	(33, 1, 'all', 'yes', 'all', 'all'),
	(34, 1, 'all', 'yes', 'all', 'all'),
	(38, 1, 'all', 'yes', 'all', 'all'),
	(40, 1, 'all', 'yes', 'all', 'all'),
	(41, 1, 'all', 'yes', 'all', 'all'),
	(42, 1, 'all', 'yes', 'all', 'all'),
	(43, 1, 'all', 'yes', 'all', 'all'),
	(44, 1, 'all', 'yes', 'all', 'all'),
	(45, 1, 'all', 'yes', 'all', 'all'),
	(46, 1, 'all', 'yes', 'all', 'all'),
	(47, 1, 'all', 'yes', 'all', 'all'),
	(47, 2, 'all', 'yes', 'all', 'all'),
	(47, 3, 'all', 'yes', 'all', 'all'),
	(48, 1, 'all', 'yes', 'all', 'all'),
	(49, 1, 'all', 'yes', 'all', 'all'),
	(52, 1, 'all', 'yes', 'all', 'all'),
	(53, 1, 'all', 'yes', 'all', 'all'),
	(53, 2, 'all', 'yes', 'all', 'all');

-- Dumping structure for table admin_template.module_status
CREATE TABLE IF NOT EXISTS `module_status` (
  `id_module_status` tinyint(1) NOT NULL AUTO_INCREMENT,
  `nama_status` varchar(50) DEFAULT NULL,
  `keterangan` varchar(255) DEFAULT NULL,
  PRIMARY KEY (`id_module_status`)
) ENGINE=InnoDB AUTO_INCREMENT=4 DEFAULT CHARSET=latin1 ROW_FORMAT=DYNAMIC COMMENT='Tabel status modul, seperti: aktif, non aktif, dalam perbaikan';

-- Dumping data for table admin_template.module_status: ~3 rows (approximately)
INSERT INTO `module_status` (`id_module_status`, `nama_status`, `keterangan`) VALUES
	(1, 'Aktif', NULL),
	(2, 'Dalam Perbaikan', 'Hanya role developer yang dapat mengakses module dengan status ini'),
	(3, 'Non Aktif', NULL);

-- Dumping structure for table admin_template.penanggung_jawab
CREATE TABLE IF NOT EXISTS `penanggung_jawab` (
  `id_penanggung_jawab` int(11) NOT NULL AUTO_INCREMENT,
  `nama_penanggung_jawab` varchar(255) DEFAULT NULL,
  PRIMARY KEY (`id_penanggung_jawab`) USING BTREE,
  UNIQUE KEY `nama_penanggung_jawab` (`nama_penanggung_jawab`)
) ENGINE=InnoDB AUTO_INCREMENT=5 DEFAULT CHARSET=utf8mb4;

-- Dumping data for table admin_template.penanggung_jawab: ~4 rows (approximately)
INSERT INTO `penanggung_jawab` (`id_penanggung_jawab`, `nama_penanggung_jawab`) VALUES
	(2, 'Dibyo'),
	(3, 'Peni'),
	(1, 'Putra'),
	(4, 'Suryo');

-- Dumping structure for table admin_template.penghadap
CREATE TABLE IF NOT EXISTS `penghadap` (
  `id_penghadap` int(11) unsigned NOT NULL AUTO_INCREMENT,
  `jenis_kelamin` enum('L','P') NOT NULL DEFAULT 'L',
  `gelar_depan` varchar(50) DEFAULT NULL,
  `nama_penghadap` varchar(255) DEFAULT NULL,
  `gelar_belakang` varchar(50) DEFAULT NULL,
  `tempat_lahir` varchar(255) DEFAULT NULL,
  `tanggal_lahir` date DEFAULT NULL,
  `alamat` text DEFAULT NULL,
  PRIMARY KEY (`id_penghadap`) USING BTREE
) ENGINE=InnoDB AUTO_INCREMENT=5 DEFAULT CHARSET=utf8mb4;

-- Dumping data for table admin_template.penghadap: ~4 rows (approximately)
INSERT INTO `penghadap` (`id_penghadap`, `jenis_kelamin`, `gelar_depan`, `nama_penghadap`, `gelar_belakang`, `tempat_lahir`, `tanggal_lahir`, `alamat`) VALUES
	(1, 'L', 'Drs.', 'Handoyo', 'S.H. MBA', 'Jakarta', '1972-04-17', 'Jl. Pemuda No. 14, Jakarta'),
	(2, 'P', '', 'Ningsih', '', 'Semarang', '1984-02-11', 'Jl. Imam Bonjol No. 77, Semarang'),
	(3, 'P', '', 'Sumiyem', '', 'Surakarta', '1978-11-02', 'Jl. Veteran No. 44 Surakarta'),
	(4, 'L', '', 'Nadim', 'M.M.', 'Surakarta', '1975-10-17', 'Jl. Ir. Sukarno No. 99, Surakarta');

-- Dumping structure for table admin_template.produk
CREATE TABLE IF NOT EXISTS `produk` (
  `id_produk` int(11) unsigned NOT NULL AUTO_INCREMENT,
  `nama_produk` varchar(255) DEFAULT NULL,
  `deskripsi_produk` text DEFAULT NULL,
  `id_user_input` int(10) unsigned DEFAULT NULL,
  `tgl_input` date DEFAULT current_timestamp(),
  `id_user_edit` int(10) unsigned DEFAULT NULL,
  `tgl_edit` date DEFAULT current_timestamp(),
  PRIMARY KEY (`id_produk`)
) ENGINE=InnoDB AUTO_INCREMENT=30 DEFAULT CHARSET=utf8mb4;

-- Dumping data for table admin_template.produk: ~5 rows (approximately)
INSERT INTO `produk` (`id_produk`, `nama_produk`, `deskripsi_produk`, `id_user_input`, `tgl_input`, `id_user_edit`, `tgl_edit`) VALUES
	(1, 'Bluetooth Multi-Device Keyboard K480', 'Keyboard meja wiresless untuk komputer, tablet, dan smartphone', NULL, '2021-01-29', 1, '2021-01-29'),
	(2, 'USB Unifying Receiver', 'Receiver USB yang bisa digunakan untuk sebuah mouse atau keyboard unifying', NULL, '2021-01-29', NULL, '2021-01-29'),
	(3, 'M590 Multi-Device Silent', 'Mouse wiresless hening untuk power user', NULL, '2021-01-29', NULL, '2021-01-29'),
	(4, 'Wireless Touch Keyboard K400 Plus', 'Keyboard HTPC untuk TV yang terhubungkan dengan PC', NULL, '2021-01-29', NULL, '2021-01-29'),
	(5, 'K380 Multi-Device Bluetooth Keyboard', 'Keyboard minimalis untuk komputer, tablet, dan ponsel', 2, '2021-01-29', NULL, '2021-01-29');

-- Dumping structure for table admin_template.role
CREATE TABLE IF NOT EXISTS `role` (
  `id_role` smallint(5) unsigned NOT NULL AUTO_INCREMENT,
  `nama_role` varchar(50) NOT NULL,
  `judul_role` varchar(50) NOT NULL,
  `keterangan` varchar(50) NOT NULL,
  `id_module` smallint(5) unsigned NOT NULL DEFAULT 0,
  PRIMARY KEY (`id_role`),
  UNIQUE KEY `role_nama` (`nama_role`)
) ENGINE=InnoDB AUTO_INCREMENT=4 DEFAULT CHARSET=latin1 ROW_FORMAT=DYNAMIC COMMENT='Tabel yang berisi daftar role, role ini mengatur bagaimana user mengakses module, role ini nantinya diassign ke user';

-- Dumping data for table admin_template.role: ~3 rows (approximately)
INSERT INTO `role` (`id_role`, `nama_role`, `judul_role`, `keterangan`, `id_module`) VALUES
	(1, 'admin', 'Administrator', 'Administrator', 5),
	(2, 'user', 'User', 'Pengguna umum', 25),
	(3, 'webdev', 'Web Developer', 'Pengembang aplikasi', 5);

-- Dumping structure for table admin_template.role_detail
CREATE TABLE IF NOT EXISTS `role_detail` (
  `id_role_detail` tinyint(3) unsigned NOT NULL AUTO_INCREMENT,
  `nama_role_detail` varchar(255) DEFAULT NULL,
  `judul_role_detail` varchar(255) DEFAULT NULL,
  PRIMARY KEY (`id_role_detail`)
) ENGINE=InnoDB AUTO_INCREMENT=4 DEFAULT CHARSET=utf8mb4;

-- Dumping data for table admin_template.role_detail: ~3 rows (approximately)
INSERT INTO `role_detail` (`id_role_detail`, `nama_role_detail`, `judul_role_detail`) VALUES
	(1, 'all', 'Boleh Akses Semua Data'),
	(2, 'no', 'Tidak Boleh Akses Semua Data'),
	(3, 'own', 'Hanya Data Miliknya Sendiri');

-- Dumping structure for table admin_template.setting
CREATE TABLE IF NOT EXISTS `setting` (
  `type` varchar(50) NOT NULL,
  `param` varchar(255) NOT NULL,
  `value` tinytext DEFAULT NULL,
  PRIMARY KEY (`type`,`param`)
) ENGINE=InnoDB DEFAULT CHARSET=utf8mb4;

-- Dumping data for table admin_template.setting: ~19 rows (approximately)
INSERT INTO `setting` (`type`, `param`, `value`) VALUES
	('app', 'background_logo', 'transparent'),
	('app', 'btn_login', 'btn-danger'),
	('app', 'deskripsi_web', 'Template administrasi lengkap dengan fitur penting dalam pengembangan aplikasi seperti pengatuan web, layout, dll'),
	('app', 'favicon', 'favicon.png'),
	('app', 'footer_app', '&copy; {{YEAR}} &lt;a href=&quot;https://jagowebdev.com&quot; target=&quot;_blank&quot;&gt;www.Jagowebdev.com&lt;/a&gt;'),
	('app', 'footer_login', '&copy; {{YEAR}} &lt;a href=&quot;https://jagowebdev.com&quot; target=&quot;_blank&quot;&gt;Jagowebdev.com&lt;/a&gt;'),
	('app', 'judul_web', 'Admin Template Jagowebdev'),
	('app', 'logo_app', 'logo_aplikasi.png'),
	('app', 'logo_login', 'logo_login.png'),
	('app', 'logo_register', 'logo_register.png'),
	('layout', 'color_scheme', 'blue'),
	('layout', 'font_family', 'poppins'),
	('layout', 'font_size', '14.5'),
	('layout', 'logo_background_color', 'dark'),
	('layout', 'sidebar_color', 'dark'),
	('register', 'enable', 'Y'),
	('register', 'id_module', '5'),
	('register', 'id_role', '2'),
	('register', 'metode_aktivasi', 'email');

-- Dumping structure for table admin_template.setting_user
CREATE TABLE IF NOT EXISTS `setting_user` (
  `id_user` int(11) unsigned NOT NULL,
  `param` varchar(255) NOT NULL,
  PRIMARY KEY (`id_user`)
) ENGINE=MyISAM DEFAULT CHARSET=latin1 ROW_FORMAT=DYNAMIC;

-- Dumping data for table admin_template.setting_user: 1 rows
INSERT INTO `setting_user` (`id_user`, `param`) VALUES
	(2, '{"color_scheme":"green","sidebar_color":"dark","logo_background_color":"default","font_family":"open-sans","font_size":"14"}');

-- Dumping structure for table admin_template.toko_barang
CREATE TABLE IF NOT EXISTS `toko_barang` (
  `id_barang` smallint(6) NOT NULL AUTO_INCREMENT,
  `nama_barang` varchar(255) DEFAULT NULL,
  `id_kategori` smallint(6) DEFAULT NULL,
  `berat` int(11) DEFAULT NULL,
  `harga_beli` int(11) DEFAULT NULL,
  `stok` smallint(6) DEFAULT NULL,
  `harga_jual` int(11) DEFAULT NULL,
  `tgl_input` date DEFAULT NULL,
  `image` varchar(50) DEFAULT NULL,
  PRIMARY KEY (`id_barang`) USING BTREE
) ENGINE=InnoDB AUTO_INCREMENT=30 DEFAULT CHARSET=latin1 ROW_FORMAT=DYNAMIC;

-- Dumping data for table admin_template.toko_barang: ~29 rows (approximately)
INSERT INTO `toko_barang` (`id_barang`, `nama_barang`, `id_kategori`, `berat`, `harga_beli`, `stok`, `harga_jual`, `tgl_input`, `image`) VALUES
	(1, 'Keyboard Wireless K250', 1, 623, 150000, 24, 165000, '2021-06-05', 'keyboard.png'),
	(2, 'Keyboard USB K150', 1, 452, 80000, 21, 88000, '2021-06-05', NULL),
	(3, 'Keyboard + Mouse Wireless MK350', 1, 752, 290000, 23, 319000, '2021-06-05', NULL),
	(4, 'Keyboard Bluetooth KB220', 1, 600, 400000, 27, 440000, '2021-06-05', NULL),
	(5, 'Mouse USB M120', 1, 130, 80000, 32, 88000, '2021-06-05', NULL),
	(6, 'Mouse Wireless M235', 1, 140, 150000, 30, 165000, '2021-07-05', 'mouse.png'),
	(7, 'Mouse Wireless M325', 1, 155, 180000, 33, 198000, '2021-06-05', NULL),
	(8, 'Speaker Stereo Multimedia S110', 2, 2300, 100000, 18, 110000, '2021-06-05', NULL),
	(9, 'Speaker 2.1 Stereo S213', 2, 3500, 150000, 12, 165000, '2021-10-05', 'speaker.png'),
	(10, 'Speaker Stereo Dengan Subwoofer S331', 2, 4500, 250000, 12, 275000, '2021-06-05', NULL),
	(11, 'Speaker Mobile Wireless SM213', 2, 950, 650000, 24, 715000, '2021-06-05', NULL),
	(12, 'CD-R', 3, 17, 2500, 300, 2750, '2021-06-05', NULL),
	(13, 'CD-RW', 3, 23, 3500, 200, 3850, '2021-06-05', NULL),
	(14, 'DVD-R', 3, 22, 4500, 300, 4950, '2021-09-05', 'dvd.png'),
	(15, 'DVD-RW Dual Layer', 3, 27, 15000, 100, 16500, '2021-06-05', NULL),
	(16, 'DVD Drive BOX For PC', 4, 900, 175000, 5, 192500, '2021-08-05', 'dvd_drive.png'),
	(17, 'DVD Drive Portable Slim', 4, 800, 225000, 6, 247500, '2021-06-05', NULL),
	(18, 'Hardisk Eksternal 1TB', 5, 600, 750000, 24, 825000, '2021-06-05', NULL),
	(19, 'Hardisk Eksternal 500GB', 5, 600, 650000, 12, 715000, '2021-06-05', NULL),
	(20, 'Hardisk PC 3.5 Inchi 500Gb', 6, 500, 450000, 20, 495000, '2021-06-05', NULL),
	(21, 'Hardisk Laptop 2.5 Inchi 1TB', 7, 250, 650000, 24, 715000, '2021-06-05', NULL),
	(22, 'Hardisk Laptop 2.5 Inchi 500GB', 7, 250, 550000, 21, 605000, '2021-06-05', NULL),
	(23, 'Hardisk PC 3.5 Inchi 1TB', 6, 500, 650000, 24, 715000, '2021-08-05', 'hardisk.png'),
	(24, 'Flashdisk 8GB', 8, 85, 40000, 31, 44000, '2021-06-05', NULL),
	(25, 'Falshdisk 16GB', 8, 80, 75000, 34, 82500, '2021-06-05', NULL),
	(26, 'Falshdisk 32GB', 8, 80, 155000, 30, 170500, '2021-09-05', 'flashdisk.png'),
	(27, 'Flashdisk OTG 8GB', 8, 70, 45000, 20, 49500, '2021-06-05', NULL),
	(28, 'Falshdisk OTG 16GB', 8, 80, 80000, 35, 88000, '2021-06-05', NULL),
	(29, 'Falshdisk OTG 32GB', 8, 70, 160000, 44, 176000, '2021-06-05', NULL);

-- Dumping structure for table admin_template.toko_barang_kategori
CREATE TABLE IF NOT EXISTS `toko_barang_kategori` (
  `id_kategori` smallint(6) NOT NULL AUTO_INCREMENT,
  `nama_kategori` varchar(255) DEFAULT NULL,
  PRIMARY KEY (`id_kategori`) USING BTREE
) ENGINE=InnoDB AUTO_INCREMENT=9 DEFAULT CHARSET=latin1 ROW_FORMAT=DYNAMIC;

-- Dumping data for table admin_template.toko_barang_kategori: ~8 rows (approximately)
INSERT INTO `toko_barang_kategori` (`id_kategori`, `nama_kategori`) VALUES
	(1, 'Keyboard & Mouse'),
	(2, 'Speaker'),
	(3, 'CD & DVD Disc'),
	(4, 'CD & DVD Drive'),
	(5, 'Hardisk Eksternal'),
	(6, 'Hardisk PC'),
	(7, 'Hardisk Laptop'),
	(8, 'Flashdisk & OTG');

-- Dumping structure for table admin_template.toko_pelanggan
CREATE TABLE IF NOT EXISTS `toko_pelanggan` (
  `id_pelanggan` int(11) NOT NULL AUTO_INCREMENT,
  `nama_pelanggan` varchar(255) DEFAULT NULL,
  `email` varchar(255) DEFAULT NULL,
  `id_wilayah_kelurahan` int(10) unsigned DEFAULT NULL,
  `foto` varchar(255) DEFAULT NULL,
  PRIMARY KEY (`id_pelanggan`) USING BTREE
) ENGINE=InnoDB AUTO_INCREMENT=524 DEFAULT CHARSET=utf8mb4;

-- Dumping data for table admin_template.toko_pelanggan: ~523 rows (approximately)
INSERT INTO `toko_pelanggan` (`id_pelanggan`, `nama_pelanggan`, `email`, `id_wilayah_kelurahan`, `foto`) VALUES
	(1, 'Toko Dacin Tek', 'dacin.tek@email.com', 40039, 'foto_16.png'),
	(2, 'CV. Wijaya Tek', 'wijaya.tek@email.com', 40667, 'foto_15.png'),
	(3, 'Toko Purwantocom', 'purwanto.com@email.com', 50025, 'foto_1.png'),
	(4, 'CV. Sihombing Komputer', 'sihombing.komputer@email.com', 29852, 'foto_12.png'),
	(5, 'Toko Estiawancom', 'estiawan.com@email.com', 48855, 'foto_16.png'),
	(6, 'CV. Paimancom', 'paiman.com@email.com', 30569, 'foto_11.png'),
	(7, 'CV. Prayogocom', 'prayogo.com@email.com', 45740, 'foto_1.png'),
	(8, 'CV. Winarnocom', 'winarno.com@email.com', 48510, 'foto_5.png'),
	(9, 'CV. Paiman Tek', 'paiman.tek@email.com', 37690, 'foto_1.png'),
	(10, 'Toko Tampuboloncom', 'tampubolon.com@email.com', 42832, 'foto_10.png'),
	(11, 'Toko Sabar Komputer', 'sabar.komputer@email.com', 25861, 'foto_6.png'),
	(12, 'PT. Zulkarnain Komputer', 'zulkarnain.komputer@email.com', 28224, 'foto_13.png'),
	(13, 'PT. Edi Tek', 'edi.tek@email.com', 28276, 'foto_6.png'),
	(14, 'PT. Sirait Tek', 'sirait.tek@email.com', 37555, 'foto_16.png'),
	(15, 'PT. Artawan Tek', 'artawan.tek@email.com', 39413, 'foto_11.png'),
	(16, 'Toko Sihombing Tek', 'sihombing.tek@email.com', 29968, 'foto_9.png'),
	(17, 'PT. Eja Komputer', 'eja.komputer@email.com', 42665, 'foto_7.png'),
	(18, 'PT. Dipa Komputer', 'dipa.komputer@email.com', 43967, 'foto_1.png'),
	(19, 'Toko Samosir Komputer', 'samosir.komputer@email.com', 34244, 'foto_16.png'),
	(20, 'CV. Jail Komputer', 'jail.komputer@email.com', 39709, 'foto_8.png'),
	(21, 'CV. Pranawacom', 'pranawa.com@email.com', 38988, 'foto_1.png'),
	(22, 'Toko Wahyudincom', 'wahyudin.com@email.com', 46359, 'foto_14.png'),
	(23, 'CV. Panji Komputer', 'panji.komputer@email.com', 47230, 'foto_6.png'),
	(24, 'Toko Siregarcom', 'siregar.com@email.com', 47686, 'foto_15.png'),
	(25, 'PT. Omar Komputer', 'omar.komputer@email.com', 42799, 'foto_5.png'),
	(26, 'Toko Galuhcom', 'galuh.com@email.com', 39696, 'foto_2.png'),
	(27, 'CV. Saptono Komputer', 'saptono.komputer@email.com', 39460, 'foto_4.png'),
	(28, 'Toko Elvin Tek', 'elvin.tek@email.com', 37967, 'foto_11.png'),
	(29, 'CV. Sinaga Tek', 'sinaga.tek@email.com', 32919, 'foto_4.png'),
	(30, 'CV. Edi Komputer', 'edi.komputer@email.com', 38730, 'foto_8.png'),
	(31, 'Toko Kayuncom', 'kayun.com@email.com', 43182, 'foto_2.png'),
	(32, 'CV. Irawan Komputer', 'irawan.komputer@email.com', 30549, 'foto_9.png'),
	(33, 'Toko Cemeti Tek', 'cemeti.tek@email.com', 33012, 'foto_16.png'),
	(34, 'Toko Wibowocom', 'wibowo.com@email.com', 36236, 'foto_13.png'),
	(35, 'PT. Wasis Tek', 'wasis.tek@email.com', 47228, 'foto_12.png'),
	(36, 'PT. Ajionocom', 'ajiono.com@email.com', 38468, 'foto_9.png'),
	(37, 'CV. Sihotang Komputer', 'sihotang.komputer@email.com', 32717, 'foto_16.png'),
	(38, 'CV. Wisnu Tek', 'wisnu.tek@email.com', 39423, 'foto_14.png'),
	(39, 'PT. Sitoruscom', 'sitorus.com@email.com', 32023, 'foto_5.png'),
	(40, 'PT. Darmanto Komputer', 'darmanto.komputer@email.com', 33682, 'foto_1.png'),
	(41, 'CV. Wahyudin Komputer', 'wahyudin.komputer@email.com', 34895, 'foto_10.png'),
	(42, 'Toko Xananacom', 'xanana.com@email.com', 26509, 'foto_6.png'),
	(43, 'PT. Ramadan Komputer', 'ramadan.komputer@email.com', 37761, 'foto_4.png'),
	(44, 'Toko Caraka Tek', 'caraka.tek@email.com', 34567, 'foto_7.png'),
	(45, 'CV. Salmancom', 'salman.com@email.com', 41862, 'foto_7.png'),
	(46, 'CV. Permadi Komputer', 'permadi.komputer@email.com', 31787, 'foto_6.png'),
	(47, 'PT. Kanda Komputer', 'kanda.komputer@email.com', 29585, 'foto_14.png'),
	(48, 'Toko Argono Tek', 'argono.tek@email.com', 40737, 'foto_4.png'),
	(49, 'PT. Hardiansyahcom', 'hardiansyah.com@email.com', 38075, 'foto_13.png'),
	(50, 'CV. Kayun Tek', 'kayun.tek@email.com', 38147, 'foto_2.png'),
	(51, 'Toko Waskitacom', 'waskita.com@email.com', 41256, 'foto_14.png'),
	(52, 'PT. Kenes Tek', 'kenes.tek@email.com', 48428, 'foto_8.png'),
	(53, 'Toko Utama Komputer', 'utama.komputer@email.com', 37431, 'foto_10.png'),
	(54, 'Toko Edicom', 'edi.com@email.com', 34464, 'foto_11.png'),
	(55, 'Toko Saragih Tek', 'saragih.tek@email.com', 45835, 'foto_16.png'),
	(56, 'PT. Oskar Komputer', 'oskar.komputer@email.com', 40456, 'foto_11.png'),
	(57, 'CV. Adiarja Komputer', 'adiarja.komputer@email.com', 27662, 'foto_9.png'),
	(58, 'Toko Hutasoitcom', 'hutasoit.com@email.com', 42421, 'foto_3.png'),
	(59, 'Toko Galur Komputer', 'galur.komputer@email.com', 49540, 'foto_12.png'),
	(60, 'CV. Santoso Tek', 'santoso.tek@email.com', 37322, 'foto_8.png'),
	(61, 'CV. Waluyo Komputer', 'waluyo.komputer@email.com', 27170, 'foto_8.png'),
	(62, 'CV. Latif Komputer', 'latif.komputer@email.com', 41840, 'foto_17.png'),
	(63, 'PT. Budiman Komputer', 'budiman.komputer@email.com', 48371, 'foto_7.png'),
	(64, 'Toko Jaswadi Tek', 'jaswadi.tek@email.com', 27490, 'foto_12.png'),
	(65, 'PT. Waskita Tek', 'waskita.tek@email.com', 50304, 'foto_1.png'),
	(66, 'CV. Sabar Komputer', 'sabar.komputer@email.com', 27785, 'foto_1.png'),
	(67, 'Toko Rajata Komputer', 'rajata.komputer@email.com', 30226, 'foto_3.png'),
	(68, 'PT. Timbul Tek', 'timbul.tek@email.com', 32980, 'foto_5.png'),
	(69, 'CV. Gunawan Tek', 'gunawan.tek@email.com', 29021, 'foto_8.png'),
	(70, 'CV. Kamal Tek', 'kamal.tek@email.com', 25651, 'foto_14.png'),
	(71, 'CV. Hardiansyah Tek', 'hardiansyah.tek@email.com', 36096, 'foto_3.png'),
	(72, 'PT. Malikcom', 'malik.com@email.com', 37291, 'foto_16.png'),
	(73, 'CV. Nababan Tek', 'nababan.tek@email.com', 30323, 'foto_11.png'),
	(74, 'CV. Dagel Komputer', 'dagel.komputer@email.com', 46117, 'foto_12.png'),
	(75, 'Toko Marbun Komputer', 'marbun.komputer@email.com', 49164, 'foto_2.png'),
	(76, 'CV. Limar Tek', 'limar.tek@email.com', 37250, 'foto_12.png'),
	(77, 'Toko Dongoran Tek', 'dongoran.tek@email.com', 43239, 'foto_6.png'),
	(78, 'Toko Bagyacom', 'bagya.com@email.com', 36438, 'foto_8.png'),
	(79, 'CV. Natsir Komputer', 'natsir.komputer@email.com', 48506, 'foto_17.png'),
	(80, 'PT. Pardicom', 'pardi.com@email.com', 41782, 'foto_4.png'),
	(81, 'Toko Simanjuntak Tek', 'simanjuntak.tek@email.com', 36640, 'foto_16.png'),
	(82, 'Toko Bagas Komputer', 'bagas.komputer@email.com', 47719, 'foto_12.png'),
	(83, 'Toko Nugroho Komputer', 'nugroho.komputer@email.com', 46282, 'foto_17.png'),
	(84, 'Toko Rizki Tek', 'rizki.tek@email.com', 27256, 'foto_7.png'),
	(85, 'Toko Gunarto Tek', 'gunarto.tek@email.com', 26691, 'foto_7.png'),
	(86, 'PT. Dasa Tek', 'dasa.tek@email.com', 36551, 'foto_15.png'),
	(87, 'PT. Habibi Komputer', 'habibi.komputer@email.com', 36243, 'foto_6.png'),
	(88, 'Toko Bakiono Tek', 'bakiono.tek@email.com', 27814, 'foto_15.png'),
	(89, 'Toko Reksa Komputer', 'reksa.komputer@email.com', 29053, 'foto_14.png'),
	(90, 'CV. Gunarto Komputer', 'gunarto.komputer@email.com', 44637, 'foto_15.png'),
	(91, 'PT. Indracom', 'indra.com@email.com', 32840, 'foto_13.png'),
	(92, 'Toko Daniswara Tek', 'daniswara.tek@email.com', 31807, 'foto_17.png'),
	(93, 'Toko Saputracom', 'saputra.com@email.com', 50402, 'foto_11.png'),
	(94, 'CV. Nardi Komputer', 'nardi.komputer@email.com', 37286, 'foto_5.png'),
	(95, 'Toko Luthfi Tek', 'luthfi.tek@email.com', 45283, 'foto_16.png'),
	(96, 'PT. Santoso Tek', 'santoso.tek@email.com', 31962, 'foto_9.png'),
	(97, 'PT. Kalimcom', 'kalim.com@email.com', 37759, 'foto_16.png'),
	(98, 'PT. Wibowo Komputer', 'wibowo.komputer@email.com', 39409, 'foto_1.png'),
	(99, 'Toko Kardi Tek', 'kardi.tek@email.com', 27986, 'foto_15.png'),
	(100, 'CV. Simboloncom', 'simbolon.com@email.com', 48960, 'foto_10.png'),
	(101, 'CV. Hartaka Tek', 'hartaka.tek@email.com', 44621, 'foto_15.png'),
	(102, 'Toko Suryono Komputer', 'suryono.komputer@email.com', 40990, 'foto_9.png'),
	(103, 'PT. Jumaricom', 'jumari.com@email.com', 26520, 'foto_14.png'),
	(104, 'Toko Balamantri Komputer', 'balamantri.komputer@email.com', 47874, 'foto_3.png'),
	(105, 'PT. Saefullahcom', 'saefullah.com@email.com', 38016, 'foto_1.png'),
	(106, 'CV. Ibrahim Tek', 'ibrahim.tek@email.com', 43685, 'foto_17.png'),
	(107, 'PT. Hardiansyah Komputer', 'hardiansyah.komputer@email.com', 49092, 'foto_17.png'),
	(108, 'Toko Darijancom', 'darijan.com@email.com', 30054, 'foto_13.png'),
	(109, 'PT. Ibrani Tek', 'ibrani.tek@email.com', 28575, 'foto_1.png'),
	(110, 'CV. Habibicom', 'habibi.com@email.com', 50181, 'foto_1.png'),
	(111, 'PT. Asirwada Tek', 'asirwada.tek@email.com', 25645, 'foto_5.png'),
	(112, 'PT. Saptonocom', 'saptono.com@email.com', 49400, 'foto_2.png'),
	(113, 'CV. Danu Tek', 'danu.tek@email.com', 28682, 'foto_16.png'),
	(114, 'CV. Cager Tek', 'cager.tek@email.com', 25722, 'foto_8.png'),
	(115, 'Toko Prasetyo Komputer', 'prasetyo.komputer@email.com', 41595, 'foto_16.png'),
	(116, 'CV. Halim Tek', 'halim.tek@email.com', 45270, 'foto_2.png'),
	(117, 'PT. Sitompul Komputer', 'sitompul.komputer@email.com', 26339, 'foto_3.png'),
	(118, 'CV. Rahmat Tek', 'rahmat.tek@email.com', 40106, 'foto_15.png'),
	(119, 'CV. Nashiruddincom', 'nashiruddin.com@email.com', 36840, 'foto_12.png'),
	(120, 'PT. Cawisonocom', 'cawisono.com@email.com', 30945, 'foto_3.png'),
	(121, 'Toko Margana Komputer', 'margana.komputer@email.com', 47644, 'foto_17.png'),
	(122, 'Toko Nashiruddincom', 'nashiruddin.com@email.com', 41704, 'foto_1.png'),
	(123, 'Toko Asman Tek', 'asman.tek@email.com', 49818, 'foto_17.png'),
	(124, 'Toko Wasita Komputer', 'wasita.komputer@email.com', 31224, 'foto_10.png'),
	(125, 'PT. Ganda Komputer', 'ganda.komputer@email.com', 28978, 'foto_13.png'),
	(126, 'Toko Firgantorocom', 'firgantoro.com@email.com', 41229, 'foto_8.png'),
	(127, 'CV. Kenescom', 'kenes.com@email.com', 25984, 'foto_8.png'),
	(128, 'PT. Maulana Komputer', 'maulana.komputer@email.com', 34189, 'foto_7.png'),
	(129, 'PT. Hartaka Komputer', 'hartaka.komputer@email.com', 32505, 'foto_8.png'),
	(130, 'PT. Pradiptacom', 'pradipta.com@email.com', 39499, 'foto_3.png'),
	(131, 'Toko Emincom', 'emin.com@email.com', 36892, 'foto_17.png'),
	(132, 'CV. Murti Komputer', 'murti.komputer@email.com', 49011, 'foto_7.png'),
	(133, 'PT. Luwescom', 'luwes.com@email.com', 48840, 'foto_5.png'),
	(134, 'Toko Mahendra Tek', 'mahendra.tek@email.com', 28485, 'foto_2.png'),
	(135, 'CV. Radit Komputer', 'radit.komputer@email.com', 30441, 'foto_8.png'),
	(136, 'PT. Vinsen Komputer', 'vinsen.komputer@email.com', 49890, 'foto_15.png'),
	(137, 'PT. Santosocom', 'santoso.com@email.com', 41252, 'foto_5.png'),
	(138, 'PT. Garan Komputer', 'garan.komputer@email.com', 47574, 'foto_8.png'),
	(139, 'PT. Asmianto Komputer', 'asmianto.komputer@email.com', 32761, 'foto_1.png'),
	(140, 'CV. Waskita Tek', 'waskita.tek@email.com', 40047, 'foto_7.png'),
	(141, 'Toko Oman Tek', 'oman.tek@email.com', 36146, 'foto_13.png'),
	(142, 'CV. Mahesacom', 'mahesa.com@email.com', 35109, 'foto_1.png'),
	(143, 'PT. Saputra Tek', 'saputra.tek@email.com', 49021, 'foto_5.png'),
	(144, 'Toko Cagakcom', 'cagak.com@email.com', 45279, 'foto_8.png'),
	(145, 'PT. Adriansyah Tek', 'adriansyah.tek@email.com', 32936, 'foto_2.png'),
	(146, 'PT. Dalimincom', 'dalimin.com@email.com', 40684, 'foto_14.png'),
	(147, 'CV. Prasetya Komputer', 'prasetya.komputer@email.com', 39918, 'foto_13.png'),
	(148, 'CV. Nugrahacom', 'nugraha.com@email.com', 46329, 'foto_9.png'),
	(149, 'PT. Lazuardi Tek', 'lazuardi.tek@email.com', 50069, 'foto_6.png'),
	(150, 'CV. Niyaga Tek', 'niyaga.tek@email.com', 39965, 'foto_14.png'),
	(151, 'PT. Gunartocom', 'gunarto.com@email.com', 29053, 'foto_17.png'),
	(152, 'CV. Usmancom', 'usman.com@email.com', 29773, 'foto_16.png'),
	(153, 'Toko Sihombing Komputer', 'sihombing.komputer@email.com', 32274, 'foto_5.png'),
	(154, 'Toko Ajimat Komputer', 'ajimat.komputer@email.com', 41129, 'foto_11.png'),
	(155, 'CV. Uwais Tek', 'uwais.tek@email.com', 30673, 'foto_12.png'),
	(156, 'Toko Baktiantocom', 'baktianto.com@email.com', 25619, 'foto_4.png'),
	(157, 'Toko Uwaiscom', 'uwais.com@email.com', 35400, 'foto_15.png'),
	(158, 'PT. Manahcom', 'manah.com@email.com', 34694, 'foto_13.png'),
	(159, 'PT. Balijan Komputer', 'balijan.komputer@email.com', 38130, 'foto_2.png'),
	(160, 'Toko Winarnocom', 'winarno.com@email.com', 32590, 'foto_7.png'),
	(161, 'PT. Raditcom', 'radit.com@email.com', 30918, 'foto_2.png'),
	(162, 'PT. Suwarno Komputer', 'suwarno.komputer@email.com', 26573, 'foto_9.png'),
	(163, 'Toko Cemanicom', 'cemani.com@email.com', 30266, 'foto_13.png'),
	(164, 'PT. Umay Tek', 'umay.tek@email.com', 50502, 'foto_10.png'),
	(165, 'CV. Ramadancom', 'ramadan.com@email.com', 29744, 'foto_15.png'),
	(166, 'Toko Kajen Komputer', 'kajen.komputer@email.com', 35016, 'foto_16.png'),
	(167, 'Toko Mansurcom', 'mansur.com@email.com', 48057, 'foto_7.png'),
	(168, 'CV. Kandacom', 'kanda.com@email.com', 29521, 'foto_13.png'),
	(169, 'Toko Xanana Komputer', 'xanana.komputer@email.com', 37066, 'foto_10.png'),
	(170, 'CV. Wibowocom', 'wibowo.com@email.com', 40261, 'foto_6.png'),
	(171, 'Toko Opungcom', 'opung.com@email.com', 34684, 'foto_11.png'),
	(172, 'PT. Banawicom', 'banawi.com@email.com', 49756, 'foto_5.png'),
	(173, 'PT. Pradana Tek', 'pradana.tek@email.com', 46189, 'foto_13.png'),
	(174, 'Toko Darsirahcom', 'darsirah.com@email.com', 35210, 'foto_6.png'),
	(175, 'Toko Januar Tek', 'januar.tek@email.com', 31962, 'foto_8.png'),
	(176, 'CV. Ekacom', 'eka.com@email.com', 28901, 'foto_1.png'),
	(177, 'CV. Viman Tek', 'viman.tek@email.com', 38886, 'foto_17.png'),
	(178, 'CV. Lazuardi Komputer', 'lazuardi.komputer@email.com', 30209, 'foto_1.png'),
	(179, 'PT. Harsaya Tek', 'harsaya.tek@email.com', 42982, 'foto_16.png'),
	(180, 'PT. Nugroho Komputer', 'nugroho.komputer@email.com', 37929, 'foto_2.png'),
	(181, 'PT. Ismail Tek', 'ismail.tek@email.com', 27925, 'foto_17.png'),
	(182, 'PT. Salahudincom', 'salahudin.com@email.com', 48909, 'foto_13.png'),
	(183, 'PT. Yono Tek', 'yono.tek@email.com', 30740, 'foto_8.png'),
	(184, 'PT. Tampuboloncom', 'tampubolon.com@email.com', 40959, 'foto_14.png'),
	(185, 'PT. Vinsen Tek', 'vinsen.tek@email.com', 47526, 'foto_3.png'),
	(186, 'PT. Saputra Komputer', 'saputra.komputer@email.com', 34381, 'foto_6.png'),
	(187, 'PT. Tasdikcom', 'tasdik.com@email.com', 41214, 'foto_15.png'),
	(188, 'PT. Najib Tek', 'najib.tek@email.com', 49329, 'foto_5.png'),
	(189, 'Toko Sinaga Tek', 'sinaga.tek@email.com', 33678, 'foto_16.png'),
	(190, 'CV. Lutfancom', 'lutfan.com@email.com', 48672, 'foto_11.png'),
	(191, 'CV. Lazuardicom', 'lazuardi.com@email.com', 30360, 'foto_14.png'),
	(192, 'PT. Galih Komputer', 'galih.komputer@email.com', 42138, 'foto_9.png'),
	(193, 'Toko Damanik Komputer', 'damanik.komputer@email.com', 39196, 'foto_11.png'),
	(194, 'Toko Adikaracom', 'adikara.com@email.com', 38414, 'foto_8.png'),
	(195, 'Toko Jailanicom', 'jailani.com@email.com', 28029, 'foto_14.png'),
	(196, 'Toko Cakrabuanacom', 'cakrabuana.com@email.com', 31171, 'foto_3.png'),
	(197, 'CV. Ghanicom', 'ghani.com@email.com', 40194, 'foto_7.png'),
	(198, 'CV. Dabukkecom', 'dabukke.com@email.com', 39702, 'foto_16.png'),
	(199, 'CV. Jatmiko Tek', 'jatmiko.tek@email.com', 48630, 'foto_16.png'),
	(200, 'Toko Mahendra Komputer', 'mahendra.komputer@email.com', 48920, 'foto_14.png'),
	(201, 'PT. Cahyono Komputer', 'cahyono.komputer@email.com', 29034, 'foto_2.png'),
	(202, 'PT. Nababancom', 'nababan.com@email.com', 36082, 'foto_3.png'),
	(203, 'PT. Dimascom', 'dimas.com@email.com', 29445, 'foto_9.png'),
	(204, 'PT. Halimcom', 'halim.com@email.com', 29793, 'foto_13.png'),
	(205, 'CV. Leo Komputer', 'leo.komputer@email.com', 44578, 'foto_9.png'),
	(206, 'PT. Hidayanto Tek', 'hidayanto.tek@email.com', 50391, 'foto_5.png'),
	(207, 'PT. Raharja Komputer', 'raharja.komputer@email.com', 42779, 'foto_11.png'),
	(208, 'PT. Cakrajiya Tek', 'cakrajiya.tek@email.com', 39537, 'foto_10.png'),
	(209, 'CV. Mansurcom', 'mansur.com@email.com', 48250, 'foto_7.png'),
	(210, 'CV. Dadi Tek', 'dadi.tek@email.com', 48395, 'foto_13.png'),
	(211, 'Toko Rajasa Tek', 'rajasa.tek@email.com', 27943, 'foto_7.png'),
	(212, 'Toko Lamar Tek', 'lamar.tek@email.com', 32994, 'foto_11.png'),
	(213, 'PT. Rusman Komputer', 'rusman.komputer@email.com', 41518, 'foto_7.png'),
	(214, 'PT. Hutagalung Tek', 'hutagalung.tek@email.com', 32205, 'foto_14.png'),
	(215, 'Toko Bagya Komputer', 'bagya.komputer@email.com', 27979, 'foto_1.png'),
	(216, 'Toko Aswanicom', 'aswani.com@email.com', 27607, 'foto_3.png'),
	(217, 'CV. Mandala Komputer', 'mandala.komputer@email.com', 42533, 'foto_15.png'),
	(218, 'CV. Kajencom', 'kajen.com@email.com', 26147, 'foto_6.png'),
	(219, 'Toko Habibicom', 'habibi.com@email.com', 30296, 'foto_15.png'),
	(220, 'CV. Abyasacom', 'abyasa.com@email.com', 39884, 'foto_5.png'),
	(221, 'Toko Napitupulu Komputer', 'napitupulu.komputer@email.com', 34056, 'foto_13.png'),
	(222, 'PT. Mariadi Komputer', 'mariadi.komputer@email.com', 30822, 'foto_17.png'),
	(223, 'Toko Mandala Tek', 'mandala.tek@email.com', 31443, 'foto_5.png'),
	(224, 'CV. Luhungcom', 'luhung.com@email.com', 34885, 'foto_14.png'),
	(225, 'CV. Pangestucom', 'pangestu.com@email.com', 49430, 'foto_11.png'),
	(226, 'PT. Wadi Tek', 'wadi.tek@email.com', 45157, 'foto_9.png'),
	(227, 'CV. Raihan Tek', 'raihan.tek@email.com', 28768, 'foto_12.png'),
	(228, 'Toko Permadicom', 'permadi.com@email.com', 44318, 'foto_5.png'),
	(229, 'PT. Capa Tek', 'capa.tek@email.com', 26287, 'foto_2.png'),
	(230, 'CV. Simanjuntakcom', 'simanjuntak.com@email.com', 33686, 'foto_12.png'),
	(231, 'Toko Nardi Tek', 'nardi.tek@email.com', 29510, 'foto_5.png'),
	(232, 'PT. Muhammad Tek', 'muhammad.tek@email.com', 32806, 'foto_16.png'),
	(233, 'PT. Prabowo Tek', 'prabowo.tek@email.com', 40485, 'foto_6.png'),
	(234, 'Toko Adhiarja Komputer', 'adhiarja.komputer@email.com', 40492, 'foto_12.png'),
	(235, 'Toko Nashiruddin Komputer', 'nashiruddin.komputer@email.com', 33937, 'foto_4.png'),
	(236, 'Toko Tirtayasa Komputer', 'tirtayasa.komputer@email.com', 39610, 'foto_14.png'),
	(237, 'PT. Budiyanto Komputer', 'budiyanto.komputer@email.com', 40470, 'foto_14.png'),
	(238, 'Toko Cemplunkcom', 'cemplunk.com@email.com', 29638, 'foto_1.png'),
	(239, 'Toko Kuswoyo Tek', 'kuswoyo.tek@email.com', 43005, 'foto_5.png'),
	(240, 'PT. Lutfan Tek', 'lutfan.tek@email.com', 37994, 'foto_1.png'),
	(241, 'PT. Oktacom', 'okta.com@email.com', 45762, 'foto_5.png'),
	(242, 'PT. Sihombingcom', 'sihombing.com@email.com', 26963, 'foto_15.png'),
	(243, 'Toko Emin Tek', 'emin.tek@email.com', 26807, 'foto_1.png'),
	(244, 'CV. Banawa Komputer', 'banawa.komputer@email.com', 27398, 'foto_9.png'),
	(245, 'Toko Maulana Tek', 'maulana.tek@email.com', 48741, 'foto_1.png'),
	(246, 'CV. Maman Komputer', 'maman.komputer@email.com', 40040, 'foto_3.png'),
	(247, 'CV. Prabacom', 'praba.com@email.com', 36992, 'foto_15.png'),
	(248, 'CV. Haryanto Komputer', 'haryanto.komputer@email.com', 30305, 'foto_12.png'),
	(249, 'Toko Abyasa Komputer', 'abyasa.komputer@email.com', 42052, 'foto_4.png'),
	(250, 'Toko Cahya Tek', 'cahya.tek@email.com', 48185, 'foto_3.png'),
	(251, 'CV. Tambacom', 'tamba.com@email.com', 48737, 'foto_4.png'),
	(252, 'CV. Kariman Tek', 'kariman.tek@email.com', 49828, 'foto_9.png'),
	(253, 'Toko Permadi Tek', 'permadi.tek@email.com', 33623, 'foto_15.png'),
	(254, 'Toko Respaticom', 'respati.com@email.com', 27855, 'foto_1.png'),
	(255, 'CV. Maulana Komputer', 'maulana.komputer@email.com', 32134, 'foto_12.png'),
	(256, 'PT. Prabu Komputer', 'prabu.komputer@email.com', 47618, 'foto_1.png'),
	(257, 'CV. Wadi Komputer', 'wadi.komputer@email.com', 49820, 'foto_15.png'),
	(258, 'PT. Budiyanto Tek', 'budiyanto.tek@email.com', 39022, 'foto_12.png'),
	(259, 'Toko Radencom', 'raden.com@email.com', 30061, 'foto_9.png'),
	(260, 'Toko Saputra Tek', 'saputra.tek@email.com', 50292, 'foto_8.png'),
	(261, 'CV. Adinata Komputer', 'adinata.komputer@email.com', 28254, 'foto_12.png'),
	(262, 'PT. Marascom', 'maras.com@email.com', 29066, 'foto_15.png'),
	(263, 'PT. Waskitacom', 'waskita.com@email.com', 26160, 'foto_4.png'),
	(264, 'CV. Yahyacom', 'yahya.com@email.com', 28165, 'foto_16.png'),
	(265, 'PT. Waluyo Komputer', 'waluyo.komputer@email.com', 45677, 'foto_4.png'),
	(266, 'PT. Kawaca Tek', 'kawaca.tek@email.com', 27219, 'foto_1.png'),
	(267, 'PT. Mansur Komputer', 'mansur.komputer@email.com', 39438, 'foto_12.png'),
	(268, 'CV. Dadi Komputer', 'dadi.komputer@email.com', 26404, 'foto_9.png'),
	(269, 'CV. Thamrincom', 'thamrin.com@email.com', 33846, 'foto_11.png'),
	(270, 'Toko Dadapcom', 'dadap.com@email.com', 39364, 'foto_4.png'),
	(271, 'CV. Thamrin Tek', 'thamrin.tek@email.com', 44832, 'foto_16.png'),
	(272, 'PT. Jarwi Komputer', 'jarwi.komputer@email.com', 43926, 'foto_2.png'),
	(273, 'Toko Dipa Komputer', 'dipa.komputer@email.com', 33171, 'foto_13.png'),
	(274, 'PT. Jailanicom', 'jailani.com@email.com', 41382, 'foto_15.png'),
	(275, 'Toko Rahmancom', 'rahman.com@email.com', 40631, 'foto_17.png'),
	(276, 'CV. Ikhsan Tek', 'ikhsan.tek@email.com', 34306, 'foto_13.png'),
	(277, 'CV. Zulkarnain Tek', 'zulkarnain.tek@email.com', 49135, 'foto_9.png'),
	(278, 'Toko Kurniawancom', 'kurniawan.com@email.com', 26460, 'foto_16.png'),
	(279, 'CV. Prayitna Komputer', 'prayitna.komputer@email.com', 32842, 'foto_8.png'),
	(280, 'CV. Gunawan Komputer', 'gunawan.komputer@email.com', 41418, 'foto_6.png'),
	(281, 'CV. Purwanto Tek', 'purwanto.tek@email.com', 42541, 'foto_16.png'),
	(282, 'Toko Omar Tek', 'omar.tek@email.com', 37151, 'foto_3.png'),
	(283, 'CV. Pradiptacom', 'pradipta.com@email.com', 37273, 'foto_15.png'),
	(284, 'Toko Cawisadi Tek', 'cawisadi.tek@email.com', 45410, 'foto_5.png'),
	(285, 'Toko Santoso Komputer', 'santoso.komputer@email.com', 40057, 'foto_5.png'),
	(286, 'Toko Harsana Komputer', 'harsana.komputer@email.com', 46226, 'foto_16.png'),
	(287, 'Toko Nashiruddin Tek', 'nashiruddin.tek@email.com', 46040, 'foto_9.png'),
	(288, 'Toko Jaiscom', 'jais.com@email.com', 43640, 'foto_8.png'),
	(289, 'PT. Permadicom', 'permadi.com@email.com', 48895, 'foto_6.png'),
	(290, 'CV. Manahcom', 'manah.com@email.com', 31096, 'foto_6.png'),
	(291, 'PT. Ikin Komputer', 'ikin.komputer@email.com', 38029, 'foto_14.png'),
	(292, 'PT. Dongoran Komputer', 'dongoran.komputer@email.com', 37364, 'foto_10.png'),
	(293, 'PT. Bakti Tek', 'bakti.tek@email.com', 40371, 'foto_14.png'),
	(294, 'Toko Ramadan Tek', 'ramadan.tek@email.com', 48634, 'foto_8.png'),
	(295, 'Toko Mursinincom', 'mursinin.com@email.com', 48820, 'foto_2.png'),
	(296, 'Toko Prayitnacom', 'prayitna.com@email.com', 32923, 'foto_7.png'),
	(297, 'Toko Hakim Komputer', 'hakim.komputer@email.com', 36294, 'foto_15.png'),
	(298, 'CV. Danuja Tek', 'danuja.tek@email.com', 28614, 'foto_13.png'),
	(299, 'CV. Sihombingcom', 'sihombing.com@email.com', 31359, 'foto_7.png'),
	(300, 'CV. Gandewacom', 'gandewa.com@email.com', 31989, 'foto_15.png'),
	(301, 'Toko Adriansyah Komputer', 'adriansyah.komputer@email.com', 46338, 'foto_6.png'),
	(302, 'PT. Joko Komputer', 'joko.komputer@email.com', 27751, 'foto_4.png'),
	(303, 'Toko Rudi Komputer', 'rudi.komputer@email.com', 37293, 'foto_10.png'),
	(304, 'CV. Saefullah Tek', 'saefullah.tek@email.com', 40729, 'foto_5.png'),
	(305, 'CV. Empluk Tek', 'empluk.tek@email.com', 31660, 'foto_9.png'),
	(306, 'CV. Hutasoitcom', 'hutasoit.com@email.com', 37970, 'foto_11.png'),
	(307, 'CV. Lukita Tek', 'lukita.tek@email.com', 32376, 'foto_15.png'),
	(308, 'Toko Hutasoit Tek', 'hutasoit.tek@email.com', 41681, 'foto_3.png'),
	(309, 'CV. Bahuwirya Komputer', 'bahuwirya.komputer@email.com', 36780, 'foto_5.png'),
	(310, 'CV. Pradana Komputer', 'pradana.komputer@email.com', 40280, 'foto_16.png'),
	(311, 'PT. Ian Komputer', 'ian.komputer@email.com', 41739, 'foto_3.png'),
	(312, 'Toko Kusumocom', 'kusumo.com@email.com', 47018, 'foto_11.png'),
	(313, 'PT. Hadi Tek', 'hadi.tek@email.com', 35750, 'foto_12.png'),
	(314, 'CV. Ibun Tek', 'ibun.tek@email.com', 35670, 'foto_14.png'),
	(315, 'CV. Danang Tek', 'danang.tek@email.com', 49178, 'foto_11.png'),
	(316, 'PT. Nyoman Komputer', 'nyoman.komputer@email.com', 50220, 'foto_13.png'),
	(317, 'PT. Uwaiscom', 'uwais.com@email.com', 27157, 'foto_3.png'),
	(318, 'Toko Jagapati Komputer', 'jagapati.komputer@email.com', 31711, 'foto_16.png'),
	(319, 'PT. Damanikcom', 'damanik.com@email.com', 47305, 'foto_5.png'),
	(320, 'PT. Warta Komputer', 'warta.komputer@email.com', 48342, 'foto_7.png'),
	(321, 'Toko Lazuardi Tek', 'lazuardi.tek@email.com', 32089, 'foto_2.png'),
	(322, 'CV. Damucom', 'damu.com@email.com', 38137, 'foto_12.png'),
	(323, 'PT. Marpaungcom', 'marpaung.com@email.com', 47939, 'foto_15.png'),
	(324, 'PT. Kenaricom', 'kenari.com@email.com', 39876, 'foto_1.png'),
	(325, 'CV. Saputracom', 'saputra.com@email.com', 26227, 'foto_16.png'),
	(326, 'Toko Vinsen Tek', 'vinsen.tek@email.com', 33434, 'foto_1.png'),
	(327, 'CV. Prakasa Tek', 'prakasa.tek@email.com', 37358, 'foto_3.png'),
	(328, 'PT. Caraka Komputer', 'caraka.komputer@email.com', 42984, 'foto_11.png'),
	(329, 'PT. Kenes Komputer', 'kenes.komputer@email.com', 33142, 'foto_4.png'),
	(330, 'Toko Wadi Tek', 'wadi.tek@email.com', 37750, 'foto_9.png'),
	(331, 'Toko Jagaraga Tek', 'jagaraga.tek@email.com', 27234, 'foto_9.png'),
	(332, 'Toko Jokocom', 'joko.com@email.com', 37857, 'foto_2.png'),
	(333, 'CV. Wagecom', 'wage.com@email.com', 40031, 'foto_5.png'),
	(334, 'Toko Hutasoit Komputer', 'hutasoit.komputer@email.com', 47675, 'foto_15.png'),
	(335, 'PT. Reksa Tek', 'reksa.tek@email.com', 26711, 'foto_2.png'),
	(336, 'CV. Bagya Komputer', 'bagya.komputer@email.com', 25782, 'foto_15.png'),
	(337, 'CV. Damanik Komputer', 'damanik.komputer@email.com', 33473, 'foto_7.png'),
	(338, 'Toko Rezacom', 'reza.com@email.com', 48853, 'foto_16.png'),
	(339, 'Toko Marsitocom', 'marsito.com@email.com', 33187, 'foto_3.png'),
	(340, 'Toko Tarihorancom', 'tarihoran.com@email.com', 29411, 'foto_6.png'),
	(341, 'CV. Umar Tek', 'umar.tek@email.com', 34006, 'foto_5.png'),
	(342, 'Toko Dabukke Tek', 'dabukke.tek@email.com', 30160, 'foto_15.png'),
	(343, 'PT. Argonocom', 'argono.com@email.com', 28703, 'foto_17.png'),
	(344, 'CV. Firgantoro Komputer', 'firgantoro.komputer@email.com', 39766, 'foto_2.png'),
	(345, 'PT. Mahdi Komputer', 'mahdi.komputer@email.com', 31131, 'foto_14.png'),
	(346, 'CV. Cahyo Komputer', 'cahyo.komputer@email.com', 45804, 'foto_12.png'),
	(347, 'PT. Dabukkecom', 'dabukke.com@email.com', 45124, 'foto_15.png'),
	(348, 'CV. Opung Tek', 'opung.tek@email.com', 44185, 'foto_17.png'),
	(349, 'Toko Maulanacom', 'maulana.com@email.com', 36618, 'foto_4.png'),
	(350, 'Toko Perkasa Tek', 'perkasa.tek@email.com', 25789, 'foto_9.png'),
	(351, 'CV. Kurniacom', 'kurnia.com@email.com', 29676, 'foto_5.png'),
	(352, 'PT. Wacana Tek', 'wacana.tek@email.com', 34172, 'foto_7.png'),
	(353, 'PT. Emilcom', 'emil.com@email.com', 45264, 'foto_14.png'),
	(354, 'Toko Manahcom', 'manah.com@email.com', 26757, 'foto_7.png'),
	(355, 'PT. Artacom', 'arta.com@email.com', 39137, 'foto_7.png'),
	(356, 'PT. Adika Komputer', 'adika.komputer@email.com', 31650, 'foto_1.png'),
	(357, 'Toko Marbun Tek', 'marbun.tek@email.com', 43521, 'foto_3.png'),
	(358, 'CV. Tirtacom', 'tirta.com@email.com', 30268, 'foto_10.png'),
	(359, 'Toko Anggriawancom', 'anggriawan.com@email.com', 35606, 'foto_9.png'),
	(360, 'PT. Unggul Komputer', 'unggul.komputer@email.com', 48732, 'foto_1.png'),
	(361, 'PT. Ridwancom', 'ridwan.com@email.com', 45274, 'foto_1.png'),
	(362, 'PT. Limar Tek', 'limar.tek@email.com', 37001, 'foto_5.png'),
	(363, 'CV. Mahmud Tek', 'mahmud.tek@email.com', 37409, 'foto_6.png'),
	(364, 'CV. Jatmiko Komputer', 'jatmiko.komputer@email.com', 30668, 'foto_7.png'),
	(365, 'CV. Jayeng Komputer', 'jayeng.komputer@email.com', 31272, 'foto_3.png'),
	(366, 'CV. Saragihcom', 'saragih.com@email.com', 28512, 'foto_11.png'),
	(367, 'Toko Luwar Komputer', 'luwar.komputer@email.com', 45002, 'foto_6.png'),
	(368, 'PT. Reksacom', 'reksa.com@email.com', 35051, 'foto_7.png'),
	(369, 'CV. Uwais Komputer', 'uwais.komputer@email.com', 47250, 'foto_15.png'),
	(370, 'Toko Karnacom', 'karna.com@email.com', 38826, 'foto_12.png'),
	(371, 'CV. Soleh Komputer', 'soleh.komputer@email.com', 27822, 'foto_16.png'),
	(372, 'Toko Sirait Tek', 'sirait.tek@email.com', 35006, 'foto_10.png'),
	(373, 'CV. Warta Komputer', 'warta.komputer@email.com', 37299, 'foto_6.png'),
	(374, 'Toko Mustofa Tek', 'mustofa.tek@email.com', 45942, 'foto_11.png'),
	(375, 'PT. Najib Komputer', 'najib.komputer@email.com', 31230, 'foto_15.png'),
	(376, 'Toko Anggriawan Tek', 'anggriawan.tek@email.com', 48158, 'foto_6.png'),
	(377, 'CV. Kacung Tek', 'kacung.tek@email.com', 50147, 'foto_1.png'),
	(378, 'CV. Ian Komputer', 'ian.komputer@email.com', 48139, 'foto_17.png'),
	(379, 'CV. Wahyudin Tek', 'wahyudin.tek@email.com', 34424, 'foto_11.png'),
	(380, 'PT. Rizki Tek', 'rizki.tek@email.com', 26006, 'foto_11.png'),
	(381, 'CV. Kenzie Komputer', 'kenzie.komputer@email.com', 31811, 'foto_5.png'),
	(382, 'Toko Herucom', 'heru.com@email.com', 39387, 'foto_6.png'),
	(383, 'CV. Pradana Tek', 'pradana.tek@email.com', 40279, 'foto_1.png'),
	(384, 'CV. Omancom', 'oman.com@email.com', 28794, 'foto_9.png'),
	(385, 'Toko Bagascom', 'bagas.com@email.com', 44164, 'foto_15.png'),
	(386, 'Toko Saptono Tek', 'saptono.tek@email.com', 47848, 'foto_14.png'),
	(387, 'PT. Lasmono Komputer', 'lasmono.komputer@email.com', 44150, 'foto_6.png'),
	(388, 'PT. Wijayacom', 'wijaya.com@email.com', 30847, 'foto_12.png'),
	(389, 'Toko Lasmanto Tek', 'lasmanto.tek@email.com', 32215, 'foto_5.png'),
	(390, 'PT. Jaswadicom', 'jaswadi.com@email.com', 34645, 'foto_3.png'),
	(391, 'Toko Tambacom', 'tamba.com@email.com', 40274, 'foto_3.png'),
	(392, 'Toko Bakda Komputer', 'bakda.komputer@email.com', 35934, 'foto_1.png'),
	(393, 'CV. Latupono Tek', 'latupono.tek@email.com', 30190, 'foto_16.png'),
	(394, 'PT. Ganepcom', 'ganep.com@email.com', 37886, 'foto_11.png'),
	(395, 'PT. Uda Tek', 'uda.tek@email.com', 40733, 'foto_7.png'),
	(396, 'PT. Wibowo Tek', 'wibowo.tek@email.com', 40043, 'foto_10.png'),
	(397, 'CV. Mujur Komputer', 'mujur.komputer@email.com', 31615, 'foto_10.png'),
	(398, 'CV. Suryono Komputer', 'suryono.komputer@email.com', 37837, 'foto_17.png'),
	(399, 'Toko Surya Tek', 'surya.tek@email.com', 25987, 'foto_2.png'),
	(400, 'PT. Habibi Tek', 'habibi.tek@email.com', 47211, 'foto_6.png'),
	(401, 'PT. Pranatacom', 'pranata.com@email.com', 42838, 'foto_2.png'),
	(402, 'PT. Situmorang Komputer', 'situmorang.komputer@email.com', 33600, 'foto_14.png'),
	(403, 'Toko Irawan Komputer', 'irawan.komputer@email.com', 50434, 'foto_11.png'),
	(404, 'PT. Kurnia Komputer', 'kurnia.komputer@email.com', 38967, 'foto_5.png'),
	(405, 'Toko Marpaung Komputer', 'marpaung.komputer@email.com', 36741, 'foto_12.png'),
	(406, 'PT. Solehcom', 'soleh.com@email.com', 36915, 'foto_12.png'),
	(407, 'CV. Taufik Komputer', 'taufik.komputer@email.com', 47402, 'foto_4.png'),
	(408, 'CV. Kurniawancom', 'kurniawan.com@email.com', 38825, 'foto_2.png'),
	(409, 'Toko Balidin Tek', 'balidin.tek@email.com', 49952, 'foto_13.png'),
	(410, 'CV. Sitoruscom', 'sitorus.com@email.com', 37229, 'foto_7.png'),
	(411, 'CV. Marsudi Tek', 'marsudi.tek@email.com', 31740, 'foto_11.png'),
	(412, 'PT. Kacung Tek', 'kacung.tek@email.com', 38394, 'foto_9.png'),
	(413, 'PT. Sihombing Tek', 'sihombing.tek@email.com', 32466, 'foto_2.png'),
	(414, 'CV. Digdaya Tek', 'digdaya.tek@email.com', 29611, 'foto_6.png'),
	(415, 'CV. Wadicom', 'wadi.com@email.com', 50503, 'foto_13.png'),
	(416, 'PT. Pranowo Komputer', 'pranowo.komputer@email.com', 42338, 'foto_17.png'),
	(417, 'PT. Rafidcom', 'rafid.com@email.com', 47045, 'foto_7.png'),
	(418, 'CV. Omarcom', 'omar.com@email.com', 34601, 'foto_12.png'),
	(419, 'CV. Jamalcom', 'jamal.com@email.com', 44815, 'foto_5.png'),
	(420, 'PT. Putracom', 'putra.com@email.com', 35556, 'foto_4.png'),
	(421, 'CV. Karja Tek', 'karja.tek@email.com', 40323, 'foto_17.png'),
	(422, 'PT. Utama Komputer', 'utama.komputer@email.com', 44415, 'foto_5.png'),
	(423, 'CV. Makutacom', 'makuta.com@email.com', 40203, 'foto_1.png'),
	(424, 'PT. Januar Komputer', 'januar.komputer@email.com', 45269, 'foto_5.png'),
	(425, 'CV. Damar Komputer', 'damar.komputer@email.com', 49513, 'foto_3.png'),
	(426, 'Toko Salahudin Tek', 'salahudin.tek@email.com', 41811, 'foto_7.png'),
	(427, 'PT. Bahuwarnacom', 'bahuwarna.com@email.com', 45786, 'foto_9.png'),
	(428, 'CV. Wardi Tek', 'wardi.tek@email.com', 42443, 'foto_16.png'),
	(429, 'PT. Estiawancom', 'estiawan.com@email.com', 28021, 'foto_7.png'),
	(430, 'CV. Siregar Komputer', 'siregar.komputer@email.com', 45606, 'foto_16.png'),
	(431, 'Toko Cagak Komputer', 'cagak.komputer@email.com', 35028, 'foto_2.png'),
	(432, 'CV. Hutapea Komputer', 'hutapea.komputer@email.com', 29079, 'foto_11.png'),
	(433, 'Toko Baktianto Tek', 'baktianto.tek@email.com', 36332, 'foto_14.png'),
	(434, 'PT. Nashiruddincom', 'nashiruddin.com@email.com', 49532, 'foto_4.png'),
	(435, 'PT. Putucom', 'putu.com@email.com', 29170, 'foto_12.png'),
	(436, 'PT. Hakimcom', 'hakim.com@email.com', 30247, 'foto_6.png'),
	(437, 'Toko Kawaya Komputer', 'kawaya.komputer@email.com', 47465, 'foto_5.png'),
	(438, 'Toko Hutagalung Komputer', 'hutagalung.komputer@email.com', 28451, 'foto_7.png'),
	(439, 'Toko Leocom', 'leo.com@email.com', 32881, 'foto_5.png'),
	(440, 'Toko Budimancom', 'budiman.com@email.com', 35713, 'foto_9.png'),
	(441, 'Toko Galihcom', 'galih.com@email.com', 42418, 'foto_7.png'),
	(442, 'CV. Jagapati Komputer', 'jagapati.komputer@email.com', 42253, 'foto_3.png'),
	(443, 'Toko Municom', 'muni.com@email.com', 25550, 'foto_12.png'),
	(444, 'Toko Ramadancom', 'ramadan.com@email.com', 50342, 'foto_10.png'),
	(445, 'PT. Prasetya Komputer', 'prasetya.komputer@email.com', 26317, 'foto_2.png'),
	(446, 'PT. Surya Komputer', 'surya.komputer@email.com', 37644, 'foto_4.png'),
	(447, 'CV. Nainggolan Komputer', 'nainggolan.komputer@email.com', 36432, 'foto_6.png'),
	(448, 'Toko Martakacom', 'martaka.com@email.com', 30764, 'foto_12.png'),
	(449, 'CV. Nalar Komputer', 'nalar.komputer@email.com', 46752, 'foto_4.png'),
	(450, 'PT. Cawisono Tek', 'cawisono.tek@email.com', 28298, 'foto_5.png'),
	(451, 'PT. Wasita Komputer', 'wasita.komputer@email.com', 26485, 'foto_12.png'),
	(452, 'Toko Ega Komputer', 'ega.komputer@email.com', 38625, 'foto_6.png'),
	(453, 'Toko Saragih Komputer', 'saragih.komputer@email.com', 28421, 'foto_8.png'),
	(454, 'CV. Yusuf Komputer', 'yusuf.komputer@email.com', 46938, 'foto_5.png'),
	(455, 'Toko Gada Tek', 'gada.tek@email.com', 44848, 'foto_2.png'),
	(456, 'Toko Hutagalungcom', 'hutagalung.com@email.com', 25596, 'foto_5.png'),
	(457, 'CV. Cakrabirawacom', 'cakrabirawa.com@email.com', 46175, 'foto_1.png'),
	(458, 'Toko Ismailcom', 'ismail.com@email.com', 49814, 'foto_1.png'),
	(459, 'Toko Najamcom', 'najam.com@email.com', 47565, 'foto_11.png'),
	(460, 'CV. Jailanicom', 'jailani.com@email.com', 35585, 'foto_7.png'),
	(461, 'CV. Galur Tek', 'galur.tek@email.com', 48695, 'foto_2.png'),
	(462, 'CV. Utama Komputer', 'utama.komputer@email.com', 48322, 'foto_4.png'),
	(463, 'CV. Egacom', 'ega.com@email.com', 38950, 'foto_8.png'),
	(464, 'Toko Gamancom', 'gaman.com@email.com', 31865, 'foto_12.png'),
	(465, 'CV. Halim Komputer', 'halim.komputer@email.com', 47380, 'foto_16.png'),
	(466, 'PT. Rangga Komputer', 'rangga.komputer@email.com', 29751, 'foto_11.png'),
	(467, 'CV. Santoso Komputer', 'santoso.komputer@email.com', 30758, 'foto_8.png'),
	(468, 'PT. Kamalcom', 'kamal.com@email.com', 49710, 'foto_15.png'),
	(469, 'Toko Hutapeacom', 'hutapea.com@email.com', 40800, 'foto_15.png'),
	(470, 'Toko Jaga Tek', 'jaga.tek@email.com', 42741, 'foto_8.png'),
	(471, 'PT. Wasitacom', 'wasita.com@email.com', 39713, 'foto_12.png'),
	(472, 'CV. Imam Komputer', 'imam.komputer@email.com', 41403, 'foto_12.png'),
	(473, 'CV. Rajatacom', 'rajata.com@email.com', 47474, 'foto_3.png'),
	(474, 'PT. Alambanacom', 'alambana.com@email.com', 26089, 'foto_7.png'),
	(475, 'PT. Dadi Tek', 'dadi.tek@email.com', 45141, 'foto_12.png'),
	(476, 'PT. Suwarno Tek', 'suwarno.tek@email.com', 38192, 'foto_4.png'),
	(477, 'CV. Manullang Tek', 'manullang.tek@email.com', 25773, 'foto_11.png'),
	(478, 'CV. Bala Tek', 'bala.tek@email.com', 47711, 'foto_17.png'),
	(479, 'PT. Sihotang Tek', 'sihotang.tek@email.com', 28595, 'foto_7.png'),
	(480, 'Toko Jarwadi Komputer', 'jarwadi.komputer@email.com', 29689, 'foto_17.png'),
	(481, 'Toko Ardianto Tek', 'ardianto.tek@email.com', 38613, 'foto_16.png'),
	(482, 'CV. Marwata Tek', 'marwata.tek@email.com', 27039, 'foto_6.png'),
	(483, 'CV. Utamacom', 'utama.com@email.com', 33035, 'foto_6.png'),
	(484, 'CV. Marsito Tek', 'marsito.tek@email.com', 35941, 'foto_11.png'),
	(485, 'PT. Bakiman Tek', 'bakiman.tek@email.com', 43413, 'foto_5.png'),
	(486, 'CV. Cecep Komputer', 'cecep.komputer@email.com', 38638, 'foto_16.png'),
	(487, 'PT. Iswahyudi Tek', 'iswahyudi.tek@email.com', 35035, 'foto_9.png'),
	(488, 'PT. Wage Komputer', 'wage.komputer@email.com', 35662, 'foto_16.png'),
	(489, 'CV. Putra Tek', 'putra.tek@email.com', 44903, 'foto_16.png'),
	(490, 'PT. Tugiman Tek', 'tugiman.tek@email.com', 27686, 'foto_16.png'),
	(491, 'PT. Lulut Tek', 'lulut.tek@email.com', 48185, 'foto_2.png'),
	(492, 'Toko Anggabaya Komputer', 'anggabaya.komputer@email.com', 47126, 'foto_3.png'),
	(493, 'CV. Tugimancom', 'tugiman.com@email.com', 48846, 'foto_7.png'),
	(494, 'PT. Sitorus Tek', 'sitorus.tek@email.com', 32561, 'foto_13.png'),
	(495, 'CV. Kenaricom', 'kenari.com@email.com', 50073, 'foto_16.png'),
	(496, 'CV. Wasiscom', 'wasis.com@email.com', 28065, 'foto_7.png'),
	(497, 'CV. Mandala Tek', 'mandala.tek@email.com', 37581, 'foto_4.png'),
	(498, 'PT. Omarcom', 'omar.com@email.com', 38793, 'foto_13.png'),
	(499, 'PT. Ibranicom', 'ibrani.com@email.com', 49749, 'foto_12.png'),
	(500, 'PT. Ardianto Tek', 'ardianto.tek@email.com', 43171, 'foto_5.png'),
	(501, 'Toko Limar Tek', 'limar.tek@email.com', 38643, 'foto_4.png'),
	(502, 'Toko Kusumacom', 'kusuma.com@email.com', 32068, 'foto_15.png'),
	(503, 'Toko Thamrincom', 'thamrin.com@email.com', 30123, 'foto_12.png'),
	(504, 'PT. Daniswara Komputer', 'daniswara.komputer@email.com', 41075, 'foto_13.png'),
	(505, 'Toko Maheswara Tek', 'maheswara.tek@email.com', 45922, 'foto_5.png'),
	(506, 'Toko Salahudin Komputer', 'salahudin.komputer@email.com', 29478, 'foto_3.png'),
	(507, 'Toko Jatmikocom', 'jatmiko.com@email.com', 32193, 'foto_15.png'),
	(508, 'CV. Irfancom', 'irfan.com@email.com', 48757, 'foto_9.png'),
	(509, 'Toko Wibisonocom', 'wibisono.com@email.com', 29062, 'foto_8.png'),
	(510, 'PT. Lembah Komputer', 'lembah.komputer@email.com', 43191, 'foto_13.png'),
	(511, 'Toko Pangestu Tek', 'pangestu.tek@email.com', 30052, 'foto_13.png'),
	(512, 'CV. Teddy Komputer', 'teddy.komputer@email.com', 31077, 'foto_3.png'),
	(513, 'CV. Simbolon Komputer', 'simbolon.komputer@email.com', 26313, 'foto_2.png'),
	(514, 'PT. Yusuf Tek', 'yusuf.tek@email.com', 34717, 'foto_8.png'),
	(515, 'Toko Bahuraksa Komputer', 'bahuraksa.komputer@email.com', 44185, 'foto_14.png'),
	(516, 'Toko Irsad Komputer', 'irsad.komputer@email.com', 26036, 'foto_10.png'),
	(517, 'PT. Nababan Komputer', 'nababan.komputer@email.com', 25845, 'foto_17.png'),
	(518, 'Toko Legawa Tek', 'legawa.tek@email.com', 26023, 'foto_12.png'),
	(519, 'PT. Imam Komputer', 'imam.komputer@email.com', 44173, 'foto_7.png'),
	(520, 'PT. Wijaya Komputer', 'wijaya.komputer@email.com', 47034, 'foto_12.png'),
	(521, 'Toko Lulut Komputer', 'lulut.komputer@email.com', 43443, 'foto_15.png'),
	(522, 'CV. Harsanto Komputer', 'harsanto.komputer@email.com', 44493, 'foto_1.png'),
	(523, 'Toko Tarihoran Komputer', 'tarihoran.komputer@email.com', 40170, 'foto_16.png');

-- Dumping structure for table admin_template.toko_penjualan
CREATE TABLE IF NOT EXISTS `toko_penjualan` (
  `id_penjualan` int(11) NOT NULL AUTO_INCREMENT,
  `no_invoice` char(13) DEFAULT NULL,
  `total_berat` int(11) DEFAULT NULL,
  `ongkos_kirim` int(11) DEFAULT NULL,
  `total_harga` int(11) DEFAULT NULL,
  `total_harga_beli` int(11) DEFAULT NULL,
  `id_pelanggan` int(10) unsigned DEFAULT NULL,
  `alamat_penerima` varchar(255) DEFAULT NULL,
  `tgl_kirim` datetime DEFAULT NULL,
  `id_ekspedisi` tinyint(4) DEFAULT NULL,
  `jenis_pengiriman` varchar(50) DEFAULT NULL,
  `tgl_transaksi` datetime DEFAULT NULL,
  PRIMARY KEY (`id_penjualan`) USING BTREE,
  KEY `id_user_total_harga` (`total_harga`) USING BTREE,
  KEY `tgl_trx` (`tgl_transaksi`) USING BTREE
) ENGINE=InnoDB AUTO_INCREMENT=10787 DEFAULT CHARSET=latin1 ROW_FORMAT=DYNAMIC;

-- Dumping data for table admin_template.toko_penjualan: ~5,393 rows (approximately)
INSERT INTO `toko_penjualan` (`id_penjualan`, `no_invoice`, `total_berat`, `ongkos_kirim`, `total_harga`, `total_harga_beli`, `id_pelanggan`, `alamat_penerima`, `tgl_kirim`, `id_ekspedisi`, `jenis_pengiriman`, `tgl_transaksi`) VALUES
	(2, 'INV-100000002', 1892, 54000, 3063500, 2900000, 446, 'Jalan L No. 148, Kel Sumengko, Kec Kedungpring, Kab Kabupaten Lamongan Jawa Timur, 62272', '2019-01-02 09:40:18', 5, 'REG', '2022-01-01 12:31:39'),
	(4, 'INV-100000004', 1030, 42000, 2197250, 2075000, 214, 'Jalan Q No. 61, Kel Sumberadi, Kec Mlati, Kab Kabupaten Sleman DI Yogyakarta, 55288', '2019-01-02 16:31:41', 5, 'REG', '2022-01-01 21:51:03'),
	(6, 'INV-100000006', 3694, 108000, 1702250, 1622500, 296, 'Jalan M No. 95, Kel Bayemgede, Kec Kepoh Baru, Kab Kabupaten Bojonegoro Jawa Timur, 62194', '2019-01-02 09:18:29', 1, 'REG', '2022-01-01 01:31:37'),
	(8, 'INV-100000008', 2450, 63000, 968000, 880000, 192, 'Jalan N No. 32, Kel Jiworejo, Kec Jiken, Kab Kabupaten Blora Jawa Tengah, 58372', '2019-01-02 14:00:50', 5, 'REG', '2022-01-01 01:43:06'),
	(10, 'INV-100000010', 3192, 84000, 2590500, 2550000, 212, 'Jalan L No. 87, Kel Baturetno, Kec Banguntapan, Kab Kabupaten Bantul DI Yogyakarta, 55197', '2019-01-03 12:36:59', 3, 'REG', '2022-01-02 20:22:46'),
	(12, 'INV-100000012', 640, 21000, 665500, 605000, 210, 'Jalan B No. 115, Kel Kedunggading, Kec Ringinarum, Kab Kabupaten Kendal Jawa Tengah, 51356', '2019-01-03 10:59:09', 3, 'REG', '2022-01-02 01:24:09'),
	(14, 'INV-100000014', 9332, 210000, 4059000, 3690000, 254, 'Jalan E No. 119, Kel Palimanan Barat, Kec Gempol, Kab Kabupaten Cirebon Jawa Barat, 45161', '2019-01-03 12:21:07', 5, 'REG', '2022-01-02 11:33:32'),
	(16, 'INV-100000016', 850, 27000, 3905000, 3550000, 248, 'Jalan Q No. 124, Kel Prenduan, Kec Pragaan, Kab Kabupaten Sumenep Jawa Timur, 69465', '2019-01-03 10:52:00', 1, 'REG', '2022-01-02 20:57:47'),
	(18, 'INV-100000018', 2972, 81000, 2101000, 1960000, 235, 'Jalan J No. 147, Kel Prayungan, Kec Sumberrejo, Kab Kabupaten Bojonegoro Jawa Timur, 62191', '2019-01-03 10:25:25', 3, 'REG', '2022-01-02 22:17:09'),
	(20, 'INV-100000020', 5082, 162000, 1760000, 1640000, 299, 'Jalan K No. 50, Kel Waru Gunung, Kec Karangpilang, Kab Kota Surabaya Jawa Timur, 60221', '2019-01-03 13:15:21', 5, 'REG', '2022-01-02 18:34:53'),
	(22, 'INV-100000022', 287, 21000, 605000, 550000, 76, 'Jalan X No. 30, Kel Tegalmade, Kec Mojolaban, Kab Kabupaten Sukoharjo Jawa Tengah, 57554', '2019-01-03 16:45:05', 2, 'REG', '2022-01-02 06:16:56'),
	(24, 'INV-100000024', 1100, 54000, 3580500, 3580000, 6, 'Jalan W No. 81, Kel Mulyoarjo, Kec Lawang, Kab Kabupaten Malang Jawa Timur, 65216', '2019-01-04 12:56:10', 1, 'REG', '2022-01-03 13:00:56'),
	(26, 'INV-100000026', 2897, 63000, 3968250, 3982500, 510, 'Jalan M No. 110, Kel Linggaraja, Kec Sukaraja, Kab Kabupaten Tasikmalaya Jawa Barat, 46183', '2019-01-04 14:12:32', 6, 'REG', '2022-01-03 00:05:05'),
	(28, 'INV-100000028', 153, 27000, 403700, 407000, 323, 'Jalan N No. 36, Kel Sambiroto, Kec Baron, Kab Kabupaten Nganjuk Jawa Timur, 64394', '2019-01-04 14:40:40', 5, 'REG', '2022-01-03 04:01:39'),
	(30, 'INV-100000030', 1855, 42000, 3465550, 3150500, 64, 'Jalan E No. 140, Kel Ciakar, Kec Cijulang, Kab Kabupaten Pangandaran Jawa Barat, 46394', '2019-01-04 12:27:23', 3, 'REG', '2022-01-03 12:29:50'),
	(32, 'INV-100000032', 670, 21000, 1672000, 1520000, 269, 'Jalan E No. 105, Kel Bulusari, Kec Slogohimo, Kab Kabupaten Wonogiri Jawa Tengah, 57694', '2019-01-04 09:41:11', 2, 'REG', '2022-01-03 06:48:07'),
	(34, 'INV-100000034', 532, 21000, 1034000, 940000, 247, 'Jalan D No. 111, Kel Kedalingan, Kec Tambakromo, Kab Kabupaten Pati Jawa Tengah, 59174', '2019-01-04 11:41:26', 1, 'REG', '2022-01-03 21:39:34'),
	(36, 'INV-100000036', 3073, 84000, 5857500, 5600000, 234, 'Jalan P No. 125, Kel Ngrandah, Kec Toroh, Kab Kabupaten Grobogan Jawa Tengah, 58171', '2019-01-04 14:14:56', 2, 'REG', '2022-01-03 03:35:31'),
	(38, 'INV-100000038', 1117, 54000, 4034250, 4075000, 323, 'Jalan V No. 61, Kel Sembilangan, Kec Bangkalan, Kab Kabupaten Bangkalan Jawa Timur, 69118', '2019-01-05 12:57:46', 4, 'REG', '2022-01-04 19:48:14'),
	(40, 'INV-100000040', 500, 27000, 4647500, 4550000, 305, 'Jalan H No. 86, Kel Guci, Kec Karang Geneng, Kab Kabupaten Lamongan Jawa Timur, 62254', '2019-01-05 11:07:31', 1, 'REG', '2022-01-04 09:40:15'),
	(42, 'INV-100000042', 979, 15000, 1268025, 1155000, 303, 'Jalan E No. 73, Kel Sukadiri, Kec Sukadiri, Kab Kabupaten Tangerang Banten, 15530', '2019-01-05 13:30:07', 5, 'REG', '2022-01-04 23:50:43'),
	(44, 'INV-100000044', 1200, 54000, 5142500, 5050000, 8, 'Jalan N No. 77, Kel Sumberejo, Kec Banyuputih, Kab Kabupaten Situbondo Jawa Timur, 68374', '2019-01-05 10:54:36', 3, 'REG', '2022-01-04 16:29:44'),
	(46, 'INV-100000046', 2023, 81000, 5879500, 5345000, 232, 'Jalan B No. 24, Kel Penanggal, Kec Candipuro, Kab Kabupaten Lumajang Jawa Timur, 67373', '2019-01-06 16:46:02', 1, 'REG', '2022-01-05 04:58:19'),
	(48, 'INV-100000048', 4740, 105000, 8321500, 7970000, 33, 'Jalan B No. 39, Kel Buaran, Kec Jatibarang, Kab Kabupaten Brebes Jawa Tengah, 52261', '2019-01-06 16:14:51', 2, 'REG', '2022-01-05 00:28:34'),
	(50, 'INV-100000050', 1670, 42000, 1955250, 1800000, 237, 'Jalan E No. 121, Kel Losari Kidul, Kec Losari, Kab Kabupaten Cirebon Jawa Barat, 45192', '2019-01-06 15:36:28', 3, 'REG', '2022-01-05 10:11:06'),
	(52, 'INV-100000052', 1047, 42000, 3377000, 3070000, 283, 'Jalan F No. 110, Kel Cikangkung, Kec Ciracap, Kab Kabupaten Sukabumi Jawa Barat, 43176', '2019-01-06 13:58:45', 6, 'REG', '2022-01-05 13:59:15'),
	(54, 'INV-100000054', 108, 27000, 95700, 87000, 262, 'Jalan V No. 146, Kel Sidomulyo, Kec Ngadirojo, Kab Kabupaten Pacitan Jawa Timur, 63572', '2019-01-06 16:40:31', 2, 'REG', '2022-01-05 21:43:45'),
	(56, 'INV-100000056', 76, 21000, 92400, 84000, 317, 'Jalan T No. 140, Kel Rejosari, Kec Kangkung, Kab Kabupaten Kendal Jawa Tengah, 51353', '2019-01-08 16:07:03', 6, 'REG', '2022-01-07 10:54:03'),
	(58, 'INV-100000058', 4657, 135000, 1438250, 1307500, 367, 'Jalan N No. 106, Kel Kepanjen, Kec Kepanjen, Kab Kabupaten Malang Jawa Timur, 65163', '2019-01-08 14:51:11', 2, 'REG', '2022-01-07 00:54:39'),
	(60, 'INV-100000060', 4022, 105000, 5289900, 5159000, 357, 'Jalan A No. 113, Kel Sijeruk, Kec Kendal, Kab Kabupaten Kendal Jawa Tengah, 51315', '2019-01-08 12:24:40', 3, 'REG', '2022-01-07 20:50:46'),
	(62, 'INV-100000062', 3030, 84000, 1639000, 1540000, 53, 'Jalan Y No. 66, Kel Sedari, Kec Cibuaya, Kab Kabupaten Karawang Jawa Barat, 41356', '2019-01-08 09:30:41', 4, 'REG', '2022-01-07 20:50:47'),
	(64, 'INV-100000064', 4604, 105000, 2763750, 2520000, 49, 'Jalan N No. 62, Kel Tunggara, Kec Sigaluh, Kab Kabupaten Banjarnegara Jawa Tengah, 53481', '2019-01-08 15:33:07', 3, 'REG', '2022-01-07 16:22:46'),
	(66, 'INV-100000066', 177, 21000, 613800, 558000, 194, 'Jalan O No. 37, Kel Karyamandala, Kec Salopa, Kab Kabupaten Tasikmalaya Jawa Barat, 46192', '2019-01-08 15:47:00', 5, 'REG', '2022-01-07 20:32:14'),
	(68, 'INV-100000068', 761, 21000, 3073400, 2794000, 302, 'Jalan Y No. 66, Kel Jatisari, Kec Banjarejo, Kab Kabupaten Blora Jawa Tengah, 58253', '2019-01-08 15:09:41', 1, 'REG', '2022-01-07 21:32:32'),
	(70, 'INV-100000070', 1207, 30000, 2178000, 1980000, 269, 'Jalan P No. 28, Kel Campakawarna, Kec Sindangresmi, Kab Kabupaten Pandeglang Banten, 42276', '2019-01-09 09:06:58', 5, 'REG', '2022-01-08 00:25:00'),
	(72, 'INV-100000072', 1100, 30000, 4647500, 4550000, 286, 'Jalan P No. 82, Kel Cibingbin, Kec Cibaliung, Kab Kabupaten Pandeglang Banten, 42285', '2019-01-09 12:35:13', 2, 'REG', '2022-01-08 09:15:22'),
	(74, 'INV-100000074', 1383, 42000, 5375700, 4927000, 231, 'Jalan J No. 133, Kel Kalisalak, Kec Kebasen, Kab Kabupaten Banyumas Jawa Tengah, 53172', '2019-01-09 12:49:06', 3, 'REG', '2022-01-08 19:18:54'),
	(76, 'INV-100000076', 2947, 63000, 4829275, 4392500, 54, 'Jalan P No. 125, Kel Ngrandah, Kec Toroh, Kab Kabupaten Grobogan Jawa Tengah, 58171', '2019-01-09 16:09:00', 2, 'REG', '2022-01-08 09:35:29'),
	(78, 'INV-100000078', 3300, 84000, 4785000, 4800000, 373, 'Jalan H No. 129, Kel Loram Kulon, Kec Jati, Kab Kabupaten Kudus Jawa Tengah, 59344', '2019-01-10 11:39:04', 3, 'REG', '2022-01-09 07:33:27'),
	(80, 'INV-100000080', 695, 21000, 3952850, 3918500, 184, 'Jalan P No. 145, Kel Manggungan, Kec Trisi/Terisi, Kab Kabupaten Indramayu Jawa Barat, 45262', '2019-01-10 16:27:44', 5, 'REG', '2022-01-09 01:10:30'),
	(82, 'INV-100000082', 340, 21000, 913000, 870000, 480, 'Jalan P No. 147, Kel Sitimulyo, Kec Pucakwangi, Kab Kabupaten Pati Jawa Tengah, 59183', '2019-01-10 10:03:00', 4, 'REG', '2022-01-09 20:54:56'),
	(84, 'INV-100000084', 692, 21000, 2038850, 1853500, 69, 'Jalan L No. 114, Kel Gergunung, Kec Klaten Utara, Kab Kabupaten Klaten Jawa Tengah, 57434', '2019-01-10 10:31:46', 6, 'REG', '2022-01-09 12:33:57'),
	(86, 'INV-100000086', 6322, 189000, 6704500, 6220000, 270, 'Jalan E No. 118, Kel Kerep, Kec Tarokan, Kab Kabupaten Kediri Jawa Timur, 64152', '2019-01-10 16:33:06', 4, 'REG', '2022-01-09 18:04:44'),
	(88, 'INV-100000088', 237, 21000, 1232000, 1120000, 259, 'Jalan Q No. 41, Kel Pusakasari, Kec Leles, Kab Kabupaten Cianjur Jawa Barat, 43273', '2019-01-11 16:31:54', 4, 'REG', '2022-01-10 22:43:16'),
	(90, 'INV-100000090', 479, 21000, 297000, 270000, 304, 'Jalan L No. 27, Kel Troso, Kec Pecangaan, Kab Kabupaten Jepara Jawa Tengah, 59462', '2019-01-11 10:35:41', 4, 'REG', '2022-01-10 09:30:53'),
	(92, 'INV-100000092', 523, 21000, 2867700, 2607000, 305, 'Jalan R No. 83, Kel Dumeling, Kec Wanasari, Kab Kabupaten Brebes Jawa Tengah, 52252', '2019-01-11 09:24:34', 3, 'REG', '2022-01-10 23:42:45'),
	(94, 'INV-100000094', 1050, 42000, 951500, 865000, 211, 'Jalan M No. 144, Kel Gereba, Kec Cipaku, Kab Kabupaten Ciamis Jawa Barat, 46252', '2019-01-11 16:24:29', 6, 'REG', '2022-01-10 09:23:55'),
	(96, 'INV-100000096', 167, 27000, 544500, 495000, 90, 'Jalan F No. 73, Kel Kelompang Gubug, Kec Tambak, Kab Kabupaten Gresik Jawa Timur, 61182', '2019-01-11 10:37:41', 2, 'REG', '2022-01-10 01:26:11'),
	(98, 'INV-100000098', 1080, 42000, 2156000, 1960000, 343, 'Jalan F No. 90, Kel Baturagung, Kec Gubug, Kab Kabupaten Grobogan Jawa Tengah, 58164', '2019-01-12 12:41:55', 4, 'REG', '2022-01-11 13:15:46'),
	(100, 'INV-100000100', 1450, 42000, 4840000, 4400000, 16, 'Jalan F No. 133, Kel Sindulang, Kec Cimanggung, Kab Kabupaten Sumedang Jawa Barat, 45364', '2019-01-12 14:30:51', 6, 'REG', '2022-01-11 11:10:43'),
	(102, 'INV-100000102', 640, 21000, 3960000, 4000000, 200, 'Jalan P No. 124, Kel Purwokerto Kulon, Kec Purwokerto Selatan, Kab Kabupaten Banyumas Jawa Tengah, 53141', '2019-01-12 10:59:17', 4, 'REG', '2022-01-11 03:46:05'),
	(104, 'INV-100000104', 6053, 147000, 6831000, 6210000, 308, 'Jalan F No. 51, Kel Rasukan, Kec Ngombol, Kab Kabupaten Purworejo Jawa Tengah, 54172', '2019-01-12 09:53:20', 6, 'REG', '2022-01-11 04:41:40'),
	(106, 'INV-100000106', 755, 27000, 3069000, 2790000, 243, 'Jalan R No. 79, Kel Bancelok, Kec Jrengik, Kab Kabupaten Sampang Jawa Timur, 69272', '2019-01-12 11:29:14', 4, 'REG', '2022-01-11 10:33:06'),
	(108, 'INV-100000108', 3144, 108000, 1016400, 924000, 289, 'Jalan R No. 110, Kel Karang, Kec Semanding, Kab Kabupaten Tuban Jawa Timur, 62381', '2019-01-12 16:42:35', 3, 'REG', '2022-01-11 21:58:04'),
	(110, 'INV-100000110', 1973, 42000, 8580000, 8300000, 235, 'Jalan J No. 142, Kel Peniron, Kec Pejagoan, Kab Kabupaten Kebumen Jawa Tengah, 54361', '2019-01-13 10:17:15', 6, 'REG', '2022-01-12 05:16:35'),
	(112, 'INV-100000112', 6827, 147000, 1617000, 1595000, 367, 'Jalan V No. 44, Kel Krebet, Kec Masaran, Kab Kabupaten Sragen Jawa Tengah, 57282', '2019-01-13 09:06:52', 3, 'REG', '2022-01-12 18:53:25'),
	(114, 'INV-100000114', 364, 21000, 3485625, 3517500, 478, 'Jalan G No. 108, Kel Tangsimekar, Kec Paseh, Kab Kabupaten Bandung Jawa Barat, 40383', '2019-01-13 11:25:19', 6, 'REG', '2022-01-12 09:31:56'),
	(116, 'INV-100000116', 5257, 162000, 3685000, 3350000, 62, 'Jalan E No. 81, Kel Gondanglegi, Kec Prambon, Kab Kabupaten Nganjuk Jawa Timur, 64484', '2019-01-13 15:24:09', 3, 'REG', '2022-01-12 16:15:36'),
	(118, 'INV-100000118', 5402, 162000, 8244500, 7570000, 498, 'Jalan R No. 78, Kel Manduro Manggung Gajah, Kec Ngoro, Kab Kabupaten Mojokerto Jawa Timur, 61385', '2019-01-15 14:38:25', 3, 'REG', '2022-01-14 09:58:22'),
	(120, 'INV-100000120', 5972, 126000, 1592250, 1447500, 345, 'Jalan T No. 103, Kel Campuranom, Kec Bansari, Kab Kabupaten Temanggung Jawa Tengah, 56265', '2019-01-15 09:55:15', 5, 'REG', '2022-01-14 23:01:34'),
	(122, 'INV-100000122', 2379, 81000, 4103000, 3770000, 325, 'Jalan D No. 44, Kel Kenongo, Kec Tulangan, Kab Kabupaten Sidoarjo Jawa Timur, 61273', '2019-01-15 16:10:24', 4, 'REG', '2022-01-14 00:26:32'),
	(124, 'INV-100000124', 8608, 189000, 3073400, 2814000, 229, 'Jalan C No. 36, Kel Puspamukti, Kec Cigalontang, Kab Kabupaten Tasikmalaya Jawa Barat, 46463', '2019-01-15 14:40:05', 6, 'REG', '2022-01-14 08:49:17'),
	(126, 'INV-100000126', 3110, 108000, 3638250, 3425000, 278, 'Jalan Z No. 38, Kel Sumberbendo, Kec Mantup, Kab Kabupaten Lamongan Jawa Timur, 62283', '2019-01-15 10:57:02', 4, 'REG', '2022-01-14 20:15:58'),
	(128, 'INV-100000128', 5920, 126000, 5964750, 6025000, 285, 'Jalan Z No. 76, Kel Panulisan, Kec Dayeuhluhur, Kab Kabupaten Cilacap Jawa Tengah, 53266', '2019-01-15 16:14:52', 5, 'REG', '2022-01-14 17:15:31'),
	(130, 'INV-100000130', 2960, 63000, 4103000, 3730000, 239, 'Jalan K No. 130, Kel Ciparanti, Kec Cimerak, Kab Kabupaten Pangandaran Jawa Barat, 46395', '2019-01-15 09:00:07', 5, 'REG', '2022-01-14 20:52:08'),
	(132, 'INV-100000132', 522, 21000, 1452275, 1322500, 428, 'Jalan V No. 33, Kel Mranggen, Kec Jatinom, Kab Kabupaten Klaten Jawa Tengah, 57481', '2019-01-16 13:24:06', 2, 'REG', '2022-01-15 21:59:54'),
	(134, 'INV-100000134', 832, 27000, 1958000, 1780000, 425, 'Jalan S No. 121, Kel Banjarmendalan, Kec Lamongan, Kab Kabupaten Lamongan Jawa Timur, 62212', '2019-01-16 09:07:06', 2, 'REG', '2022-01-15 23:41:33'),
	(136, 'INV-100000136', 2603, 63000, 4290000, 3900000, 182, 'Jalan U No. 141, Kel Jatirawa, Kec Tarub, Kab Kabupaten Tegal Jawa Tengah, 52184', '2019-01-16 10:07:19', 6, 'REG', '2022-01-15 15:58:18'),
	(138, 'INV-100000138', 6020, 189000, 2084500, 1970000, 300, 'Jalan H No. 117, Kel Katol Barat, Kec Geger, Kab Kabupaten Bangkalan Jawa Timur, 69152', '2019-01-16 11:36:49', 4, 'REG', '2022-01-15 23:58:44'),
	(140, 'INV-100000140', 4072, 135000, 1122550, 1060500, 325, 'Jalan T No. 101, Kel Tolang, Kec Banyuates, Kab Kabupaten Sampang Jawa Timur, 69263', '2019-01-16 16:18:30', 2, 'REG', '2022-01-15 17:29:03'),
	(142, 'INV-100000142', 1427, 54000, 3800500, 3550000, 226, 'Jalan I No. 73, Kel Tanjung, Kec Pademawu, Kab Kabupaten Pamekasan Jawa Timur, 69323', '2019-01-16 13:00:20', 6, 'REG', '2022-01-15 15:07:24'),
	(144, 'INV-100000144', 427, 21000, 3275800, 2978000, 236, 'Jalan G No. 126, Kel Tribaktimulya, Kec Pangalengan, Kab Kabupaten Bandung Jawa Barat, 40378', '2019-01-17 13:42:58', 5, 'REG', '2022-01-16 18:39:31'),
	(146, 'INV-100000146', 667, 27000, 704000, 640000, 233, 'Jalan S No. 144, Kel Totosan, Kec Batang Batang, Kab Kabupaten Sumenep Jawa Timur, 69473', '2019-01-17 12:00:25', 6, 'REG', '2022-01-16 09:25:22'),
	(148, 'INV-100000148', 4202, 135000, 2706000, 2555000, 232, 'Jalan D No. 107, Kel Margosuko, Kec Bancar, Kab Kabupaten Tuban Jawa Timur, 62354', '2019-01-17 11:02:36', 5, 'REG', '2022-01-16 06:49:51'),
	(150, 'INV-100000150', 2972, 63000, 602800, 548000, 109, 'Jalan I No. 125, Kel Cikeusal, Kec Gempol, Kab Kabupaten Cirebon Jawa Barat, 45161', '2019-01-17 15:45:42', 5, 'REG', '2022-01-16 04:21:32'),
	(152, 'INV-100000152', 2830, 63000, 6762250, 6260000, 4, 'Jalan Y No. 82, Kel Kaliombo, Kec Sulang, Kab Kabupaten Rembang Jawa Tengah, 59254', '2019-01-17 16:32:09', 6, 'REG', '2022-01-16 05:11:47'),
	(154, 'INV-100000154', 2900, 81000, 1760000, 1600000, 436, 'Jalan L No. 88, Kel Bicak, Kec Trowulan, Kab Kabupaten Mojokerto Jawa Timur, 61362', '2019-01-17 13:58:08', 6, 'REG', '2022-01-16 09:45:58'),
	(156, 'INV-100000156', 703, 27000, 836000, 760000, 420, 'Jalan M No. 27, Kel Cangkring, Kec Plumpang, Kab Kabupaten Tuban Jawa Timur, 62382', '2019-01-17 13:05:47', 5, 'REG', '2022-01-16 07:40:25'),
	(158, 'INV-100000158', 720, 27000, 4298250, 4255000, 322, 'Jalan A No. 133, Kel Lopang, Kec Kembangbahu, Kab Kabupaten Lamongan Jawa Timur, 62282', '2019-01-18 12:10:36', 4, 'REG', '2022-01-17 23:26:37'),
	(160, 'INV-100000160', 1502, 54000, 1881000, 1710000, 299, 'Jalan E No. 129, Kel Bantur, Kec Bantur, Kab Kabupaten Malang Jawa Timur, 65179', '2019-01-18 12:39:06', 5, 'REG', '2022-01-17 05:02:12'),
	(162, 'INV-100000162', 3300, 108000, 8717500, 8300000, 301, 'Jalan C No. 58, Kel Poreh, Kec Karang Penang, Kab Kabupaten Sampang Jawa Timur, 69254', '2019-01-18 10:43:23', 6, 'REG', '2022-01-17 14:08:42'),
	(164, 'INV-100000164', 1630, 42000, 913000, 830000, 271, 'Jalan G No. 52, Kel Sukanagara, Kec Soreang, Kab Kabupaten Bandung Jawa Barat, 40911', '2019-01-18 15:53:22', 3, 'REG', '2022-01-17 20:40:20'),
	(166, 'INV-100000166', 2430, 81000, 671000, 660000, 315, 'Jalan N No. 45, Kel Sumurup, Kec Bendungan, Kab Kabupaten Trenggalek Jawa Timur, 66351', '2019-01-18 14:19:10', 1, 'REG', '2022-01-17 10:07:26'),
	(168, 'INV-100000168', 890, 27000, 5571500, 5470000, 435, 'Jalan A No. 124, Kel Nglewan (Ngelewan), Kec Sambit, Kab Kabupaten Ponorogo Jawa Timur, 63474', '2019-01-18 16:29:58', 6, 'REG', '2022-01-17 19:44:27'),
	(170, 'INV-100000170', 1278, 54000, 4500650, 4204000, 22, 'Jalan X No. 34, Kel Sidokare, Kec Sidoarjo, Kab Kabupaten Sidoarjo Jawa Timur, 61214', '2019-01-18 09:29:00', 6, 'REG', '2022-01-17 19:31:35'),
	(172, 'INV-100000172', 6352, 189000, 4149750, 3885000, 426, 'Jalan P No. 40, Kel Kemaduh, Kec Baron, Kab Kabupaten Nganjuk Jawa Timur, 64394', '2019-01-19 15:49:02', 4, 'REG', '2022-01-18 17:41:44'),
	(174, 'INV-100000174', 876, 27000, 1065075, 1007500, 446, 'Jalan Y No. 37, Kel Margomulyo, Kec Margomulyo, Kab Kabupaten Bojonegoro Jawa Timur, 62168', '2019-01-19 12:35:43', 5, 'REG', '2022-01-18 19:29:51'),
	(176, 'INV-100000176', 5623, 162000, 4042500, 3800000, 234, 'Jalan Y No. 110, Kel Cengungklung, Kec Gayam, Kab Kabupaten Bojonegoro Jawa Timur, 62152', '2019-01-19 15:12:43', 3, 'REG', '2022-01-18 08:07:27'),
	(178, 'INV-100000178', 1500, 54000, 5637500, 5350000, 264, 'Jalan O No. 39, Kel Deket Kulon, Kec Deket, Kab Kabupaten Lamongan Jawa Timur, 62291', '2019-01-19 11:04:23', 1, 'REG', '2022-01-18 03:54:58'),
	(180, 'INV-100000180', 1187, 30000, 6726500, 6440000, 327, 'Jalan N No. 121, Kel Pasirwaru, Kec Mancak, Kab Kabupaten Serang Banten, 42165', '2019-01-20 10:48:06', 6, 'REG', '2022-01-19 04:42:34'),
	(182, 'INV-100000182', 2092, 63000, 5643000, 5350000, 312, 'Jalan O No. 32, Kel Genengmulyo, Kec Juwana, Kab Kabupaten Pati Jawa Tengah, 59185', '2019-01-20 16:30:59', 1, 'REG', '2022-01-19 04:31:40'),
	(184, 'INV-100000184', 1204, 54000, 3080000, 3025000, 104, 'Jalan N No. 77, Kel Sumberejo, Kec Banyuputih, Kab Kabupaten Situbondo Jawa Timur, 68374', '2019-01-20 14:54:27', 3, 'REG', '2022-01-19 16:49:48'),
	(186, 'INV-100000186', 1200, 42000, 6517500, 6250000, 152, 'Jalan T No. 105, Kel Ngaglik, Kec Bulukerto, Kab Kabupaten Wonogiri Jawa Tengah, 57697', '2019-01-20 11:55:02', 4, 'REG', '2022-01-19 23:26:21'),
	(188, 'INV-100000188', 1035, 42000, 3058000, 2800000, 406, 'Jalan C No. 102, Kel Tlepok Kulon, Kec Grabag, Kab Kabupaten Purworejo Jawa Tengah, 54265', '2019-01-20 10:08:38', 6, 'REG', '2022-01-19 06:02:29'),
	(190, 'INV-100000190', 1739, 42000, 1636800, 1575500, 100, 'Jalan O No. 138, Kel Badakarya, Kec Punggelan, Kab Kabupaten Banjarnegara Jawa Tengah, 53462', '2019-01-20 10:07:33', 4, 'REG', '2022-01-19 06:27:03'),
	(192, 'INV-100000192', 1600, 54000, 5775000, 5575000, 352, 'Jalan K No. 107, Kel Bendosari, Kec Sanan Kulon, Kab Kabupaten Blitar Jawa Timur, 66151', '2019-01-22 13:39:33', 3, 'REG', '2022-01-21 11:13:16'),
	(194, 'INV-100000194', 1780, 54000, 7394750, 7175000, 227, 'Jalan F No. 63, Kel Wiyung, Kec Wiyung, Kab Kota Surabaya Jawa Timur, 60228', '2019-01-22 09:28:09', 1, 'REG', '2022-01-21 04:04:03'),
	(196, 'INV-100000196', 3803, 84000, 7254500, 6970000, 264, 'Jalan R No. 100, Kel Simpang, Kec Pasirkuda, Kab Kabupaten Cianjur Jawa Barat, 43266', '2019-01-22 13:19:59', 1, 'REG', '2022-01-21 17:13:56'),
	(198, 'INV-100000198', 4557, 75000, 1140700, 1040000, 270, 'Jalan L No. 137, Kel Lebakwangi, Kec Lebak Wangi, Kab Kabupaten Serang Banten, 42183', '2019-01-22 09:26:58', 4, 'REG', '2022-01-21 00:26:24'),
	(200, 'INV-100000200', 310, 21000, 990000, 900000, 277, 'Jalan W No. 118, Kel Karanganom, Kec Kandeman, Kab Kabupaten Batang Jawa Tengah, 51261', '2019-01-22 13:45:30', 5, 'REG', '2022-01-21 09:31:14'),
	(202, 'INV-100000202', 915, 27000, 4851000, 4540000, 178, 'Jalan M No. 36, Kel Bareng, Kec Sawahan, Kab Kabupaten Nganjuk Jawa Timur, 64475', '2019-01-22 15:13:30', 3, 'REG', '2022-01-21 10:34:57'),
	(204, 'INV-100000204', 4178, 135000, 2053700, 1867000, 53, 'Jalan R No. 117, Kel Sidokerto, Kec Buduran, Kab Kabupaten Sidoarjo Jawa Timur, 61252', '2019-01-23 15:35:08', 5, 'REG', '2022-01-22 04:13:49'),
	(206, 'INV-100000206', 4647, 105000, 1513875, 1502500, 180, 'Jalan U No. 52, Kel Kaliurip, Kec Kemiri, Kab Kabupaten Purworejo Jawa Tengah, 54262', '2019-01-23 11:36:54', 1, 'REG', '2022-01-22 07:53:54'),
	(208, 'INV-100000208', 2190, 45000, 9223500, 8790000, 433, 'Jalan H No. 21, Kel Peusar, Kec Panongan, Kab Kabupaten Tangerang Banten, 15710', '2019-01-23 16:05:19', 6, 'REG', '2022-01-22 14:28:54'),
	(210, 'INV-100000210', 1393, 42000, 3652000, 3320000, 99, 'Jalan D No. 115, Kel Tegalretno, Kec Petanahan, Kab Kabupaten Kebumen Jawa Tengah, 54382', '2019-01-23 15:37:10', 5, 'REG', '2022-01-22 03:20:07'),
	(212, 'INV-100000212', 390, 21000, 3602500, 3350000, 317, 'Jalan Q No. 138, Kel Tegalroso, Kec Parakan, Kab Kabupaten Temanggung Jawa Tengah, 56254', '2019-01-23 13:17:02', 4, 'REG', '2022-01-22 03:07:56'),
	(214, 'INV-100000214', 97, 27000, 170500, 155000, 277, 'Jalan L No. 70, Kel Banaran Kulon, Kec Bagor, Kab Kabupaten Nganjuk Jawa Timur, 64461', '2019-01-23 09:34:02', 1, 'REG', '2022-01-22 08:32:43'),
	(216, 'INV-100000216', 3663, 108000, 1170400, 1064000, 278, 'Jalan F No. 97, Kel Ngadirejo, Kec Kediri Kota, Kab Kota Kediri Jawa Timur, 64122', '2019-01-24 12:31:31', 6, 'REG', '2022-01-23 11:06:38'),
	(218, 'INV-100000218', 150, 21000, 869000, 790000, 302, 'Jalan S No. 144, Kel Gribig, Kec Gebog, Kab Kabupaten Kudus Jawa Tengah, 59333', '2019-01-24 13:36:05', 4, 'REG', '2022-01-23 11:23:51'),
	(220, 'INV-100000220', 1653, 54000, 4031500, 3665000, 110, 'Jalan E No. 94, Kel Pojok Rejo, Kec Kesamben, Kab Kabupaten Jombang Jawa Timur, 61484', '2019-01-24 15:10:44', 6, 'REG', '2022-01-23 20:25:22'),
	(222, 'INV-100000222', 1480, 42000, 4455000, 4050000, 338, 'Jalan G No. 96, Kel Mlale, Kec Jenar, Kab Kabupaten Sragen Jawa Tengah, 57256', '2019-01-24 15:49:44', 2, 'REG', '2022-01-23 10:46:14'),
	(224, 'INV-100000224', 2101, 63000, 5559400, 5379000, 352, 'Jalan W No. 20, Kel Karang Baru, Kec Cikarang Utara, Kab Kabupaten Bekasi Jawa Barat, 17530', '2019-01-24 11:08:58', 6, 'REG', '2022-01-23 06:55:44'),
	(226, 'INV-100000226', 2762, 63000, 4540250, 4350000, 209, 'Jalan U No. 60, Kel Mojowetan, Kec Banjarejo, Kab Kabupaten Blora Jawa Tengah, 58253', '2019-01-24 10:13:43', 1, 'REG', '2022-01-23 06:01:26'),
	(228, 'INV-100000228', 680, 27000, 4108500, 4150000, 348, 'Jalan Z No. 58, Kel Tambaagung Barat, Kec Ambunten, Kab Kabupaten Sumenep Jawa Timur, 69455', '2019-01-24 12:29:14', 2, 'REG', '2022-01-23 17:00:51'),
	(230, 'INV-100000230', 955, 27000, 3047000, 2810000, 252, 'Jalan D No. 122, Kel Kertagena Tengah, Kec Kadur, Kab Kabupaten Pamekasan Jawa Timur, 69355', '2019-01-25 14:37:30', 5, 'REG', '2022-01-24 08:30:32'),
	(232, 'INV-100000232', 92, 21000, 242550, 243000, 230, 'Jalan A No. 86, Kel Pabeanilir, Kec Pasekan, Kab Kabupaten Indramayu Jawa Barat, 45219', '2019-01-25 13:14:08', 6, 'REG', '2022-01-24 03:56:08'),
	(234, 'INV-100000234', 772, 27000, 4667300, 4568000, 253, 'Jalan B No. 55, Kel Kuripansari, Kec Pacet, Kab Kabupaten Mojokerto Jawa Timur, 61374', '2019-01-25 09:42:09', 2, 'REG', '2022-01-24 23:22:38'),
	(236, 'INV-100000236', 405, 21000, 2090000, 1900000, 261, 'Jalan N No. 134, Kel Arjasari, Kec Arjasari, Kab Kabupaten Bandung Jawa Barat, 40379', '2019-01-25 12:40:00', 6, 'REG', '2022-01-24 23:31:06'),
	(238, 'INV-100000238', 920, 15000, 6484500, 6270000, 224, 'Jalan J No. 140, Kel Kedaung, Kec Pamulang, Kab Kota Tangerang Selatan Banten, 15415', '2019-01-25 13:05:45', 3, 'REG', '2022-01-24 22:05:07'),
	(240, 'INV-100000240', 10830, 231000, 4719000, 4565000, 375, 'Jalan S No. 131, Kel Langgengsari, Kec Lelea, Kab Kabupaten Indramayu Jawa Barat, 45261', '2019-01-25 14:21:23', 5, 'REG', '2022-01-24 23:25:42'),
	(242, 'INV-100000242', 11300, 324000, 1815000, 1650000, 234, 'Jalan Q No. 149, Kel Ba\'engas, Kec Labang, Kab Kabupaten Bangkalan Jawa Timur, 69163', '2019-01-26 14:48:02', 2, 'REG', '2022-01-25 08:09:32'),
	(244, 'INV-100000244', 702, 21000, 2684000, 2440000, 7, 'Jalan P No. 149, Kel Candi, Kec Todanan, Kab Kabupaten Blora Jawa Tengah, 58256', '2019-01-26 10:06:23', 3, 'REG', '2022-01-25 02:26:19'),
	(246, 'INV-100000246', 2397, 45000, 771375, 752500, 142, 'Jalan J No. 145, Kel Cikatomas, Kec Cilograng, Kab Kabupaten Lebak Banten, 42393', '2019-01-26 12:24:16', 6, 'REG', '2022-01-25 15:23:36'),
	(248, 'INV-100000248', 585, 27000, 4625500, 4550000, 324, 'Jalan B No. 22, Kel Nglebur, Kec Kedungpring, Kab Kabupaten Lamongan Jawa Timur, 62272', '2019-01-26 15:16:00', 6, 'REG', '2022-01-25 09:42:20'),
	(250, 'INV-100000250', 2339, 63000, 517275, 521500, 286, 'Jalan D No. 41, Kel Pruwatan, Kec Bumiayu, Kab Kabupaten Brebes Jawa Tengah, 52273', '2019-01-26 12:02:35', 5, 'REG', '2022-01-25 03:25:49'),
	(252, 'INV-100000252', 1582, 42000, 5480750, 5285000, 271, 'Jalan I No. 108, Kel Mandala, Kec Cimanggu, Kab Kabupaten Cilacap Jawa Tengah, 53256', '2019-01-26 12:39:42', 5, 'REG', '2022-01-25 11:22:03'),
	(254, 'INV-100000254', 892, 21000, 1560900, 1419000, 258, 'Jalan H No. 118, Kel Gombong, Kec Gombong, Kab Kabupaten Kebumen Jawa Tengah, 54411', '2019-01-27 13:33:56', 5, 'REG', '2022-01-26 09:43:18'),
	(256, 'INV-100000256', 2949, 63000, 1171775, 1067500, 404, 'Jalan R No. 108, Kel Kaliabu, Kec Salaman, Kab Kabupaten Magelang Jawa Tengah, 56162', '2019-01-27 14:40:59', 3, 'REG', '2022-01-26 12:31:09'),
	(258, 'INV-100000258', 927, 15000, 915750, 920000, 387, 'Jalan E No. 37, Kel Pematang, Kec Tigaraksa, Kab Kabupaten Tangerang Banten, 15720', '2019-01-27 16:38:48', 6, 'REG', '2022-01-26 01:23:56'),
	(260, 'INV-100000260', 5530, 126000, 2926000, 2700000, 12, 'Jalan T No. 89, Kel Citalang, Kec Tegal Waru, Kab Kabupaten Purwakarta Jawa Barat, 41165', '2019-01-27 16:39:25', 1, 'REG', '2022-01-26 04:43:17'),
	(262, 'INV-100000262', 9072, 210000, 4853750, 4435000, 74, 'Jalan R No. 149, Kel Kosambibatu, Kec Cilebar, Kab Kabupaten Karawang Jawa Barat, 41353', '2019-01-27 09:21:52', 2, 'REG', '2022-01-26 16:28:37'),
	(264, 'INV-100000264', 1659, 54000, 2310000, 2100000, 509, 'Jalan C No. 126, Kel Babadan, Kec Babadan, Kab Kabupaten Ponorogo Jawa Timur, 63491', '2019-01-27 10:30:55', 6, 'REG', '2022-01-26 20:46:34'),
	(266, 'INV-100000266', 796, 21000, 1354375, 1232500, 282, 'Jalan O No. 22, Kel Lumpang, Kec Karanganyar, Kab Kabupaten Purbalingga Jawa Tengah, 53354', '2019-01-29 11:21:06', 1, 'REG', '2022-01-28 02:56:31'),
	(268, 'INV-100000268', 1517, 42000, 3256000, 2960000, 323, 'Jalan U No. 39, Kel Ciaruteun Udik, Kec Cibungbulang, Kab Kabupaten Bogor Jawa Barat, 16630', '2019-01-29 15:25:23', 1, 'REG', '2022-01-28 03:23:35'),
	(270, 'INV-100000270', 1725, 42000, 6042300, 5818000, 283, 'Jalan V No. 60, Kel Terusan, Kec Sindang, Kab Kabupaten Indramayu Jawa Barat, 45224', '2019-01-29 11:08:56', 5, 'REG', '2022-01-28 12:49:45'),
	(272, 'INV-100000272', 2322, 81000, 509850, 513500, 310, 'Jalan Y No. 118, Kel Ketegan, Kec Rejoso, Kab Kabupaten Pasuruan Jawa Timur, 67181', '2019-01-29 10:10:25', 3, 'REG', '2022-01-28 11:12:06'),
	(274, 'INV-100000274', 474, 21000, 415800, 418000, 350, 'Jalan U No. 113, Kel Ciherang Pondok, Kec Caringin, Kab Kabupaten Bogor Jawa Barat, 16730', '2019-01-29 16:48:50', 2, 'REG', '2022-01-28 03:41:28'),
	(276, 'INV-100000276', 9550, 210000, 7040000, 6400000, 266, 'Jalan U No. 88, Kel Sukamaju Baru, Kec Tapos, Kab Kota Depok Jawa Barat, 16455', '2019-01-29 09:34:13', 1, 'REG', '2022-01-28 02:57:47'),
	(278, 'INV-100000278', 523, 21000, 1997325, 1817500, 290, 'Jalan W No. 33, Kel Kartikajaya, Kec Patebon, Kab Kabupaten Kendal Jawa Tengah, 51351', '2019-01-30 12:19:23', 5, 'REG', '2022-01-29 02:09:53'),
	(280, 'INV-100000280', 264, 27000, 1452000, 1397500, 49, 'Jalan N No. 69, Kel Jatirejo, Kec Diwek, Kab Kabupaten Jombang Jawa Timur, 61471', '2019-01-30 10:07:48', 6, 'REG', '2022-01-29 11:21:30'),
	(282, 'INV-100000282', 629, 27000, 965800, 878000, 505, 'Jalan P No. 31, Kel Tinap, Kec Sukomoro, Kab Kabupaten Magetan Jawa Timur, 63391', '2019-01-30 13:29:12', 5, 'REG', '2022-01-29 10:26:03'),
	(284, 'INV-100000284', 822, 27000, 514800, 468000, 269, 'Jalan W No. 41, Kel Sugihan, Kec Jatirogo, Kab Kabupaten Tuban Jawa Timur, 62362', '2019-01-30 11:46:17', 6, 'REG', '2022-01-29 11:23:06'),
	(286, 'INV-100000286', 108, 21000, 143550, 130500, 241, 'Jalan T No. 50, Kel Surorejo, Kec Banyuurip, Kab Kabupaten Purworejo Jawa Tengah, 54171', '2019-01-30 12:22:30', 1, 'REG', '2022-01-29 03:42:48'),
	(288, 'INV-100000288', 1770, 42000, 1969000, 1790000, 239, 'Jalan Y No. 144, Kel Sukabumi, Kec Cepogo, Kab Kabupaten Boyolali Jawa Tengah, 57362', '2019-01-30 11:22:49', 2, 'REG', '2022-01-29 14:54:16'),
	(290, 'INV-100000290', 195, 27000, 623700, 570000, 252, 'Jalan K No. 23, Kel Tamanan, Kec Trenggalek, Kab Kabupaten Trenggalek Jawa Timur, 66312', '2019-01-31 09:46:05', 1, 'REG', '2022-01-30 18:54:40'),
	(292, 'INV-100000292', 772, 21000, 4262775, 4252500, 123, 'Jalan U No. 70, Kel Panyutran, Kec Padaherang, Kab Kabupaten Pangandaran Jawa Barat, 46384', '2019-01-31 12:11:46', 5, 'REG', '2022-01-30 23:18:30'),
	(294, 'INV-100000294', 1085, 42000, 1760000, 1600000, 447, 'Jalan D No. 66, Kel Sukadami, Kec Wanayasa, Kab Kabupaten Purwakarta Jawa Barat, 41174', '2019-01-31 11:07:36', 1, 'REG', '2022-01-30 15:09:50'),
	(296, 'INV-100000296', 225, 27000, 506000, 460000, 302, 'Jalan H No. 69, Kel Sumberoto, Kec Kepoh Baru, Kab Kabupaten Bojonegoro Jawa Timur, 62194', '2019-01-31 15:35:30', 3, 'REG', '2022-01-30 09:17:19'),
	(298, 'INV-100000298', 1293, 42000, 3591500, 3340000, 131, 'Jalan B No. 77, Kel Harapan Baru, Kec Bekasi Utara, Kab Kota Bekasi Jawa Barat, 17123', '2019-01-31 12:36:59', 6, 'REG', '2022-01-30 22:50:24'),
	(300, 'INV-100000300', 1650, 54000, 6869500, 6645000, 495, 'Jalan P No. 135, Kel Betet, Kec Ngronggot, Kab Kabupaten Nganjuk Jawa Timur, 64395', '2019-02-01 15:46:57', 4, 'REG', '2022-01-31 05:14:27'),
	(302, 'INV-100000302', 3562, 108000, 5797275, 5722500, 281, 'Jalan B No. 24, Kel Poka\'an, Kec Kapongan, Kab Kabupaten Situbondo Jawa Timur, 68362', '2019-02-01 15:57:06', 5, 'REG', '2022-01-31 09:45:34'),
	(304, 'INV-100000304', 2007, 45000, 6231500, 5900000, 260, 'Jalan Y No. 80, Kel Tamiang, Kec Gunungsari, Kab Kabupaten Serang Banten, 42163', '2019-02-01 12:58:37', 4, 'REG', '2022-01-31 18:46:16'),
	(306, 'INV-100000306', 4070, 135000, 1958000, 1830000, 251, 'Jalan U No. 66, Kel Kandangan, Kec Srengat, Kab Kabupaten Blitar Jawa Timur, 66152', '2019-02-01 16:59:42', 5, 'REG', '2022-01-31 23:21:10'),
	(308, 'INV-100000308', 1202, 42000, 5627050, 5393000, 232, 'Jalan C No. 45, Kel Pasurenan, Kec Batur, Kab Kabupaten Banjarnegara Jawa Tengah, 53456', '2019-02-01 16:13:01', 3, 'REG', '2022-01-31 05:15:39'),
	(310, 'INV-100000310', 3135, 84000, 3938000, 3580000, 378, 'Jalan R No. 148, Kel Cibinong, Kec Gunung Sindur, Kab Kabupaten Bogor Jawa Barat, 16340', '2019-02-01 12:02:12', 3, 'REG', '2022-01-31 14:15:32'),
	(312, 'INV-100000312', 5273, 126000, 2120250, 2025000, 403, 'Jalan P No. 44, Kel Warudoyong, Kec Warudoyong, Kab Kota Sukabumi Jawa Barat, 43133', '2019-02-01 09:15:17', 1, 'REG', '2022-01-31 15:42:50'),
	(314, 'INV-100000314', 5763, 126000, 5197500, 4800000, 49, 'Jalan X No. 22, Kel Geyer, Kec Geyer, Kab Kabupaten Grobogan Jawa Tengah, 58172', '2019-02-01 10:27:26', 5, 'REG', '2022-01-31 02:24:02'),
	(316, 'INV-100000316', 4198, 105000, 4633200, 4657000, 240, 'Jalan R No. 92, Kel Sukorejo, Kec Limpung, Kab Kabupaten Batang Jawa Tengah, 51271', '2019-02-02 11:51:00', 1, 'REG', '2022-02-01 08:29:58'),
	(318, 'INV-100000318', 1803, 54000, 8503550, 8230500, 4, 'Jalan N No. 142, Kel Sembungrejo, Kec Plumpang, Kab Kabupaten Tuban Jawa Timur, 62382', '2019-02-02 09:21:04', 3, 'REG', '2022-02-01 11:55:37'),
	(320, 'INV-100000320', 755, 21000, 4108500, 4110000, 322, 'Jalan P No. 75, Kel Krandegan, Kec Puring, Kab Kabupaten Kebumen Jawa Tengah, 54383', '2019-02-02 16:40:58', 5, 'REG', '2022-02-01 17:22:24'),
	(322, 'INV-100000322', 970, 21000, 1177000, 1150000, 271, 'Jalan A No. 60, Kel Kliwonan, Kec Banyuurip, Kab Kabupaten Purworejo Jawa Tengah, 54171', '2019-02-02 15:49:47', 2, 'REG', '2022-02-01 00:16:43'),
	(324, 'INV-100000324', 838, 21000, 1122000, 1040000, 293, 'Jalan W No. 67, Kel Bersole, Kec Adiwerna, Kab Kabupaten Tegal Jawa Tengah, 52194', '2019-02-02 12:16:29', 3, 'REG', '2022-02-01 16:38:40'),
	(326, 'INV-100000326', 3682, 108000, 1265000, 1150000, 265, 'Jalan Q No. 145, Kel Karang Anyar, Kec Ambulu, Kab Kabupaten Jember Jawa Timur, 68132', '2019-02-03 13:27:36', 3, 'REG', '2022-02-02 03:07:43'),
	(328, 'INV-100000328', 1467, 42000, 6253500, 5960000, 47, 'Jalan J No. 114, Kel Bantarjaya, Kec Pebayuran, Kab Kabupaten Bekasi Jawa Barat, 17710', '2019-02-03 11:57:42', 2, 'REG', '2022-02-02 22:15:23'),
	(330, 'INV-100000330', 2900, 63000, 1870000, 1700000, 197, 'Jalan T No. 120, Kel Tanggeran, Kec Sruweng, Kab Kabupaten Kebumen Jawa Tengah, 54362', '2019-02-03 11:16:09', 3, 'REG', '2022-02-02 16:02:11'),
	(332, 'INV-100000332', 1886, 54000, 3995200, 3707000, 433, 'Jalan C No. 147, Kel Wonokromo, Kec Gondang, Kab Kabupaten Tulungagung Jawa Timur, 66263', '2019-02-03 15:31:50', 1, 'REG', '2022-02-02 20:31:38'),
	(334, 'INV-100000334', 880, 15000, 1485000, 1500000, 88, 'Jalan B No. 63, Kel Bangkonol, Kec Koroncong, Kab Kabupaten Pandeglang Banten, 42251', '2019-02-03 12:25:26', 3, 'REG', '2022-02-02 17:17:24'),
	(336, 'INV-100000336', 2250, 63000, 8456250, 8125000, 283, 'Jalan M No. 46, Kel Ledok, Kec Argomulyo, Kab Kota Salatiga Jawa Tengah, 50732', '2019-02-05 13:19:17', 1, 'REG', '2022-02-04 23:17:28'),
	(338, 'INV-100000338', 357, 21000, 783750, 712500, 317, 'Jalan D No. 61, Kel Sukarame, Kec Sukanagara, Kab Kabupaten Cianjur Jawa Barat, 43264', '2019-02-05 11:05:30', 6, 'REG', '2022-02-04 01:38:17'),
	(340, 'INV-100000340', 838, 21000, 3291200, 3122000, 313, 'Jalan I No. 20, Kel Lesanpuro, Kec Kajoran, Kab Kabupaten Magelang Jawa Tengah, 56163', '2019-02-05 10:36:49', 2, 'REG', '2022-02-04 14:04:27'),
	(342, 'INV-100000342', 352, 21000, 2165900, 1969000, 299, 'Jalan H No. 39, Kel Babakanjaya, Kec Gabuswetan, Kab Kabupaten Indramayu Jawa Barat, 45263', '2019-02-05 16:10:29', 4, 'REG', '2022-02-04 15:18:12'),
	(344, 'INV-100000344', 1250, 54000, 4581500, 4390000, 280, 'Jalan M No. 52, Kel Nogosari, Kec Pacet, Kab Kabupaten Mojokerto Jawa Timur, 61374', '2019-02-05 14:50:18', 1, 'REG', '2022-02-04 18:29:58'),
	(346, 'INV-100000346', 760, 15000, 3091000, 2810000, 115, 'Jalan M No. 123, Kel Suka Tani, Kec Rajeg, Kab Kabupaten Tangerang Banten, 15540', '2019-02-05 11:33:29', 6, 'REG', '2022-02-04 01:39:59'),
	(348, 'INV-100000348', 1137, 54000, 3503500, 3370000, 62, 'Jalan L No. 53, Kel Sreseh, Kec Sreseh, Kab Kabupaten Sampang Jawa Timur, 69273', '2019-02-05 14:48:43', 5, 'REG', '2022-02-04 16:31:51'),
	(350, 'INV-100000350', 847, 21000, 3946800, 3588000, 441, 'Jalan E No. 100, Kel Cikondang, Kec Cingambul, Kab Kabupaten Majalengka Jawa Barat, 45467', '2019-02-06 13:17:52', 6, 'REG', '2022-02-05 10:12:09'),
	(352, 'INV-100000352', 1982, 42000, 4906000, 4460000, 450, 'Jalan Y No. 39, Kel Ngemplak, Kec Karangnongko, Kab Kabupaten Klaten Jawa Tengah, 57483', '2019-02-06 13:26:29', 3, 'REG', '2022-02-05 02:44:32'),
	(354, 'INV-100000354', 580, 21000, 3371500, 3065000, 346, 'Jalan C No. 45, Kel Pasurenan, Kec Batur, Kab Kabupaten Banjarnegara Jawa Tengah, 53456', '2019-02-06 15:26:37', 1, 'REG', '2022-02-05 08:26:07'),
	(356, 'INV-100000356', 1273, 42000, 6402000, 6225000, 305, 'Jalan V No. 101, Kel Giripurno, Kec Karanganyar, Kab Kabupaten Kebumen Jawa Tengah, 54364', '2019-02-06 11:38:01', 4, 'REG', '2022-02-05 00:05:03'),
	(358, 'INV-100000358', 725, 21000, 2411750, 2215000, 226, 'Jalan G No. 46, Kel Plososari, Kec Patean, Kab Kabupaten Kendal Jawa Tengah, 51364', '2019-02-06 16:28:23', 3, 'REG', '2022-02-05 11:37:51'),
	(360, 'INV-100000360', 1310, 54000, 6083000, 5980000, 273, 'Jalan O No. 47, Kel Gamping, Kec Suruh, Kab Kabupaten Trenggalek Jawa Timur, 66362', '2019-02-07 16:45:43', 5, 'REG', '2022-02-06 09:48:20'),
	(362, 'INV-100000362', 1647, 42000, 4229500, 4170000, 237, 'Jalan X No. 127, Kel Tegal Panggung, Kec Danurejan, Kab Kota Yogyakarta DI Yogyakarta, 55212', '2019-02-07 12:38:04', 4, 'REG', '2022-02-06 20:02:05'),
	(364, 'INV-100000364', 330, 21000, 2062500, 1875000, 224, 'Jalan Z No. 115, Kel Cisaat, Kec Campaka, Kab Kabupaten Purwakarta Jawa Barat, 41181', '2019-02-07 15:53:43', 5, 'REG', '2022-02-06 01:41:37'),
	(366, 'INV-100000366', 4216, 135000, 3316225, 3016500, 163, 'Jalan N No. 23, Kel Penanggal, Kec Candipuro, Kab Kabupaten Lumajang Jawa Timur, 67373', '2019-02-07 15:37:22', 5, 'REG', '2022-02-06 09:18:42'),
	(368, 'INV-100000368', 335, 21000, 2343000, 2150000, 333, 'Jalan R No. 63, Kel Mondoretno, Kec Bulu, Kab Kabupaten Temanggung Jawa Tengah, 56253', '2019-02-07 14:45:02', 3, 'REG', '2022-02-06 12:40:45'),
	(370, 'INV-100000370', 1492, 54000, 2610300, 2373000, 242, 'Jalan Z No. 33, Kel Kendalrejo, Kec Tegaldlimo, Kab Kabupaten Banyuwangi Jawa Timur, 68484', '2019-02-07 09:43:13', 2, 'REG', '2022-02-06 17:56:40'),
	(372, 'INV-100000372', 1177, 30000, 3786200, 3787000, 439, 'Jalan X No. 66, Kel Karang Anyar, Kec Neglasari, Kab Kota Tangerang Banten, 15121', '2019-02-07 11:04:25', 6, 'REG', '2022-02-06 07:13:36'),
	(374, 'INV-100000374', 1900, 42000, 4290000, 3900000, 298, 'Jalan R No. 35, Kel Purwasari, Kec Dramaga, Kab Kabupaten Bogor Jawa Barat, 16680', '2019-02-08 10:12:56', 6, 'REG', '2022-02-07 01:12:15'),
	(376, 'INV-100000376', 5773, 162000, 4042500, 3800000, 250, 'Jalan H No. 98, Kel Kauman, Kec Kauman, Kab Kabupaten Tulungagung Jawa Timur, 66261', '2019-02-08 10:04:29', 5, 'REG', '2022-02-07 11:30:48'),
	(378, 'INV-100000378', 150, 27000, 398750, 385000, 289, 'Jalan O No. 150, Kel Nambaan, Kec Ringinrejo, Kab Kabupaten Kediri Jawa Timur, 64176', '2019-02-08 09:13:18', 3, 'REG', '2022-02-07 08:27:56'),
	(380, 'INV-100000380', 1652, 30000, 5571500, 5410000, 255, 'Jalan Y No. 80, Kel Tamiang, Kec Gunungsari, Kab Kabupaten Serang Banten, 42163', '2019-02-08 11:35:13', 1, 'REG', '2022-02-07 14:40:55'),
	(382, 'INV-100000382', 1350, 42000, 2579500, 2345000, 186, 'Jalan O No. 90, Kel Kalikalong, Kec Tayu, Kab Kabupaten Pati Jawa Tengah, 59155', '2019-02-09 13:28:44', 4, 'REG', '2022-02-08 06:16:15'),
	(384, 'INV-100000384', 1269, 54000, 1177000, 1070000, 471, 'Jalan E No. 77, Kel Jatirejo, Kec Jatirejo, Kab Kabupaten Mojokerto Jawa Timur, 61373', '2019-02-09 14:04:39', 1, 'REG', '2022-02-08 04:11:49'),
	(386, 'INV-100000386', 1610, 42000, 2281400, 2074000, 115, 'Jalan B No. 62, Kel Sadahayu, Kec Majenang, Kab Kabupaten Cilacap Jawa Tengah, 53257', '2019-02-09 14:54:28', 1, 'REG', '2022-02-08 22:35:23'),
	(388, 'INV-100000388', 4172, 135000, 2729375, 2482500, 454, 'Jalan Q No. 27, Kel Landangan, Kec Kapongan, Kab Kabupaten Situbondo Jawa Timur, 68362', '2019-02-09 16:50:48', 2, 'REG', '2022-02-08 03:05:45'),
	(390, 'INV-100000390', 977, 21000, 3267000, 3295000, 358, 'Jalan O No. 46, Kel Sanding, Kec Malangbong, Kab Kabupaten Garut Jawa Barat, 44188', '2019-02-10 09:57:26', 4, 'REG', '2022-02-09 13:31:40'),
	(392, 'INV-100000392', 2023, 63000, 5786550, 5260500, 264, 'Jalan E No. 148, Kel Singakerta, Kec Krangkeng, Kab Kabupaten Indramayu Jawa Barat, 45284', '2019-02-10 16:32:23', 2, 'REG', '2022-02-09 06:38:10'),
	(394, 'INV-100000394', 1490, 54000, 4313925, 3923000, 234, 'Jalan H No. 92, Kel Pagerrungan Kecil, Kec Sapeken, Kab Kabupaten Sumenep Jawa Timur, 69493', '2019-02-10 13:02:53', 6, 'REG', '2022-02-09 02:19:38'),
	(396, 'INV-100000396', 532, 21000, 616000, 560000, 304, 'Jalan C No. 56, Kel Jatiwaras, Kec Jatiwaras, Kab Kabupaten Tasikmalaya Jawa Barat, 46185', '2019-02-10 15:52:47', 1, 'REG', '2022-02-09 15:12:52'),
	(398, 'INV-100000398', 3837, 84000, 1430275, 1302500, 282, 'Jalan E No. 136, Kel Cirea, Kec Mandirancan, Kab Kabupaten Kuningan Jawa Barat, 45558', '2019-02-12 14:21:31', 2, 'REG', '2022-02-11 03:49:09'),
	(400, 'INV-100000400', 1550, 42000, 7441500, 6990000, 372, 'Jalan C No. 52, Kel Gunung Geulis, Kec Sukaraja, Kab Kabupaten Bogor Jawa Barat, 16710', '2019-02-12 10:21:20', 2, 'REG', '2022-02-11 12:10:58'),
	(402, 'INV-100000402', 6970, 147000, 4911500, 4540000, 407, 'Jalan G No. 48, Kel Karangtengah, Kec Karangsembung, Kab Kabupaten Cirebon Jawa Barat, 45186', '2019-02-12 14:04:20', 2, 'REG', '2022-02-11 06:03:58'),
	(404, 'INV-100000404', 1484, 42000, 4521000, 4200000, 248, 'Jalan B No. 147, Kel Sindangbarang, Kec Panumbangan, Kab Kabupaten Ciamis Jawa Barat, 46263', '2019-02-12 11:12:36', 1, 'REG', '2022-02-11 05:52:53'),
	(406, 'INV-100000406', 2220, 63000, 6294750, 5875000, 111, 'Jalan S No. 129, Kel Cikarae Thoyyibah, Kec Cikidang, Kab Kabupaten Sukabumi Jawa Barat, 43367', '2019-02-12 12:14:51', 2, 'REG', '2022-02-11 10:26:07'),
	(408, 'INV-100000408', 2520, 63000, 1146750, 1065000, 409, 'Jalan F No. 82, Kel Kemuning, Kec Bejen, Kab Kabupaten Temanggung Jawa Tengah, 56258', '2019-02-12 12:10:14', 1, 'REG', '2022-02-11 03:58:54'),
	(410, 'INV-100000410', 158, 21000, 855250, 785000, 295, 'Jalan K No. 73, Kel Narawita, Kec Cicalengka, Kab Kabupaten Bandung Jawa Barat, 40395', '2019-02-12 12:16:00', 6, 'REG', '2022-02-11 17:03:04'),
	(412, 'INV-100000412', 40, 21000, 23925, 23000, 304, 'Jalan B No. 60, Kel Karangjengkol, Kec Kutasari, Kab Kabupaten Purbalingga Jawa Tengah, 53361', '2019-02-13 11:03:33', 3, 'REG', '2022-02-12 06:35:18'),
	(414, 'INV-100000414', 163, 21000, 677325, 617500, 284, 'Jalan N No. 33, Kel Bonagung, Kec Tanon, Kab Kabupaten Sragen Jawa Tengah, 57277', '2019-02-13 09:46:56', 1, 'REG', '2022-02-12 23:51:31'),
	(416, 'INV-100000416', 4150, 105000, 5018750, 4725000, 263, 'Jalan A No. 91, Kel Ponowaren, Kec Tawangsari, Kab Kabupaten Sukoharjo Jawa Tengah, 57561', '2019-02-13 09:35:30', 1, 'REG', '2022-02-12 19:20:47'),
	(418, 'INV-100000418', 920, 21000, 3553000, 3230000, 361, 'Jalan N No. 104, Kel Purwasedar, Kec Ciracap, Kab Kabupaten Sukabumi Jawa Barat, 43176', '2019-02-13 12:04:10', 2, 'REG', '2022-02-12 13:19:06'),
	(420, 'INV-100000420', 6269, 147000, 1094500, 1045000, 51, 'Jalan U No. 65, Kel Sidoharjo, Kec Puring, Kab Kabupaten Kebumen Jawa Tengah, 54383', '2019-02-13 16:21:50', 4, 'REG', '2022-02-12 09:11:53'),
	(422, 'INV-100000422', 167, 27000, 544500, 495000, 213, 'Jalan K No. 31, Kel Bira Barat, Kec Ketapang, Kab Kabupaten Sampang Jawa Timur, 69261', '2019-02-14 12:50:53', 5, 'REG', '2022-02-13 02:13:18'),
	(424, 'INV-100000424', 1595, 54000, 3132250, 3035000, 414, 'Jalan X No. 113, Kel Ranupani, Kec Senduro, Kab Kabupaten Lumajang Jawa Timur, 67361', '2019-02-14 16:41:18', 4, 'REG', '2022-02-13 23:18:40'),
	(426, 'INV-100000426', 227, 27000, 716375, 652500, 291, 'Jalan Y No. 109, Kel Joho, Kec Wates, Kab Kabupaten Kediri Jawa Timur, 64174', '2019-02-14 13:00:32', 6, 'REG', '2022-02-13 16:53:20'),
	(428, 'INV-100000428', 1407, 42000, 4415400, 4359000, 244, 'Jalan D No. 101, Kel Sawangan Baru, Kec Sawangan, Kab Kota Depok Jawa Barat, 16511', '2019-02-14 12:01:39', 2, 'REG', '2022-02-13 18:44:49'),
	(430, 'INV-100000430', 1017, 42000, 4669500, 4245000, 240, 'Jalan V No. 125, Kel Borogojol, Kec Lemahsugih, Kab Kabupaten Majalengka Jawa Barat, 45465', '2019-02-15 16:04:57', 5, 'REG', '2022-02-14 22:50:26'),
	(432, 'INV-100000432', 3327, 84000, 5333900, 5049000, 284, 'Jalan X No. 95, Kel Tanjunganom, Kec Kaliwiro, Kab Kabupaten Wonosobo Jawa Tengah, 56364', '2019-02-15 12:56:09', 2, 'REG', '2022-02-14 16:41:52'),
	(434, 'INV-100000434', 1523, 42000, 715000, 650000, 251, 'Jalan K No. 149, Kel Wotgali, Kec Plered, Kab Kabupaten Cirebon Jawa Barat, 45154', '2019-02-15 14:10:21', 1, 'REG', '2022-02-14 13:25:59'),
	(436, 'INV-100000436', 5596, 162000, 3491950, 3174500, 407, 'Jalan M No. 29, Kel Klutuk, Kec Tambakboyo, Kab Kabupaten Tuban Jawa Timur, 62353', '2019-02-15 12:24:25', 6, 'REG', '2022-02-14 16:51:06'),
	(438, 'INV-100000438', 1252, 42000, 4174500, 4120000, 114, 'Jalan M No. 141, Kel Rejosari Timur, Kec Tersono, Kab Kabupaten Batang Jawa Tengah, 51272', '2019-02-15 14:08:21', 5, 'REG', '2022-02-14 08:52:05'),
	(440, 'INV-100000440', 1653, 42000, 2266000, 2060000, 59, 'Jalan I No. 21, Kel Gandasoli, Kec Cikakak, Kab Kabupaten Sukabumi Jawa Barat, 43365', '2019-02-15 13:51:25', 2, 'REG', '2022-02-14 13:51:47'),
	(442, 'INV-100000442', 1399, 54000, 3225750, 3157500, 418, 'Jalan K No. 115, Kel Pekangkungan, Kec Gondang Wetan, Kab Kabupaten Pasuruan Jawa Timur, 67174', '2019-02-15 16:06:10', 1, 'REG', '2022-02-14 11:56:27'),
	(444, 'INV-100000444', 930, 21000, 1371150, 1359000, 416, 'Jalan D No. 85, Kel Ngamplangsari, Kec Cilawu, Kab Kabupaten Garut Jawa Barat, 44181', '2019-02-16 13:30:15', 5, 'REG', '2022-02-15 04:27:11'),
	(446, 'INV-100000446', 163, 27000, 341550, 310500, 319, 'Jalan C No. 40, Kel Mekikis, Kec Purwoasri, Kab Kabupaten Kediri Jawa Timur, 64154', '2019-02-16 11:27:50', 4, 'REG', '2022-02-15 22:53:12'),
	(448, 'INV-100000448', 6580, 189000, 5337750, 4940000, 291, 'Jalan D No. 45, Kel Punjung, Kec Kebon Agung, Kab Kabupaten Pacitan Jawa Timur, 63561', '2019-02-16 09:12:43', 6, 'REG', '2022-02-15 21:09:38'),
	(450, 'INV-100000450', 5008, 126000, 1864500, 1770000, 229, 'Jalan W No. 44, Kel Lopait, Kec Tuntang, Kab Kabupaten Semarang Jawa Tengah, 50773', '2019-02-16 12:23:25', 6, 'REG', '2022-02-15 04:13:03'),
	(452, 'INV-100000452', 3674, 108000, 4370300, 4118000, 281, 'Jalan I No. 122, Kel Pehwetan, Kec Papar, Kab Kabupaten Kediri Jawa Timur, 64153', '2019-02-16 14:42:42', 5, 'REG', '2022-02-15 00:51:28'),
	(454, 'INV-100000454', 1077, 42000, 3566750, 3355000, 426, 'Jalan Q No. 58, Kel Podosari, Kec Kesesi, Kab Kabupaten Pekalongan Jawa Tengah, 51162', '2019-02-16 15:52:58', 6, 'REG', '2022-02-15 13:19:13'),
	(456, 'INV-100000456', 955, 21000, 4141500, 4090000, 112, 'Jalan O No. 45, Kel Gempoldenok, Kec Dempet, Kab Kabupaten Demak Jawa Tengah, 59573', '2019-02-16 13:04:46', 2, 'REG', '2022-02-15 00:28:59'),
	(458, 'INV-100000458', 1572, 54000, 6944850, 7013500, 435, 'Jalan T No. 85, Kel Prambon, Kec Prambon, Kab Kabupaten Sidoarjo Jawa Timur, 61264', '2019-02-17 13:39:37', 1, 'REG', '2022-02-16 23:07:39'),
	(460, 'INV-100000460', 802, 21000, 906400, 824000, 238, 'Jalan V No. 40, Kel Joho, Kec Sale, Kab Kabupaten Rembang Jawa Tengah, 59265', '2019-02-17 10:01:30', 2, 'REG', '2022-02-16 03:01:04'),
	(462, 'INV-100000462', 3873, 84000, 3637700, 3307000, 37, 'Jalan Y No. 62, Kel Bojongtugu, Kec Curugkembar, Kab Kabupaten Sukabumi Jawa Barat, 43182', '2019-02-17 15:29:26', 5, 'REG', '2022-02-16 15:15:16'),
	(464, 'INV-100000464', 892, 21000, 2018500, 1910000, 271, 'Jalan B No. 147, Kel Sindangbarang, Kec Panumbangan, Kab Kabupaten Ciamis Jawa Barat, 46263', '2019-02-17 16:41:11', 4, 'REG', '2022-02-16 13:03:24'),
	(466, 'INV-100000466', 6882, 189000, 8475500, 8030000, 269, 'Jalan J No. 92, Kel Dawuan, Kec Suboh, Kab Kabupaten Situbondo Jawa Timur, 68354', '2019-02-19 11:08:44', 5, 'REG', '2022-02-18 12:50:36'),
	(468, 'INV-100000468', 167, 21000, 1529000, 1470000, 281, 'Jalan Z No. 41, Kel Cigaronggong, Kec Cibalong, Kab Kabupaten Garut Jawa Barat, 44176', '2019-02-19 14:58:40', 1, 'REG', '2022-02-18 11:43:25'),
	(470, 'INV-100000470', 849, 21000, 811250, 737500, 303, 'Jalan E No. 148, Kel Singakerta, Kec Krangkeng, Kab Kabupaten Indramayu Jawa Barat, 45284', '2019-02-19 15:17:26', 1, 'REG', '2022-02-18 07:04:50'),
	(472, 'INV-100000472', 707, 27000, 2725250, 2485000, 204, 'Jalan M No. 72, Kel Sidodadi, Kec Garum, Kab Kabupaten Blitar Jawa Timur, 66182', '2019-02-19 15:39:59', 2, 'REG', '2022-02-18 18:20:34'),
	(474, 'INV-100000474', 905, 21000, 1557325, 1417500, 291, 'Jalan M No. 120, Kel Taman Sari, Kec Cikidang, Kab Kabupaten Sukabumi Jawa Barat, 43367', '2019-02-19 09:39:24', 4, 'REG', '2022-02-18 09:25:03'),
	(476, 'INV-100000476', 1180, 54000, 2524500, 2295000, 249, 'Jalan C No. 92, Kel Sindet Lami, Kec Besuk, Kab Kabupaten Probolinggo Jawa Timur, 67283', '2019-02-19 09:23:20', 4, 'REG', '2022-02-18 23:26:59'),
	(478, 'INV-100000478', 4725, 135000, 1765500, 1750000, 42, 'Jalan Z No. 142, Kel Wagirkidul, Kec Pulung, Kab Kabupaten Ponorogo Jawa Timur, 63481', '2019-02-19 13:20:28', 2, 'REG', '2022-02-18 12:47:54'),
	(480, 'INV-100000480', 2053, 63000, 8010200, 8057000, 509, 'Jalan F No. 91, Kel Mertoyudan, Kec Mertoyudan, Kab Kabupaten Magelang Jawa Tengah, 56172', '2019-02-19 16:44:54', 2, 'REG', '2022-02-18 20:48:12'),
	(482, 'INV-100000482', 5364, 126000, 1661000, 1510000, 232, 'Jalan L No. 45, Kel Cibentang, Kec Gunungguruh, Kab Kabupaten Sukabumi Jawa Barat, 43156', '2019-02-20 15:17:01', 4, 'REG', '2022-02-19 11:12:14'),
	(484, 'INV-100000484', 469, 27000, 360250, 327500, 279, 'Jalan L No. 34, Kel Lidah Kulon, Kec Lakarsantri, Kab Kota Surabaya Jawa Timur, 60213', '2019-02-20 09:27:56', 3, 'REG', '2022-02-19 06:35:38'),
	(486, 'INV-100000486', 9315, 210000, 2535500, 2430000, 266, 'Jalan F No. 43, Kel Bebel, Kec Wonokerto, Kab Kabupaten Pekalongan Jawa Tengah, 51153', '2019-02-20 14:54:28', 6, 'REG', '2022-02-19 08:21:46'),
	(488, 'INV-100000488', 5610, 126000, 2582250, 2435000, 236, 'Jalan E No. 114, Kel Jagong, Kec Kunduran, Kab Kabupaten Blora Jawa Tengah, 58255', '2019-02-20 13:11:14', 6, 'REG', '2022-02-19 03:36:07'),
	(490, 'INV-100000490', 1080, 42000, 4911500, 4790000, 351, 'Jalan P No. 108, Kel Pasirhalang, Kec Sukaraja, Kab Kabupaten Sukabumi Jawa Barat, 43192', '2019-02-20 11:56:03', 6, 'REG', '2022-02-19 15:39:52'),
	(492, 'INV-100000492', 4952, 135000, 1501500, 1490000, 24, 'Jalan C No. 137, Kel Gebangangkrik, Kec Ngimbang, Kab Kabupaten Lamongan Jawa Timur, 62273', '2019-02-21 12:47:02', 4, 'REG', '2022-02-20 18:07:29'),
	(494, 'INV-100000494', 1685, 54000, 3960000, 3945000, 512, 'Jalan G No. 80, Kel Gebang Bunder, Kec Plandaan, Kab Kabupaten Jombang Jawa Timur, 61456', '2019-02-21 13:50:11', 6, 'REG', '2022-02-20 11:37:26'),
	(496, 'INV-100000496', 767, 21000, 2928750, 2887500, 456, 'Jalan B No. 86, Kel Padaasih, Kec Cisaat, Kab Kabupaten Sukabumi Jawa Barat, 43152', '2019-02-21 15:41:28', 4, 'REG', '2022-02-20 08:44:17'),
	(498, 'INV-100000498', 9804, 150000, 5439500, 5020000, 19, 'Jalan C No. 43, Kel Lebaksitu, Kec Lebakgedong, Kab Kabupaten Lebak Banten, 42372', '2019-02-21 14:56:45', 1, 'REG', '2022-02-20 17:39:28'),
	(500, 'INV-100000500', 4418, 105000, 2318250, 2225000, 288, 'Jalan S No. 89, Kel Purwadadi Timur, Kec Purwadadi, Kab Kabupaten Subang Jawa Barat, 41261', '2019-02-22 11:27:23', 6, 'REG', '2022-02-21 18:34:06'),
	(502, 'INV-100000502', 150, 27000, 1144000, 1120000, 238, 'Jalan G No. 20, Kel Bangpendah, Kec Galis, Kab Kabupaten Bangkalan Jawa Timur, 69173', '2019-02-22 10:07:27', 2, 'REG', '2022-02-21 00:26:13'),
	(504, 'INV-100000504', 1074, 42000, 2087250, 1897500, 305, 'Jalan F No. 112, Kel Poncoruso, Kec Bawen, Kab Kabupaten Semarang Jawa Tengah, 50661', '2019-02-22 16:36:43', 1, 'REG', '2022-02-21 07:56:08'),
	(506, 'INV-100000506', 2058, 63000, 6748500, 6500000, 325, 'Jalan S No. 147, Kel Gonggang, Kec Sarang, Kab Kabupaten Rembang Jawa Tengah, 59274', '2019-02-22 15:12:57', 4, 'REG', '2022-02-21 05:37:19'),
	(508, 'INV-100000508', 950, 21000, 4545200, 4497000, 360, 'Jalan Z No. 128, Kel Jagoan, Kec Sambi, Kab Kabupaten Boyolali Jawa Tengah, 57376', '2019-02-22 11:57:22', 5, 'REG', '2022-02-21 22:30:35'),
	(510, 'INV-100000510', 6132, 147000, 6814500, 6520000, 93, 'Jalan V No. 39, Kel Banjaranyar, Kec Pekuncen, Kab Kabupaten Banyumas Jawa Tengah, 53164', '2019-02-22 13:20:41', 5, 'REG', '2022-02-21 11:58:58'),
	(512, 'INV-100000512', 3852, 108000, 1573000, 1430000, 24, 'Jalan S No. 80, Kel Lolawang, Kec Ngoro, Kab Kabupaten Mojokerto Jawa Timur, 61385', '2019-02-23 09:38:57', 2, 'REG', '2022-02-22 09:41:59'),
	(514, 'INV-100000514', 9922, 270000, 3081100, 2888500, 153, 'Jalan S No. 139, Kel Ponokawan, Kec Krian, Kab Kabupaten Sidoarjo Jawa Timur, 61262', '2019-02-23 10:00:13', 2, 'REG', '2022-02-22 02:13:20'),
	(516, 'INV-100000516', 1010, 42000, 2618825, 2627500, 290, 'Jalan U No. 129, Kel Banjarsari, Kec Sayung, Kab Kabupaten Demak Jawa Tengah, 59563', '2019-02-23 09:24:39', 3, 'REG', '2022-02-22 11:52:51'),
	(518, 'INV-100000518', 670, 21000, 2959000, 2690000, 246, 'Jalan Y No. 39, Kel Binorong, Kec Bawang, Kab Kabupaten Banjarnegara Jawa Tengah, 53471', '2019-02-23 09:31:33', 2, 'REG', '2022-02-22 17:28:51'),
	(520, 'INV-100000520', 2705, 63000, 3492500, 3450000, 247, 'Jalan Z No. 141, Kel Pamijahan, Kec Pamijahan, Kab Kabupaten Bogor Jawa Barat, 16810', '2019-02-23 09:30:02', 3, 'REG', '2022-02-22 04:53:54'),
	(522, 'INV-100000522', 1913, 42000, 3795000, 3525000, 296, 'Jalan C No. 104, Kel Cibadak, Kec Cibadak, Kab Kabupaten Sukabumi Jawa Barat, 43351', '2019-02-24 09:25:11', 6, 'REG', '2022-02-23 17:49:26'),
	(524, 'INV-100000524', 9130, 270000, 1947000, 1770000, 263, 'Jalan T No. 29, Kel Maindu, Kec Kedungpring, Kab Kabupaten Lamongan Jawa Timur, 62272', '2019-02-24 16:27:08', 5, 'REG', '2022-02-23 12:45:09'),
	(526, 'INV-100000526', 2800, 81000, 2420000, 2200000, 19, 'Jalan R No. 34, Kel Jeladri, Kec Winongan, Kab Kabupaten Pasuruan Jawa Timur, 67182', '2019-02-24 10:49:45', 6, 'REG', '2022-02-23 12:25:38'),
	(528, 'INV-100000528', 3952, 60000, 1782000, 1620000, 260, 'Jalan M No. 87, Kel Sukawana, Kec Curug, Kab Kota Serang Banten, 42171', '2019-02-24 13:16:04', 3, 'REG', '2022-02-23 19:10:52'),
	(530, 'INV-100000530', 1728, 42000, 3998500, 3960000, 294, 'Jalan H No. 120, Kel Cempaka, Kec Bumijawa, Kab Kabupaten Tegal Jawa Tengah, 52466', '2019-02-24 12:32:07', 1, 'REG', '2022-02-23 12:26:16'),
	(532, 'INV-100000532', 1267, 54000, 3316500, 3015000, 485, 'Jalan I No. 129, Kel Plakpak, Kec Pegantenan, Kab Kabupaten Pamekasan Jawa Timur, 69361', '2019-02-24 12:48:19', 1, 'REG', '2022-02-23 08:49:31'),
	(534, 'INV-100000534', 1575, 42000, 5670500, 5230000, 319, 'Jalan H No. 53, Kel Piyono, Kec Ngombol, Kab Kabupaten Purworejo Jawa Tengah, 54172', '2019-02-24 11:21:10', 5, 'REG', '2022-02-23 01:24:27'),
	(536, 'INV-100000536', 1283, 42000, 2321000, 2110000, 243, 'Jalan J No. 132, Kel Waru, Kec Mranggen, Kab Kabupaten Demak Jawa Tengah, 59567', '2019-02-26 13:10:21', 4, 'REG', '2022-02-25 17:04:28'),
	(538, 'INV-100000538', 153, 27000, 367400, 334000, 244, 'Jalan C No. 58, Kel Poreh, Kec Karang Penang, Kab Kabupaten Sampang Jawa Timur, 69254', '2019-02-26 11:21:45', 6, 'REG', '2022-02-25 19:19:24'),
	(540, 'INV-100000540', 6101, 147000, 3215850, 3193500, 312, 'Jalan H No. 120, Kel Jepitu, Kec Girisubo, Kab Kabupaten Gunung Kidul DI Yogyakarta, 55883', '2019-02-26 10:33:56', 6, 'REG', '2022-02-25 14:03:09'),
	(542, 'INV-100000542', 890, 21000, 4158000, 4100000, 273, 'Jalan R No. 142, Kel Rancamulya, Kec Pameungpeuk, Kab Kabupaten Bandung Jawa Barat, 40376', '2019-02-26 13:01:18', 6, 'REG', '2022-02-25 09:41:05'),
	(544, 'INV-100000544', 397, 21000, 2824250, 2607500, 103, 'Jalan B No. 81, Kel Kendaga, Kec Banjarmangu, Kab Kabupaten Banjarnegara Jawa Tengah, 53452', '2019-02-26 15:06:52', 6, 'REG', '2022-02-25 01:08:26'),
	(546, 'INV-100000546', 1220, 42000, 1217700, 1107000, 105, 'Jalan P No. 70, Kel Lengkong, Kec Batangan, Kab Kabupaten Pati Jawa Tengah, 59186', '2019-02-26 16:07:35', 1, 'REG', '2022-02-25 11:10:37'),
	(548, 'INV-100000548', 182, 6000, 462000, 420000, 438, 'Jalan S No. 85, Kel Cipinang Cempedak, Kec Jatinegara, Kab Kota Jakarta Timur DKI Jakarta, 13340', '2019-02-26 12:27:18', 2, 'REG', '2022-02-25 13:52:53'),
	(550, 'INV-100000550', 1587, 42000, 4092000, 3720000, 353, 'Jalan R No. 40, Kel Playen, Kec Playen, Kab Kabupaten Gunung Kidul DI Yogyakarta, 55861', '2019-02-27 15:47:57', 2, 'REG', '2022-02-26 17:40:17'),
	(552, 'INV-100000552', 6120, 147000, 5654000, 5340000, 134, 'Jalan P No. 131, Kel Boyo Teluk, Kec Siwalan, Kab Kabupaten Pekalongan Jawa Tengah, 51137', '2019-02-27 09:58:01', 2, 'REG', '2022-02-26 08:10:49'),
	(554, 'INV-100000554', 160, 21000, 643500, 625000, 232, 'Jalan G No. 98, Kel Jatiluhur, Kec Karanganyar, Kab Kabupaten Kebumen Jawa Tengah, 54364', '2019-02-27 16:35:33', 1, 'REG', '2022-02-26 15:49:18'),
	(556, 'INV-100000556', 1550, 54000, 4730000, 4300000, 249, 'Jalan W No. 107, Kel Durungbanjar, Kec Candi, Kab Kabupaten Sidoarjo Jawa Timur, 61271', '2019-02-27 13:41:15', 6, 'REG', '2022-02-26 09:52:37'),
	(558, 'INV-100000558', 1550, 54000, 4647500, 4550000, 302, 'Jalan O No. 51, Kel Jamintoro, Kec Sumber Baru, Kab Kabupaten Jember Jawa Timur, 68156', '2019-02-27 10:49:18', 6, 'REG', '2022-02-26 09:04:50'),
	(560, 'INV-100000560', 1210, 54000, 2046000, 1860000, 237, 'Jalan Y No. 40, Kel Pagowan, Kec Pasrujambe/Pasujambe, Kab Kabupaten Lumajang Jawa Timur, 67361', '2019-02-28 13:36:50', 1, 'REG', '2022-02-27 12:01:47'),
	(562, 'INV-100000562', 555, 21000, 3619000, 3290000, 213, 'Jalan X No. 22, Kel Cikarang Kota, Kec Cikarang Utara, Kab Kabupaten Bekasi Jawa Barat, 17530', '2019-02-28 10:01:29', 1, 'REG', '2022-02-27 01:29:35'),
	(564, 'INV-100000564', 1767, 54000, 3984750, 3735000, 295, 'Jalan B No. 120, Kel Sumbersalam, Kec Tenggarang, Kab Kabupaten Bondowoso Jawa Timur, 68281', '2019-02-28 15:01:04', 1, 'REG', '2022-02-27 06:22:21'),
	(566, 'INV-100000566', 702, 21000, 1991000, 1810000, 301, 'Jalan H No. 24, Kel Margorejo, Kec Wedarijaksa, Kab Kabupaten Pati Jawa Tengah, 59152', '2019-02-28 11:51:07', 3, 'REG', '2022-02-27 21:50:28'),
	(568, 'INV-100000568', 433, 21000, 2482700, 2257000, 56, 'Jalan Z No. 81, Kel Karangsalam, Kec Kemranjen, Kab Kabupaten Banyumas Jawa Tengah, 53194', '2019-03-01 13:17:43', 6, 'REG', '2022-02-28 08:25:44'),
	(570, 'INV-100000570', 5099, 126000, 1820500, 1820000, 72, 'Jalan I No. 91, Kel Hardimulyo, Kec Kaligesing, Kab Kabupaten Purworejo Jawa Tengah, 54175', '2019-03-01 12:37:30', 6, 'REG', '2022-02-28 23:02:22'),
	(572, 'INV-100000572', 980, 27000, 1111000, 1010000, 276, 'Jalan E No. 39, Kel Sumberwono, Kec Bangsal, Kab Kabupaten Mojokerto Jawa Timur, 61381', '2019-03-01 13:38:55', 1, 'REG', '2022-02-28 07:00:31'),
	(574, 'INV-100000574', 3880, 84000, 3778500, 3750000, 286, 'Jalan Y No. 95, Kel Petambakan, Kec Madukara, Kab Kabupaten Banjarnegara Jawa Tengah, 53482', '2019-03-01 09:49:32', 2, 'REG', '2022-02-28 08:10:35'),
	(576, 'INV-100000576', 3120, 84000, 4721750, 4365000, 311, 'Jalan J No. 65, Kel Baleharjo, Kec Sukodono, Kab Kabupaten Sragen Jawa Tengah, 57263', '2019-03-01 16:16:29', 6, 'REG', '2022-02-28 10:52:20'),
	(578, 'INV-100000578', 5250, 162000, 6077500, 5650000, 262, 'Jalan Y No. 97, Kel Uranggantung, Kec Sukodono, Kab Kabupaten Lumajang Jawa Timur, 67352', '2019-03-01 13:32:03', 6, 'REG', '2022-02-28 20:09:12'),
	(580, 'INV-100000580', 640, 27000, 1485000, 1350000, 49, 'Jalan I No. 96, Kel Ngunut, Kec Parang, Kab Kabupaten Magetan Jawa Timur, 63371', '2019-03-02 13:14:08', 6, 'REG', '2022-03-01 13:10:16'),
	(582, 'INV-100000582', 4180, 135000, 5549500, 5295000, 358, 'Jalan P No. 95, Kel Gunung Sekar, Kec Sampang, Kab Kabupaten Sampang Jawa Timur, 69216', '2019-03-02 12:25:45', 5, 'REG', '2022-03-01 03:21:32'),
	(584, 'INV-100000584', 1200, 30000, 4950000, 4500000, 219, 'Jalan Z No. 136, Kel Karyasari, Kec Sukaresmi, Kab Kabupaten Pandeglang Banten, 42265', '2019-03-02 12:28:15', 3, 'REG', '2022-03-01 11:05:00'),
	(586, 'INV-100000586', 6880, 147000, 2029500, 1970000, 363, 'Jalan Y No. 87, Kel Sindangkasih, Kec Sindangkasih, Kab Kabupaten Ciamis Jawa Barat, 46268', '2019-03-02 14:20:28', 1, 'REG', '2022-03-01 06:26:07'),
	(588, 'INV-100000588', 3885, 84000, 4213000, 3880000, 275, 'Jalan S No. 62, Kel Purwawinangun, Kec Kuningan, Kab Kabupaten Kuningan Jawa Barat, 45512', '2019-03-02 10:40:24', 6, 'REG', '2022-03-01 08:44:34'),
	(590, 'INV-100000590', 267, 21000, 2868250, 2607500, 241, 'Jalan V No. 106, Kel Pamedaran, Kec Ketanggungan, Kab Kabupaten Brebes Jawa Tengah, 52263', '2019-03-02 12:24:07', 6, 'REG', '2022-03-01 05:07:10'),
	(592, 'INV-100000592', 6000, 126000, 4152500, 3775000, 283, 'Jalan U No. 91, Kel Patengan, Kec Ranca Bali, Kab Kabupaten Bandung Jawa Barat, 40973', '2019-03-02 14:03:38', 1, 'REG', '2022-03-01 18:52:38'),
	(594, 'INV-100000594', 1294, 54000, 6559850, 6553500, 288, 'Jalan A No. 149, Kel Paopalelaok, Kec Ketapang, Kab Kabupaten Sampang Jawa Timur, 69261', '2019-03-02 15:49:40', 2, 'REG', '2022-03-01 06:12:14'),
	(596, 'INV-100000596', 182, 21000, 863500, 862500, 230, 'Jalan U No. 40, Kel Gemulung, Kec Pecangaan, Kab Kabupaten Jepara Jawa Tengah, 59462', '2019-03-03 12:38:36', 6, 'REG', '2022-03-02 09:48:49'),
	(598, 'INV-100000598', 710, 21000, 819500, 745000, 243, 'Jalan A No. 64, Kel Kragan, Kec Kragan, Kab Kabupaten Rembang Jawa Tengah, 59273', '2019-03-03 15:11:04', 4, 'REG', '2022-03-02 17:13:32'),
	(600, 'INV-100000600', 1137, 54000, 1911250, 1815000, 102, 'Jalan Y No. 62, Kel Sungi Kulon, Kec Pohjentrek, Kab Kabupaten Pasuruan Jawa Timur, 67171', '2019-03-03 16:39:00', 3, 'REG', '2022-03-02 15:05:26'),
	(602, 'INV-100000602', 4900, 105000, 2530000, 2300000, 155, 'Jalan E No. 117, Kel Tanjungsari, Kec Petanahan, Kab Kabupaten Kebumen Jawa Tengah, 54382', '2019-03-03 12:14:57', 1, 'REG', '2022-03-02 02:05:05'),
	(604, 'INV-100000604', 3240, 108000, 1837000, 1670000, 352, 'Jalan Z No. 148, Kel Bendorejo, Kec Udanawu, Kab Kabupaten Blitar Jawa Timur, 66154', '2019-03-03 10:38:11', 5, 'REG', '2022-03-02 18:32:33'),
	(606, 'INV-100000606', 8232, 189000, 4642000, 4545000, 351, 'Jalan U No. 51, Kel Guwotirto, Kec Giriwoyo, Kab Kabupaten Wonogiri Jawa Tengah, 57675', '2019-03-03 11:10:54', 1, 'REG', '2022-03-02 02:11:02'),
	(608, 'INV-100000608', 395, 27000, 1320000, 1200000, 312, 'Jalan G No. 124, Kel Ploso, Kec Wonoayu, Kab Kabupaten Sidoarjo Jawa Timur, 61261', '2019-03-05 15:01:48', 2, 'REG', '2022-03-04 22:46:43'),
	(610, 'INV-100000610', 1200, 42000, 4070000, 3700000, 283, 'Jalan U No. 20, Kel Lembu, Kec Bancak, Kab Kabupaten Semarang Jawa Tengah, 50182', '2019-03-05 13:07:51', 1, 'REG', '2022-03-04 20:36:29'),
	(612, 'INV-100000612', 1702, 42000, 3421000, 3110000, 312, 'Jalan Z No. 146, Kel Kenteng, Kec Nogosari, Kab Kabupaten Boyolali Jawa Tengah, 57378', '2019-03-05 12:54:24', 6, 'REG', '2022-03-04 22:59:04'),
	(614, 'INV-100000614', 650, 27000, 561000, 510000, 232, 'Jalan S No. 150, Kel Banjarrejo, Kec Pakis, Kab Kabupaten Malang Jawa Timur, 65154', '2019-03-05 11:34:11', 3, 'REG', '2022-03-04 04:31:50'),
	(616, 'INV-100000616', 1315, 42000, 3223000, 2930000, 93, 'Jalan Q No. 96, Kel Gunungjaya, Kec Belik, Kab Kabupaten Pemalang Jawa Tengah, 52356', '2019-03-05 13:29:09', 2, 'REG', '2022-03-04 13:57:50'),
	(618, 'INV-100000618', 8335, 189000, 2343000, 2130000, 128, 'Jalan V No. 138, Kel Kedungbacin, Kec Todanan, Kab Kabupaten Blora Jawa Tengah, 58256', '2019-03-05 09:39:27', 3, 'REG', '2022-03-04 00:15:09'),
	(620, 'INV-100000620', 355, 21000, 1210000, 1120000, 374, 'Jalan I No. 54, Kel Kalitlaga, Kec Pagentan, Kab Kabupaten Banjarnegara Jawa Tengah, 53455', '2019-03-06 15:10:46', 5, 'REG', '2022-03-05 06:48:31'),
	(622, 'INV-100000622', 2041, 63000, 2464000, 2315000, 118, 'Jalan G No. 140, Kel Haurgeulis, Kec Bantarujeg, Kab Kabupaten Majalengka Jawa Barat, 45464', '2019-03-06 10:44:11', 2, 'REG', '2022-03-05 16:12:51'),
	(624, 'INV-100000624', 4197, 105000, 3245000, 3025000, 214, 'Jalan D No. 72, Kel Waluran, Kec Waluran, Kab Kabupaten Sukabumi Jawa Barat, 43175', '2019-03-06 14:08:28', 6, 'REG', '2022-03-05 01:56:04'),
	(626, 'INV-100000626', 1767, 42000, 4342250, 4385000, 234, 'Jalan N No. 116, Kel Linggajaya, Kec Mangkubumi, Kab Kota Tasikmalaya Jawa Barat, 46181', '2019-03-06 10:23:53', 5, 'REG', '2022-03-05 09:18:52'),
	(628, 'INV-100000628', 245, 15000, 833250, 815000, 248, 'Jalan U No. 49, Kel Banjar Irigasi, Kec Lebakgedong, Kab Kabupaten Lebak Banten, 42372', '2019-03-06 12:30:10', 2, 'REG', '2022-03-05 23:09:04'),
	(630, 'INV-100000630', 1792, 42000, 8319300, 7788000, 323, 'Jalan J No. 118, Kel Jagabita, Kec Parung Panjang, Kab Kabupaten Bogor Jawa Barat, 16360', '2019-03-06 16:25:54', 5, 'REG', '2022-03-05 01:27:32'),
	(632, 'INV-100000632', 980, 15000, 1100000, 1000000, 236, 'Jalan X No. 41, Kel Jeruktipis, Kec Kragilan, Kab Kabupaten Serang Banten, 42184', '2019-03-06 09:03:32', 3, 'REG', '2022-03-05 12:37:20'),
	(634, 'INV-100000634', 2732, 63000, 2825900, 2609000, 293, 'Jalan K No. 121, Kel Wegil, Kec Sukolilo, Kab Kabupaten Pati Jawa Tengah, 59172', '2019-03-06 11:48:49', 6, 'REG', '2022-03-05 10:30:18'),
	(636, 'INV-100000636', 927, 21000, 899250, 905000, 79, 'Jalan W No. 39, Kel Sukahaji, Kec Sukawening, Kab Kabupaten Garut Jawa Barat, 44184', '2019-03-07 13:42:11', 6, 'REG', '2022-03-06 10:58:16'),
	(638, 'INV-100000638', 5642, 162000, 4680500, 4400000, 462, 'Jalan A No. 127, Kel Ngadirejo, Kec Kepanjen Kidul, Kab Kota Blitar Jawa Timur, 66114', '2019-03-07 13:41:46', 4, 'REG', '2022-03-06 19:22:18'),
	(640, 'INV-100000640', 5415, 126000, 3289550, 3210500, 293, 'Jalan B No. 86, Kel Padaasih, Kec Cisaat, Kab Kabupaten Sukabumi Jawa Barat, 43152', '2019-03-07 09:44:33', 4, 'REG', '2022-03-06 14:20:52'),
	(642, 'INV-100000642', 1340, 42000, 3910500, 3600000, 507, 'Jalan S No. 94, Kel Warungasem, Kec Warungasem, Kab Kabupaten Batang Jawa Tengah, 51252', '2019-03-07 15:27:10', 1, 'REG', '2022-03-06 15:03:15'),
	(644, 'INV-100000644', 703, 21000, 4002075, 4042500, 277, 'Jalan Y No. 133, Kel Gemantar, Kec Selogiri, Kab Kabupaten Wonogiri Jawa Tengah, 57652', '2019-03-08 16:36:03', 4, 'REG', '2022-03-07 23:50:46'),
	(646, 'INV-100000646', 1352, 54000, 2530000, 2300000, 228, 'Jalan Y No. 61, Kel Essang, Kec Talango, Kab Kabupaten Sumenep Jawa Timur, 69481', '2019-03-08 10:22:25', 5, 'REG', '2022-03-07 14:07:35'),
	(648, 'INV-100000648', 6423, 42000, 5837700, 5307000, 285, 'Jalan M No. 57, Kel Baru, Kec Pasar Rebo, Kab Kota Jakarta Timur DKI Jakarta, 13780', '2019-03-08 10:21:27', 6, 'REG', '2022-03-07 07:07:53'),
	(650, 'INV-100000650', 975, 27000, 3561800, 3238000, 233, 'Jalan H No. 129, Kel Sewulan, Kec Dagangan, Kab Kabupaten Madiun Jawa Timur, 63172', '2019-03-08 09:25:13', 3, 'REG', '2022-03-07 00:12:26'),
	(652, 'INV-100000652', 270, 27000, 1012000, 920000, 336, 'Jalan P No. 117, Kel Sadang, Kec Taman, Kab Kabupaten Sidoarjo Jawa Timur, 61257', '2019-03-09 15:31:30', 2, 'REG', '2022-03-08 18:23:50'),
	(654, 'INV-100000654', 680, 21000, 1647250, 1575000, 442, 'Jalan E No. 25, Kel Tembongraja, Kec Salem, Kab Kabupaten Brebes Jawa Tengah, 52275', '2019-03-09 16:51:56', 5, 'REG', '2022-03-08 01:44:56'),
	(656, 'INV-100000656', 1127, 42000, 4859250, 4425000, 23, 'Jalan W No. 111, Kel Putrapinggan, Kec Kalipucang, Kab Kabupaten Pangandaran Jawa Barat, 46397', '2019-03-09 11:05:34', 2, 'REG', '2022-03-08 01:28:20'),
	(658, 'INV-100000658', 1460, 42000, 2354000, 2360000, 151, 'Jalan B No. 77, Kel Sukaluyu, Kec Sukaluyu, Kab Kabupaten Cianjur Jawa Barat, 43284', '2019-03-09 15:14:55', 1, 'REG', '2022-03-08 15:41:22'),
	(660, 'INV-100000660', 628, 21000, 554950, 504500, 288, 'Jalan M No. 142, Kel Bojong, Kec Tenjo, Kab Kabupaten Bogor Jawa Barat, 16370', '2019-03-09 16:00:24', 6, 'REG', '2022-03-08 17:54:16'),
	(662, 'INV-100000662', 2873, 45000, 5335000, 4850000, 312, 'Jalan A No. 122, Kel Tunjung Teja, Kec Tunjung Teja, Kab Kabupaten Serang Banten, 42174', '2019-03-09 09:46:37', 1, 'REG', '2022-03-08 18:05:55'),
	(664, 'INV-100000664', 77, 21000, 141075, 137500, 281, 'Jalan H No. 71, Kel Ciawiasih, Kec Susukan Lebak, Kab Kabupaten Cirebon Jawa Barat, 45185', '2019-03-09 12:55:29', 6, 'REG', '2022-03-08 12:28:27'),
	(666, 'INV-100000666', 840, 21000, 2376000, 2160000, 231, 'Jalan L No. 44, Kel Secang, Kec Secang, Kab Kabupaten Magelang Jawa Tengah, 56195', '2019-03-09 16:45:00', 3, 'REG', '2022-03-08 20:06:39'),
	(668, 'INV-100000668', 1020, 42000, 3440250, 3475000, 231, 'Jalan F No. 113, Kel Cepagan, Kec Warungasem, Kab Kabupaten Batang Jawa Tengah, 51252', '2019-03-10 11:18:15', 3, 'REG', '2022-03-09 15:01:43'),
	(670, 'INV-100000670', 324, 21000, 1234750, 1130000, 123, 'Jalan C No. 119, Kel Semangkak, Kec Klaten Tengah, Kab Kabupaten Klaten Jawa Tengah, 57415', '2019-03-10 09:52:00', 1, 'REG', '2022-03-09 06:27:22'),
	(672, 'INV-100000672', 230, 21000, 995500, 945000, 276, 'Jalan O No. 107, Kel Gempolkolot, Kec Banyusari, Kab Kabupaten Karawang Jawa Barat, 41374', '2019-03-10 15:29:53', 6, 'REG', '2022-03-09 16:04:57'),
	(674, 'INV-100000674', 4735, 135000, 2244000, 2040000, 206, 'Jalan D No. 32, Kel Karangasem, Kec Jenu, Kab Kabupaten Tuban Jawa Timur, 62352', '2019-03-10 15:13:27', 4, 'REG', '2022-03-09 09:00:19'),
	(676, 'INV-100000676', 315, 21000, 968000, 920000, 204, 'Jalan N No. 48, Kel Tambakaji, Kec Ngaliyan, Kab Kota Semarang Jawa Tengah, 50185', '2019-03-10 16:52:53', 4, 'REG', '2022-03-09 01:35:36'),
	(678, 'INV-100000678', 3550, 108000, 4235000, 3850000, 353, 'Jalan H No. 143, Kel Wonokerto, Kec Kedunggalar, Kab Kabupaten Ngawi Jawa Timur, 63254', '2019-03-12 14:39:41', 4, 'REG', '2022-03-11 12:29:13'),
	(680, 'INV-100000680', 534, 27000, 1999250, 1817500, 293, 'Jalan C No. 93, Kel Pengantigan, Kec Rogojampi, Kab Kabupaten Banyuwangi Jawa Timur, 68462', '2019-03-12 11:55:30', 6, 'REG', '2022-03-11 11:40:40'),
	(682, 'INV-100000682', 1482, 54000, 5571500, 5270000, 300, 'Jalan M No. 119, Kel Sidorukun, Kec Gresik, Kab Kabupaten Gresik Jawa Timur, 61112', '2019-03-12 11:59:36', 5, 'REG', '2022-03-11 05:05:20'),
	(684, 'INV-100000684', 1224, 42000, 2420000, 2280000, 327, 'Jalan F No. 99, Kel Sumub Lor, Kec Sragi, Kab Kabupaten Pekalongan Jawa Tengah, 51155', '2019-03-12 09:41:05', 5, 'REG', '2022-03-11 22:03:54'),
	(686, 'INV-100000686', 3055, 108000, 1991000, 1900000, 295, 'Jalan I No. 20, Kel Duren, Kec Tugu, Kab Kabupaten Trenggalek Jawa Timur, 66352', '2019-03-12 09:38:28', 3, 'REG', '2022-03-11 06:20:48'),
	(688, 'INV-100000688', 1595, 54000, 5112250, 4835000, 274, 'Jalan U No. 42, Kel Gending, Kec Gending, Kab Kabupaten Probolinggo Jawa Timur, 67272', '2019-03-13 12:13:21', 2, 'REG', '2022-03-12 02:19:34'),
	(690, 'INV-100000690', 1005, 54000, 6611000, 6100000, 86, 'Jalan S No. 140, Kel Gayam, Kec Kendal, Kab Kabupaten Ngawi Jawa Timur, 63261', '2019-03-13 15:07:29', 2, 'REG', '2022-03-12 23:09:26'),
	(692, 'INV-100000692', 952, 21000, 1386000, 1300000, 131, 'Jalan X No. 58, Kel Binong, Kec Binong, Kab Kabupaten Subang Jawa Barat, 41253', '2019-03-13 09:06:44', 1, 'REG', '2022-03-12 00:57:11'),
	(694, 'INV-100000694', 4785, 105000, 4493500, 4160000, 241, 'Jalan Q No. 128, Kel Kadudampit, Kec Kadudampit, Kab Kabupaten Sukabumi Jawa Barat, 43153', '2019-03-13 10:59:56', 6, 'REG', '2022-03-12 22:19:05'),
	(696, 'INV-100000696', 5335, 162000, 5480750, 5385000, 359, 'Jalan L No. 135, Kel Masangan, Kec Bungah, Kab Kabupaten Gresik Jawa Timur, 61152', '2019-03-13 09:39:59', 4, 'REG', '2022-03-12 01:32:51'),
	(698, 'INV-100000698', 697, 21000, 1053250, 965000, 318, 'Jalan G No. 57, Kel Mundu, Kec Karangampel, Kab Kabupaten Indramayu Jawa Barat, 45283', '2019-03-13 12:36:55', 3, 'REG', '2022-03-12 23:10:17'),
	(700, 'INV-100000700', 850, 27000, 5362500, 5200000, 276, 'Jalan O No. 84, Kel Gemarang, Kec Gemarang, Kab Kabupaten Madiun Jawa Timur, 63156', '2019-03-14 09:12:54', 1, 'REG', '2022-03-13 23:09:18'),
	(702, 'INV-100000702', 2080, 63000, 1746250, 1587500, 242, 'Jalan W No. 85, Kel Sukasetia, Kec Cisayong, Kab Kabupaten Tasikmalaya Jawa Barat, 46153', '2019-03-14 12:49:18', 2, 'REG', '2022-03-13 00:41:10'),
	(704, 'INV-100000704', 943, 27000, 2233000, 2030000, 236, 'Jalan I No. 104, Kel Tertek, Kec Pare, Kab Kabupaten Kediri Jawa Timur, 64215', '2019-03-14 11:06:16', 5, 'REG', '2022-03-13 20:19:50'),
	(706, 'INV-100000706', 7155, 168000, 1221000, 1110000, 450, 'Jalan P No. 54, Kel Mekarmulya, Kec Telukjambe Barat, Kab Kabupaten Karawang Jawa Barat, 41361', '2019-03-14 15:45:59', 2, 'REG', '2022-03-13 10:29:23'),
	(708, 'INV-100000708', 3585, 84000, 836000, 760000, 278, 'Jalan F No. 24, Kel Linggasirna, Kec Sariwangi, Kab Kabupaten Tasikmalaya Jawa Barat, 46465', '2019-03-14 12:09:10', 6, 'REG', '2022-03-13 22:10:09'),
	(710, 'INV-100000710', 2955, 63000, 2728000, 2560000, 218, 'Jalan F No. 61, Kel Tambak, Kec Mojosongo, Kab Kabupaten Boyolali Jawa Tengah, 57322', '2019-03-14 09:01:22', 5, 'REG', '2022-03-13 11:50:45'),
	(712, 'INV-100000712', 1652, 54000, 1853500, 1685000, 71, 'Jalan P No. 124, Kel Tasikmadu, Kec Watulimo, Kab Kabupaten Trenggalek Jawa Timur, 66382', '2019-03-15 15:44:34', 4, 'REG', '2022-03-14 13:57:19'),
	(714, 'INV-100000714', 933, 27000, 1914000, 1840000, 313, 'Jalan X No. 110, Kel Kesongo, Kec Kedungadem, Kab Kabupaten Bojonegoro Jawa Timur, 62195', '2019-03-15 12:45:55', 2, 'REG', '2022-03-14 12:47:58'),
	(716, 'INV-100000716', 1390, 42000, 6850250, 6250000, 300, 'Jalan W No. 101, Kel Sindangsari, Kec Banjarsari, Kab Kabupaten Ciamis Jawa Barat, 46383', '2019-03-15 14:54:58', 6, 'REG', '2022-03-14 06:22:29'),
	(718, 'INV-100000718', 778, 21000, 1122000, 1020000, 290, 'Jalan Y No. 50, Kel Totogan, Kec Karangsambung, Kab Kabupaten Kebumen Jawa Tengah, 54353', '2019-03-15 09:36:46', 5, 'REG', '2022-03-14 17:20:26'),
	(720, 'INV-100000720', 1963, 42000, 5555000, 5400000, 271, 'Jalan W No. 115, Kel Truwolu, Kec Ngaringan, Kab Kabupaten Grobogan Jawa Tengah, 58193', '2019-03-15 13:42:48', 3, 'REG', '2022-03-14 17:12:18'),
	(722, 'INV-100000722', 627, 21000, 3374250, 3075000, 315, 'Jalan O No. 45, Kel Singkil Wetan, Kec Ngombol, Kab Kabupaten Purworejo Jawa Tengah, 54172', '2019-03-16 14:31:39', 3, 'REG', '2022-03-15 12:31:54'),
	(724, 'INV-100000724', 5725, 162000, 8618500, 8510000, 238, 'Jalan U No. 72, Kel Bajang, Kec Pakong, Kab Kabupaten Pamekasan Jawa Timur, 69352', '2019-03-16 15:42:40', 2, 'REG', '2022-03-15 08:54:00'),
	(726, 'INV-100000726', 1435, 54000, 4490750, 4120000, 256, 'Jalan I No. 103, Kel Ketawanggede, Kec Lowokwaru, Kab Kota Malang Jawa Timur, 65145', '2019-03-16 10:24:22', 2, 'REG', '2022-03-15 19:30:46'),
	(728, 'INV-100000728', 165, 21000, 440000, 400000, 260, 'Jalan V No. 139, Kel Tanjung, Kec Nguter, Kab Kabupaten Sukoharjo Jawa Tengah, 57571', '2019-03-16 10:29:28', 1, 'REG', '2022-03-15 18:08:29'),
	(730, 'INV-100000730', 9650, 210000, 5912500, 5375000, 159, 'Jalan M No. 57, Kel Bongas Kulon, Kec Sumberjaya, Kab Kabupaten Majalengka Jawa Barat, 45455', '2019-03-16 11:40:39', 3, 'REG', '2022-03-15 13:44:35'),
	(732, 'INV-100000732', 1470, 42000, 5654000, 5140000, 441, 'Jalan G No. 80, Kel Wanasigra, Kec Sindangkasih, Kab Kabupaten Ciamis Jawa Barat, 46268', '2019-03-16 14:52:46', 1, 'REG', '2022-03-15 08:14:31'),
	(734, 'INV-100000734', 1067, 54000, 2486550, 2260500, 321, 'Jalan Z No. 35, Kel Bajang, Kec Talun, Kab Kabupaten Blitar Jawa Timur, 66183', '2019-03-16 16:53:45', 2, 'REG', '2022-03-15 13:48:35'),
	(736, 'INV-100000736', 740, 27000, 2970000, 2700000, 285, 'Jalan K No. 113, Kel Sidoharjo, Kec Pacitan, Kab Kabupaten Pacitan Jawa Timur, 63514', '2019-03-17 09:25:28', 2, 'REG', '2022-03-16 13:45:47'),
	(738, 'INV-100000738', 1267, 54000, 6294750, 6087500, 301, 'Jalan N No. 107, Kel Alas Sumur Lor, Kec Besuk, Kab Kabupaten Probolinggo Jawa Timur, 67283', '2019-03-17 11:18:49', 1, 'REG', '2022-03-16 13:56:44'),
	(740, 'INV-100000740', 1004, 42000, 2329250, 2195000, 297, 'Jalan H No. 100, Kel Sukajadi, Kec Wado, Kab Kabupaten Sumedang Jawa Barat, 45373', '2019-03-17 09:26:39', 1, 'REG', '2022-03-16 09:55:22'),
	(742, 'INV-100000742', 2380, 63000, 591250, 575000, 385, 'Jalan F No. 49, Kel Kerandon, Kec Talun (Cirebon Selatan), Kab Kabupaten Cirebon Jawa Barat, 45171', '2019-03-17 15:58:53', 1, 'REG', '2022-03-16 12:27:08'),
	(744, 'INV-100000744', 1507, 54000, 3377000, 3070000, 37, 'Jalan B No. 64, Kel Ellak Daya, Kec Lenteng, Kab Kabupaten Sumenep Jawa Timur, 69461', '2019-03-17 09:23:16', 5, 'REG', '2022-03-16 19:13:15'),
	(746, 'INV-100000746', 1110, 42000, 1696750, 1620000, 268, 'Jalan V No. 33, Kel Nglarangan, Kec Tretep, Kab Kabupaten Temanggung Jawa Tengah, 56259', '2019-03-17 10:01:25', 1, 'REG', '2022-03-16 12:17:27'),
	(748, 'INV-100000748', 1277, 42000, 5073750, 4612500, 473, 'Jalan W No. 115, Kel Ciderum, Kec Caringin, Kab Kabupaten Bogor Jawa Barat, 16730', '2019-03-19 14:08:10', 2, 'REG', '2022-03-18 11:56:39'),
	(750, 'INV-100000750', 1773, 42000, 3253250, 2965000, 307, 'Jalan O No. 33, Kel Tunggulrejo, Kec Jumantono, Kab Kabupaten Karanganyar Jawa Tengah, 57782', '2019-03-19 09:40:50', 2, 'REG', '2022-03-18 17:19:44'),
	(752, 'INV-100000752', 1070, 42000, 3234000, 2940000, 275, 'Jalan D No. 66, Kel Margohayu, Kec Karangawen, Kab Kabupaten Demak Jawa Tengah, 59566', '2019-03-19 16:10:15', 5, 'REG', '2022-03-18 14:50:04'),
	(754, 'INV-100000754', 4171, 105000, 4325750, 4297500, 255, 'Jalan T No. 32, Kel Anjun, Kec Plered, Kab Kabupaten Purwakarta Jawa Barat, 41162', '2019-03-19 11:33:05', 5, 'REG', '2022-03-18 07:31:20'),
	(756, 'INV-100000756', 1680, 54000, 4906000, 4500000, 320, 'Jalan D No. 45, Kel Punjung, Kec Kebon Agung, Kab Kabupaten Pacitan Jawa Timur, 63561', '2019-03-19 11:05:15', 1, 'REG', '2022-03-18 06:22:49'),
	(758, 'INV-100000758', 4544, 135000, 3452075, 3140500, 303, 'Jalan I No. 122, Kel Apaan, Kec Pangarengan, Kab Kabupaten Sampang Jawa Timur, 69271', '2019-03-19 11:19:37', 4, 'REG', '2022-03-18 04:32:56'),
	(760, 'INV-100000760', 6345, 147000, 4301000, 4000000, 64, 'Jalan X No. 30, Kel Lemahkarya, Kec Tempuran, Kab Kabupaten Karawang Jawa Barat, 41385', '2019-03-20 14:42:07', 5, 'REG', '2022-03-19 17:08:35'),
	(762, 'INV-100000762', 93, 21000, 535700, 487000, 508, 'Jalan X No. 139, Kel Pasarean, Kec Pamijahan, Kab Kabupaten Bogor Jawa Barat, 16810', '2019-03-20 16:19:08', 1, 'REG', '2022-03-19 21:41:41'),
	(764, 'INV-100000764', 850, 21000, 3190000, 3100000, 296, 'Jalan D No. 78, Kel Grobog Wetan, Kec Pangkah, Kab Kabupaten Tegal Jawa Tengah, 52471', '2019-03-20 14:22:17', 5, 'REG', '2022-03-19 14:58:30'),
	(766, 'INV-100000766', 580, 21000, 2579500, 2570000, 112, 'Jalan B No. 129, Kel Purwaraja, Kec Rajadesa, Kab Kabupaten Ciamis Jawa Barat, 46254', '2019-03-20 09:51:16', 5, 'REG', '2022-03-19 05:08:56'),
	(768, 'INV-100000768', 4970, 135000, 3839000, 3490000, 410, 'Jalan M No. 88, Kel Setono Gedong, Kec Kediri Kota, Kab Kota Kediri Jawa Timur, 64129', '2019-03-20 13:13:19', 3, 'REG', '2022-03-19 21:36:15'),
	(770, 'INV-100000770', 3517, 84000, 753500, 760000, 228, 'Jalan G No. 102, Kel Campuranom, Kec Bansari, Kab Kabupaten Temanggung Jawa Tengah, 56265', '2019-03-20 16:21:39', 1, 'REG', '2022-03-19 22:58:59'),
	(772, 'INV-100000772', 2370, 81000, 1122000, 1100000, 314, 'Jalan F No. 113, Kel Simorejo, Kec Widang, Kab Kabupaten Tuban Jawa Timur, 62383', '2019-03-21 16:12:40', 4, 'REG', '2022-03-20 01:57:19'),
	(774, 'INV-100000774', 1490, 42000, 7067500, 6650000, 279, 'Jalan Y No. 112, Kel Pasirmuncang, Kec Panyingkiran, Kab Kabupaten Majalengka Jawa Barat, 45459', '2019-03-21 14:34:15', 2, 'REG', '2022-03-20 16:18:36'),
	(776, 'INV-100000776', 1750, 54000, 4474250, 4145000, 249, 'Jalan W No. 65, Kel Betet, Kec Pesantren, Kab Kota Kediri Jawa Timur, 64134', '2019-03-21 14:52:13', 6, 'REG', '2022-03-20 10:38:15'),
	(778, 'INV-100000778', 1787, 42000, 6567000, 6295000, 250, 'Jalan N No. 29, Kel Pasekan, Kec Ambarawa, Kab Kabupaten Semarang Jawa Tengah, 50614', '2019-03-21 14:10:16', 6, 'REG', '2022-03-20 23:14:56'),
	(780, 'INV-100000780', 965, 27000, 1449250, 1355000, 309, 'Jalan X No. 67, Kel Tamansuruh, Kec Glagah, Kab Kabupaten Banyuwangi Jawa Timur, 68432', '2019-03-21 14:55:36', 6, 'REG', '2022-03-20 06:44:42'),
	(782, 'INV-100000782', 150, 27000, 440000, 400000, 38, 'Jalan A No. 71, Kel Mirigambar, Kec Sumbergempol, Kab Kabupaten Tulungagung Jawa Timur, 66291', '2019-03-21 11:02:05', 6, 'REG', '2022-03-20 01:34:04'),
	(784, 'INV-100000784', 4561, 105000, 875875, 797500, 62, 'Jalan Y No. 58, Kel Panyirapan, Kec Soreang, Kab Kabupaten Bandung Jawa Barat, 40915', '2019-03-21 11:38:01', 3, 'REG', '2022-03-20 05:53:08'),
	(786, 'INV-100000786', 412, 21000, 2902350, 2713500, 63, 'Jalan O No. 106, Kel Jatisari, Kec Cileungsi, Kab Kabupaten Bogor Jawa Barat, 16820', '2019-03-22 15:43:59', 4, 'REG', '2022-03-21 07:01:16'),
	(788, 'INV-100000788', 2367, 63000, 5024250, 4680000, 297, 'Jalan H No. 136, Kel Kedaljaya, Kec Pedes, Kab Kabupaten Karawang Jawa Barat, 41353', '2019-03-22 12:26:08', 3, 'REG', '2022-03-21 19:34:55'),
	(790, 'INV-100000790', 1482, 54000, 1991000, 1850000, 254, 'Jalan D No. 127, Kel Margomulyo, Kec Kerek, Kab Kabupaten Tuban Jawa Timur, 62356', '2019-03-22 16:17:40', 4, 'REG', '2022-03-21 17:35:54'),
	(792, 'INV-100000792', 44, 15000, 38500, 35000, 326, 'Jalan L No. 129, Kel Asem, Kec Cibadak, Kab Kabupaten Lebak Banten, 42357', '2019-03-22 13:01:31', 6, 'REG', '2022-03-21 07:31:40'),
	(794, 'INV-100000794', 160, 27000, 775500, 705000, 270, 'Jalan J No. 147, Kel Pagerejo (Pangerejo), Kec Ngadirojo, Kab Kabupaten Pacitan Jawa Timur, 63572', '2019-03-22 10:22:33', 4, 'REG', '2022-03-21 06:49:28'),
	(796, 'INV-100000796', 1902, 42000, 3745500, 3680000, 42, 'Jalan B No. 105, Kel Genuksari, Kec Genuk, Kab Kota Semarang Jawa Tengah, 50231', '2019-03-22 15:44:17', 4, 'REG', '2022-03-21 07:41:39'),
	(798, 'INV-100000798', 5650, 126000, 6517500, 5925000, 469, 'Jalan E No. 123, Kel Sendangijo, Kec Selogiri, Kab Kabupaten Wonogiri Jawa Tengah, 57652', '2019-03-22 09:55:00', 4, 'REG', '2022-03-21 10:55:24'),
	(800, 'INV-100000800', 5723, 126000, 4372500, 4300000, 448, 'Jalan R No. 48, Kel Karangtengah, Kec Batur, Kab Kabupaten Banjarnegara Jawa Tengah, 53456', '2019-03-23 12:22:38', 5, 'REG', '2022-03-22 22:31:17'),
	(802, 'INV-100000802', 5555, 90000, 2211000, 2100000, 326, 'Jalan R No. 36, Kel Pematang, Kec Tigaraksa, Kab Kabupaten Tangerang Banten, 15720', '2019-03-23 13:47:15', 2, 'REG', '2022-03-22 12:00:30'),
	(804, 'INV-100000804', 685, 21000, 3861000, 3590000, 121, 'Jalan D No. 115, Kel Tegalretno, Kec Petanahan, Kab Kabupaten Kebumen Jawa Tengah, 54382', '2019-03-23 16:22:26', 4, 'REG', '2022-03-22 22:24:35'),
	(806, 'INV-100000806', 4180, 105000, 2939750, 2825000, 321, 'Jalan H No. 98, Kel Karanglayung, Kec Conggeang, Kab Kabupaten Sumedang Jawa Barat, 45391', '2019-03-23 13:53:18', 3, 'REG', '2022-03-22 10:32:19'),
	(808, 'INV-100000808', 1953, 42000, 5736500, 5290000, 239, 'Jalan B No. 79, Kel Pabuaran Lor, Kec Pabuaran, Kab Kabupaten Cirebon Jawa Barat, 45188', '2019-03-24 12:09:52', 4, 'REG', '2022-03-23 06:11:16'),
	(810, 'INV-100000810', 1527, 42000, 2301750, 2100000, 309, 'Jalan I No. 68, Kel Sindangsari, Kec Sukanagara, Kab Kabupaten Cianjur Jawa Barat, 43264', '2019-03-24 15:03:19', 4, 'REG', '2022-03-23 15:43:07'),
	(812, 'INV-100000812', 1630, 42000, 5211250, 4975000, 282, 'Jalan S No. 72, Kel Girimukti, Kec Singajaya, Kab Kabupaten Garut Jawa Barat, 44173', '2019-03-24 16:15:53', 5, 'REG', '2022-03-23 06:03:07'),
	(814, 'INV-100000814', 8017, 243000, 1221000, 1110000, 107, 'Jalan A No. 134, Kel Kuniran, Kec Sine, Kab Kabupaten Ngawi Jawa Timur, 63264', '2019-03-24 13:12:44', 1, 'REG', '2022-03-23 02:28:04'),
	(816, 'INV-100000816', 1842, 42000, 5038000, 4800000, 1, 'Jalan V No. 52, Kel Girimekar, Kec Cilengkrang, Kab Kabupaten Bandung Jawa Barat, 40619', '2019-03-24 16:19:15', 6, 'REG', '2022-03-23 04:02:18'),
	(818, 'INV-100000818', 1504, 54000, 2761000, 2510000, 89, 'Jalan C No. 46, Kel Ketawang Daleman, Kec Ganding, Kab Kabupaten Sumenep Jawa Timur, 69462', '2019-03-24 13:14:27', 1, 'REG', '2022-03-23 18:48:34'),
	(820, 'INV-100000820', 2032, 81000, 5016000, 4560000, 77, 'Jalan L No. 30, Kel Gondanggunung, Kec Pagerwojo, Kab Kabupaten Tulungagung Jawa Timur, 66262', '2019-03-24 10:49:35', 6, 'REG', '2022-03-23 09:34:31'),
	(822, 'INV-100000822', 729, 21000, 1281775, 1167500, 503, 'Jalan V No. 40, Kel Joho, Kec Sale, Kab Kabupaten Rembang Jawa Tengah, 59265', '2019-03-26 12:25:42', 4, 'REG', '2022-03-25 22:08:07'),
	(824, 'INV-100000824', 1255, 54000, 4521000, 4200000, 253, 'Jalan P No. 124, Kel Tasikmadu, Kec Watulimo, Kab Kabupaten Trenggalek Jawa Timur, 66382', '2019-03-26 11:06:48', 2, 'REG', '2022-03-25 01:37:32'),
	(826, 'INV-100000826', 1167, 54000, 4229225, 4244500, 299, 'Jalan D No. 59, Kel Prajurit Kulon, Kec Prajurit Kulon, Kab Kota Mojokerto Jawa Timur, 61326', '2019-03-26 13:32:26', 6, 'REG', '2022-03-25 02:37:37'),
	(828, 'INV-100000828', 285, 27000, 1067000, 1060000, 230, 'Jalan W No. 133, Kel Mojopuro Gede, Kec Bungah, Kab Kabupaten Gresik Jawa Timur, 61152', '2019-03-26 14:35:00', 4, 'REG', '2022-03-25 14:39:40'),
	(830, 'INV-100000830', 6062, 147000, 4174500, 3795000, 315, 'Jalan Q No. 58, Kel Podosari, Kec Kesesi, Kab Kabupaten Pekalongan Jawa Tengah, 51162', '2019-03-26 13:52:19', 5, 'REG', '2022-03-25 20:35:40'),
	(832, 'INV-100000832', 3397, 84000, 3602500, 3500000, 161, 'Jalan K No. 109, Kel Pengaradan, Kec Tanjung, Kab Kabupaten Brebes Jawa Tengah, 52254', '2019-03-27 11:29:15', 4, 'REG', '2022-03-26 23:59:01'),
	(834, 'INV-100000834', 1807, 54000, 2442000, 2220000, 504, 'Jalan F No. 61, Kel Mentikan, Kec Prajurit Kulon, Kab Kota Mojokerto Jawa Timur, 61323', '2019-03-27 16:29:24', 2, 'REG', '2022-03-26 05:42:39'),
	(836, 'INV-100000836', 2240, 63000, 6270000, 6075000, 432, 'Jalan N No. 112, Kel Prupuk Selatan, Kec Margasari, Kab Kabupaten Tegal Jawa Tengah, 52463', '2019-03-27 13:17:35', 2, 'REG', '2022-03-26 02:16:41'),
	(838, 'INV-100000838', 1625, 30000, 2871000, 2610000, 473, 'Jalan Q No. 46, Kel Cipicung, Kec Cikeudal (Cikedal), Kab Kabupaten Pandeglang Banten, 42271', '2019-03-27 14:33:39', 5, 'REG', '2022-03-26 09:41:46'),
	(840, 'INV-100000840', 5879, 162000, 5637500, 5450000, 372, 'Jalan R No. 95, Kel Randu Jalak, Kec Besuk, Kab Kabupaten Probolinggo Jawa Timur, 67283', '2019-03-27 15:51:46', 3, 'REG', '2022-03-26 01:49:30'),
	(842, 'INV-100000842', 5140, 126000, 5230500, 5120000, 253, 'Jalan B No. 91, Kel Sukamaju, Kec Bantarkalong, Kab Kabupaten Tasikmalaya Jawa Barat, 46188', '2019-03-27 12:28:04', 6, 'REG', '2022-03-26 14:44:57'),
	(844, 'INV-100000844', 1020, 54000, 3415500, 3430000, 251, 'Jalan G No. 136, Kel Carangwulung, Kec Wonosalam, Kab Kabupaten Jombang Jawa Timur, 61476', '2019-03-27 10:03:20', 3, 'REG', '2022-03-26 05:14:03'),
	(846, 'INV-100000846', 1297, 54000, 943800, 858000, 249, 'Jalan K No. 127, Kel Tulungrejo, Kec Wates, Kab Kabupaten Blitar Jawa Timur, 66194', '2019-03-28 13:18:27', 5, 'REG', '2022-03-27 00:43:11'),
	(848, 'INV-100000848', 1400, 54000, 2805000, 2775000, 307, 'Jalan B No. 23, Kel Butoh, Kec Ngasem, Kab Kabupaten Bojonegoro Jawa Timur, 62154', '2019-03-28 16:05:13', 4, 'REG', '2022-03-27 21:38:02'),
	(850, 'INV-100000850', 1137, 42000, 2827000, 2570000, 190, 'Jalan Y No. 59, Kel Sekaran, Kec Wonosari, Kab Kabupaten Klaten Jawa Tengah, 57473', '2019-03-28 16:25:41', 1, 'REG', '2022-03-27 09:13:24'),
	(852, 'INV-100000852', 1060, 42000, 6677000, 6420000, 440, 'Jalan Y No. 36, Kel Surawangi, Kec Jatiwangi, Kab Kabupaten Majalengka Jawa Barat, 45454', '2019-03-28 14:53:47', 2, 'REG', '2022-03-27 10:16:41'),
	(854, 'INV-100000854', 3323, 84000, 8014050, 7610500, 334, 'Jalan Q No. 138, Kel Tegalroso, Kec Parakan, Kab Kabupaten Temanggung Jawa Tengah, 56254', '2019-03-28 09:44:52', 6, 'REG', '2022-03-27 06:24:38'),
	(856, 'INV-100000856', 10002, 231000, 5824500, 5620000, 399, 'Jalan X No. 61, Kel Somakaton, Kec Somagede, Kab Kabupaten Banyumas Jawa Tengah, 53193', '2019-03-28 14:01:11', 4, 'REG', '2022-03-27 18:07:34'),
	(858, 'INV-100000858', 453, 27000, 2596825, 2437000, 157, 'Jalan C No. 111, Kel Aliyan, Kec Rogojampi, Kab Kabupaten Banyuwangi Jawa Timur, 68462', '2019-03-28 12:13:53', 5, 'REG', '2022-03-27 02:06:18'),
	(860, 'INV-100000860', 1268, 42000, 1087350, 1063500, 277, 'Jalan M No. 51, Kel Totogan, Kec Karangsambung, Kab Kabupaten Kebumen Jawa Tengah, 54353', '2019-03-29 12:22:53', 2, 'REG', '2022-03-28 21:47:11'),
	(862, 'INV-100000862', 8250, 243000, 1597750, 1525000, 266, 'Jalan H No. 98, Kel Prayungan, Kec Sawoo, Kab Kabupaten Ponorogo Jawa Timur, 63475', '2019-03-29 14:01:44', 1, 'REG', '2022-03-28 13:27:54'),
	(864, 'INV-100000864', 2272, 81000, 3520000, 3200000, 235, 'Jalan F No. 113, Kel Dilem, Kec Kepanjen, Kab Kabupaten Malang Jawa Timur, 65163', '2019-03-29 09:09:48', 2, 'REG', '2022-03-28 02:23:34'),
	(866, 'INV-100000866', 9810, 270000, 5090250, 4725000, 226, 'Jalan W No. 20, Kel Munggugebang, Kec Benjeng, Kab Kabupaten Gresik Jawa Timur, 61172', '2019-03-29 16:59:48', 2, 'REG', '2022-03-28 00:33:04'),
	(868, 'INV-100000868', 5735, 126000, 2860000, 2600000, 476, 'Jalan X No. 47, Kel Dewasari, Kec Cijeungjing, Kab Kabupaten Ciamis Jawa Barat, 46271', '2019-03-29 13:47:07', 3, 'REG', '2022-03-28 15:44:11'),
	(870, 'INV-100000870', 2944, 81000, 1732500, 1582500, 147, 'Jalan S No. 133, Kel Kramat Agung (Kramatung), Kec Bantaran, Kab Kabupaten Probolinggo Jawa Timur, 67261', '2019-03-29 10:14:45', 5, 'REG', '2022-03-28 07:26:25'),
	(872, 'INV-100000872', 5342, 90000, 4873000, 4575000, 183, 'Jalan J No. 36, Kel Cikadongdong, Kec Cikeusik, Kab Kabupaten Pandeglang Banten, 42286', '2019-03-30 14:56:47', 1, 'REG', '2022-03-29 11:39:26'),
	(874, 'INV-100000874', 830, 21000, 3190000, 2900000, 66, 'Jalan D No. 30, Kel Tanimulya, Kec Ngamprah, Kab Kabupaten Bandung Barat Jawa Barat, 40552', '2019-03-30 12:37:44', 4, 'REG', '2022-03-29 10:49:14'),
	(876, 'INV-100000876', 2192, 63000, 7898000, 7600000, 112, 'Jalan G No. 138, Kel Sembungan, Kec Nogosari, Kab Kabupaten Boyolali Jawa Tengah, 57378', '2019-03-30 11:15:14', 6, 'REG', '2022-03-29 17:17:11'),
	(878, 'INV-100000878', 4203, 105000, 4744575, 4792500, 270, 'Jalan S No. 129, Kel Cikarae Thoyyibah, Kec Cikidang, Kab Kabupaten Sukabumi Jawa Barat, 43367', '2019-03-30 09:06:25', 1, 'REG', '2022-03-29 08:34:45'),
	(880, 'INV-100000880', 1392, 42000, 4631000, 4210000, 230, 'Jalan I No. 98, Kel Bojong, Kec Kemang, Kab Kabupaten Bogor Jawa Barat, 16310', '2019-03-31 15:37:57', 1, 'REG', '2022-03-30 18:30:45'),
	(882, 'INV-100000882', 822, 27000, 1474000, 1340000, 228, 'Jalan Y No. 64, Kel Bungkal, Kec Bungkal, Kab Kabupaten Ponorogo Jawa Timur, 63462', '2019-03-31 11:48:34', 5, 'REG', '2022-03-30 05:36:02'),
	(884, 'INV-100000884', 1510, 42000, 4237750, 3890000, 267, 'Jalan Y No. 101, Kel Pasir Angin, Kec Cileungsi, Kab Kabupaten Bogor Jawa Barat, 16820', '2019-03-31 15:50:33', 5, 'REG', '2022-03-30 20:09:19'),
	(886, 'INV-100000886', 627, 27000, 1724250, 1575000, 493, 'Jalan M No. 63, Kel Betoyokauman, Kec Manyar, Kab Kabupaten Gresik Jawa Timur, 61151', '2019-03-31 12:16:45', 1, 'REG', '2022-03-30 19:18:52'),
	(888, 'INV-100000888', 1083, 54000, 1245200, 1172000, 395, 'Jalan Z No. 40, Kel Ngujungrejo, Kec Turi, Kab Kabupaten Lamongan Jawa Timur, 62252', '2019-03-31 16:27:29', 3, 'REG', '2022-03-30 14:32:34'),
	(890, 'INV-100000890', 812, 27000, 3124000, 3005000, 400, 'Jalan F No. 33, Kel Dermo, Kec Benjeng, Kab Kabupaten Gresik Jawa Timur, 61172', '2019-03-31 15:34:24', 5, 'REG', '2022-03-30 14:10:43'),
	(892, 'INV-100000892', 1450, 54000, 3575000, 3250000, 104, 'Jalan E No. 75, Kel Tenggun Daya, Kec Klampis, Kab Kabupaten Bangkalan Jawa Timur, 69153', '2019-03-31 10:55:06', 2, 'REG', '2022-03-30 17:32:50'),
	(894, 'INV-100000894', 1055, 54000, 973500, 885000, 469, 'Jalan N No. 49, Kel Jatiroto, Kec Sumber Baru, Kab Kabupaten Jember Jawa Timur, 68156', '2019-03-31 16:34:23', 6, 'REG', '2022-03-30 21:38:46'),
	(896, 'INV-100000896', 4070, 135000, 1419000, 1290000, 278, 'Jalan F No. 39, Kel Sen Asen, Kec Konang, Kab Kabupaten Bangkalan Jawa Timur, 69175', '2019-04-02 14:42:39', 2, 'REG', '2022-04-01 03:50:44'),
	(898, 'INV-100000898', 1643, 42000, 2414500, 2270000, 284, 'Jalan Y No. 147, Kel Dawungsari, Kec Pegandon, Kab Kabupaten Kendal Jawa Tengah, 51357', '2019-04-02 11:56:03', 1, 'REG', '2022-04-01 08:36:21'),
	(900, 'INV-100000900', 585, 27000, 2277000, 2070000, 261, 'Jalan A No. 83, Kel Manggis, Kec Panggul, Kab Kabupaten Trenggalek Jawa Timur, 66364', '2019-04-02 10:56:40', 6, 'REG', '2022-04-01 11:32:07'),
	(902, 'INV-100000902', 12502, 351000, 4477000, 4070000, 272, 'Jalan Q No. 76, Kel Mojoroto, Kec Mojoroto, Kab Kota Kediri Jawa Timur, 64112', '2019-04-02 10:44:22', 4, 'REG', '2022-04-01 13:39:13'),
	(904, 'INV-100000904', 789, 21000, 2531100, 2301000, 25, 'Jalan T No. 103, Kel Gedongkiwo, Kec Mantrijeron, Kab Kota Yogyakarta DI Yogyakarta, 55142', '2019-04-02 11:23:44', 4, 'REG', '2022-04-01 13:55:18'),
	(906, 'INV-100000906', 4300, 105000, 990000, 900000, 242, 'Jalan E No. 121, Kel Rejosari, Kec Pringsurat, Kab Kabupaten Temanggung Jawa Tengah, 56272', '2019-04-03 09:45:28', 6, 'REG', '2022-04-02 04:39:06'),
	(908, 'INV-100000908', 4700, 105000, 6050000, 5500000, 470, 'Jalan Z No. 65, Kel Wirapanjunan, Kec Kandanghaur, Kab Kabupaten Indramayu Jawa Barat, 45254', '2019-04-03 15:50:28', 4, 'REG', '2022-04-02 16:08:16'),
	(910, 'INV-100000910', 832, 21000, 1617000, 1470000, 122, 'Jalan W No. 39, Kel Sukahaji, Kec Sukawening, Kab Kabupaten Garut Jawa Barat, 44184', '2019-04-03 12:49:33', 6, 'REG', '2022-04-02 22:14:12'),
	(912, 'INV-100000912', 832, 15000, 2299000, 2130000, 241, 'Jalan M No. 131, Kel Pasirbitung, Kec Bojongmanik, Kab Kabupaten Lebak Banten, 42363', '2019-04-03 14:38:59', 6, 'REG', '2022-04-02 10:21:28'),
	(914, 'INV-100000914', 1699, 54000, 6198500, 5960000, 299, 'Jalan G No. 135, Kel Pohkecik, Kec Dlanggu, Kab Kabupaten Mojokerto Jawa Timur, 61371', '2019-04-03 14:01:20', 4, 'REG', '2022-04-02 19:07:37'),
	(916, 'INV-100000916', 700, 27000, 4273500, 4290000, 326, 'Jalan Y No. 80, Kel Mangguan, Kec Pasrepan, Kab Kabupaten Pasuruan Jawa Timur, 67175', '2019-04-03 11:18:43', 3, 'REG', '2022-04-02 04:13:02'),
	(918, 'INV-100000918', 320, 27000, 1265000, 1150000, 242, 'Jalan X No. 132, Kel Grujugan Lor, Kec Jambe Sari Darus Sholah, Kab Kabupaten Bondowoso Jawa Timur, 68261', '2019-04-03 13:14:34', 2, 'REG', '2022-04-02 20:40:40'),
	(920, 'INV-100000920', 120, 21000, 785400, 714000, 257, 'Jalan E No. 23, Kel Legok Gunung, Kec Wonopringgo, Kab Kabupaten Pekalongan Jawa Tengah, 51181', '2019-04-04 10:11:54', 5, 'REG', '2022-04-03 20:52:50'),
	(922, 'INV-100000922', 1040, 42000, 1237500, 1125000, 237, 'Jalan K No. 115, Kel Tanjungsari, Kec Borobudur, Kab Kabupaten Magelang Jawa Tengah, 56553', '2019-04-04 12:08:55', 1, 'REG', '2022-04-03 15:02:17'),
	(924, 'INV-100000924', 1177, 30000, 2324025, 2267500, 241, 'Jalan V No. 130, Kel Sidamukti, Kec Sukaresmi, Kab Kabupaten Pandeglang Banten, 42265', '2019-04-04 13:06:28', 1, 'REG', '2022-04-03 03:12:09'),
	(926, 'INV-100000926', 1810, 54000, 3641000, 3310000, 438, 'Jalan J No. 64, Kel Mojoagung, Kec Ngantru, Kab Kabupaten Tulungagung Jawa Timur, 66252', '2019-04-04 09:48:17', 3, 'REG', '2022-04-03 22:28:50'),
	(928, 'INV-100000928', 1580, 54000, 6473500, 6250000, 432, 'Jalan S No. 39, Kel Purworejo, Kec Ngunut, Kab Kabupaten Tulungagung Jawa Timur, 66292', '2019-04-04 10:21:52', 2, 'REG', '2022-04-03 22:18:05'),
	(930, 'INV-100000930', 200, 21000, 500500, 455000, 284, 'Jalan I No. 44, Kel Kertomulyo, Kec Trangkil, Kab Kabupaten Pati Jawa Tengah, 59153', '2019-04-04 12:59:28', 1, 'REG', '2022-04-03 15:27:06'),
	(932, 'INV-100000932', 1047, 42000, 2989250, 2717500, 290, 'Jalan R No. 132, Kel Padanaan, Kec Paseh, Kab Kabupaten Sumedang Jawa Barat, 45381', '2019-04-05 09:00:10', 4, 'REG', '2022-04-04 06:54:49'),
	(934, 'INV-100000934', 630, 27000, 1386000, 1300000, 274, 'Jalan E No. 122, Kel Sumberagung, Kec Ngraho, Kab Kabupaten Bojonegoro Jawa Timur, 62165', '2019-04-05 15:21:23', 2, 'REG', '2022-04-04 00:06:51'),
	(936, 'INV-100000936', 880, 21000, 1485000, 1500000, 312, 'Jalan E No. 119, Kel Palimanan Barat, Kec Gempol, Kab Kabupaten Cirebon Jawa Barat, 45161', '2019-04-05 10:08:32', 4, 'REG', '2022-04-04 08:11:27'),
	(938, 'INV-100000938', 6852, 147000, 4722025, 4697500, 302, 'Jalan Z No. 128, Kel Tegalsari Timur, Kec Ampelgading, Kab Kabupaten Pemalang Jawa Tengah, 52364', '2019-04-05 12:33:08', 1, 'REG', '2022-04-04 19:45:56'),
	(940, 'INV-100000940', 895, 27000, 1779800, 1618000, 354, 'Jalan L No. 35, Kel Jatidrojok, Kec Kedungpring, Kab Kabupaten Lamongan Jawa Timur, 62272', '2019-04-05 16:38:48', 3, 'REG', '2022-04-04 10:13:50'),
	(942, 'INV-100000942', 1002, 54000, 3421000, 3110000, 67, 'Jalan O No. 101, Kel Trasak, Kec Larangan, Kab Kabupaten Pamekasan Jawa Timur, 69383', '2019-04-05 09:55:38', 2, 'REG', '2022-04-04 06:44:03'),
	(944, 'INV-100000944', 3305, 84000, 5115000, 4650000, 438, 'Jalan G No. 96, Kel Tawangsari, Kec Kerjo, Kab Kabupaten Karanganyar Jawa Tengah, 57753', '2019-04-06 13:13:48', 2, 'REG', '2022-04-05 12:57:21'),
	(946, 'INV-100000946', 546, 15000, 3250225, 3281500, 117, 'Jalan T No. 92, Kel Curug Goong, Kec Padarincang, Kab Kabupaten Serang Banten, 42168', '2019-04-06 09:10:56', 6, 'REG', '2022-04-05 12:46:41'),
	(948, 'INV-100000948', 4832, 135000, 1677500, 1525000, 54, 'Jalan E No. 118, Kel Tanggungprigel, Kec Glagah, Kab Kabupaten Lamongan Jawa Timur, 62292', '2019-04-06 15:59:48', 1, 'REG', '2022-04-05 14:31:22'),
	(950, 'INV-100000950', 4692, 105000, 5670500, 5570000, 281, 'Jalan V No. 43, Kel Sukamaju, Kec Megamendung, Kab Kabupaten Bogor Jawa Barat, 16770', '2019-04-06 13:31:46', 4, 'REG', '2022-04-05 21:32:35'),
	(952, 'INV-100000952', 4529, 105000, 3047000, 2770000, 283, 'Jalan Y No. 83, Kel Cilember, Kec Cisarua, Kab Kabupaten Bogor Jawa Barat, 16750', '2019-04-06 10:20:09', 4, 'REG', '2022-04-05 02:24:00'),
	(954, 'INV-100000954', 1052, 42000, 4108500, 4150000, 253, 'Jalan Z No. 29, Kel Subah, Kec Subah, Kab Kabupaten Batang Jawa Tengah, 51262', '2019-04-06 12:17:02', 2, 'REG', '2022-04-05 15:42:27'),
	(956, 'INV-100000956', 5040, 126000, 4496250, 4325000, 315, 'Jalan I No. 66, Kel Bojong, Kec Karangtengah, Kab Kabupaten Cianjur Jawa Barat, 43281', '2019-04-06 10:36:40', 2, 'REG', '2022-04-05 16:48:57'),
	(958, 'INV-100000958', 1470, 54000, 2879250, 2705000, 477, 'Jalan Q No. 131, Kel Rondokuning, Kec Kraksaan, Kab Kabupaten Probolinggo Jawa Timur, 67282', '2019-04-07 13:37:56', 1, 'REG', '2022-04-06 20:46:58'),
	(960, 'INV-100000960', 1140, 30000, 3767500, 3425000, 134, 'Jalan V No. 100, Kel Padurenan (Pedurenan), Kec Karang Tengah, Kab Kota Tangerang Banten, 15159', '2019-04-07 09:03:31', 2, 'REG', '2022-04-06 02:57:55'),
	(962, 'INV-100000962', 2365, 63000, 8541500, 8090000, 495, 'Jalan S No. 81, Kel Sukamenak, Kec Sukaresik, Kab Kabupaten Tasikmalaya Jawa Barat, 46418', '2019-04-07 15:41:03', 1, 'REG', '2022-04-06 05:27:10'),
	(964, 'INV-100000964', 97, 21000, 255750, 232500, 84, 'Jalan V No. 43, Kel Sukamaju, Kec Megamendung, Kab Kabupaten Bogor Jawa Barat, 16770', '2019-04-07 14:30:43', 3, 'REG', '2022-04-06 05:53:10'),
	(966, 'INV-100000966', 1395, 42000, 5674900, 5159000, 428, 'Jalan E No. 124, Kel Gandasari, Kec Cikaum, Kab Kabupaten Subang Jawa Barat, 41253', '2019-04-09 13:07:22', 3, 'REG', '2022-04-08 09:11:31'),
	(968, 'INV-100000968', 4975, 105000, 1232550, 1160500, 268, 'Jalan X No. 45, Kel Sarirejo, Kec Pati, Kab Kabupaten Pati Jawa Tengah, 59118', '2019-04-09 11:21:06', 6, 'REG', '2022-04-08 10:57:58'),
	(970, 'INV-100000970', 2208, 63000, 4570500, 4175000, 327, 'Jalan F No. 63, Kel Rancawuluh, Kec Bulakamba, Kab Kabupaten Brebes Jawa Tengah, 52253', '2019-04-09 14:54:28', 4, 'REG', '2022-04-08 02:40:25'),
	(972, 'INV-100000972', 4010, 105000, 5024250, 4655000, 230, 'Jalan M No. 144, Kel Sukakerta, Kec Panumbangan, Kab Kabupaten Ciamis Jawa Barat, 46263', '2019-04-09 10:34:06', 4, 'REG', '2022-04-08 10:36:51'),
	(974, 'INV-100000974', 837, 15000, 1633500, 1650000, 288, 'Jalan U No. 29, Kel Labanjaya, Kec Banjarsari, Kab Kabupaten Lebak Banten, 42355', '2019-04-09 13:41:06', 4, 'REG', '2022-04-08 19:23:58'),
	(976, 'INV-100000976', 1548, 42000, 6309875, 5738000, 216, 'Jalan Q No. 59, Kel Kalirejo, Kec Kokap, Kab Kabupaten Kulon Progo DI Yogyakarta, 55653', '2019-04-10 12:35:15', 1, 'REG', '2022-04-09 22:13:30'),
	(978, 'INV-100000978', 2110, 63000, 4878500, 4475000, 182, 'Jalan K No. 118, Kel Tunggak, Kec Toroh, Kab Kabupaten Grobogan Jawa Tengah, 58171', '2019-04-10 13:18:08', 2, 'REG', '2022-04-09 02:54:10'),
	(980, 'INV-100000980', 6832, 189000, 3256000, 3010000, 287, 'Jalan N No. 124, Kel Pakisaji, Kec Pakisaji, Kab Kabupaten Malang Jawa Timur, 65162', '2019-04-10 14:33:42', 6, 'REG', '2022-04-09 19:11:43'),
	(982, 'INV-100000982', 665, 21000, 2711500, 2730000, 310, 'Jalan A No. 83, Kel Banyudono, Kec Dukun, Kab Kabupaten Magelang Jawa Tengah, 56482', '2019-04-10 16:44:57', 6, 'REG', '2022-04-09 03:36:40'),
	(984, 'INV-100000984', 2717, 81000, 3621750, 3625000, 47, 'Jalan Z No. 148, Kel Bendorejo, Kec Udanawu, Kab Kabupaten Blitar Jawa Timur, 66154', '2019-04-10 11:42:18', 3, 'REG', '2022-04-09 13:55:08'),
	(986, 'INV-100000986', 1817, 42000, 1644500, 1582500, 312, 'Jalan V No. 66, Kel Tegaldowo, Kec Tirto, Kab Kabupaten Pekalongan Jawa Tengah, 51151', '2019-04-10 11:45:30', 1, 'REG', '2022-04-09 10:54:01'),
	(988, 'INV-100000988', 1182, 42000, 1237500, 1125000, 252, 'Jalan W No. 53, Kel Karangmalang, Kec Karangsembung, Kab Kabupaten Cirebon Jawa Barat, 45186', '2019-04-11 12:19:03', 5, 'REG', '2022-04-10 03:06:57'),
	(990, 'INV-100000990', 5423, 162000, 1634050, 1610500, 230, 'Jalan N No. 49, Kel Nologaten, Kec Ponorogo, Kab Kabupaten Ponorogo Jawa Timur, 63411', '2019-04-11 13:37:24', 1, 'REG', '2022-04-10 23:18:04'),
	(992, 'INV-100000992', 5852, 162000, 2230250, 2115000, 267, 'Jalan X No. 62, Kel Kalisat, Kec Bungkal, Kab Kabupaten Ponorogo Jawa Timur, 63462', '2019-04-11 09:23:21', 6, 'REG', '2022-04-10 19:06:53'),
	(994, 'INV-100000994', 5100, 162000, 2970000, 2700000, 186, 'Jalan K No. 105, Kel Gladag, Kec Rogojampi, Kab Kabupaten Banyuwangi Jawa Timur, 68462', '2019-04-11 12:13:37', 2, 'REG', '2022-04-10 02:51:23'),
	(996, 'INV-100000996', 4480, 135000, 2728000, 2480000, 160, 'Jalan A No. 137, Kel Tegalbangsri, Kec Ranuyoso, Kab Kabupaten Lumajang Jawa Timur, 67357', '2019-04-11 09:59:54', 3, 'REG', '2022-04-10 00:37:44'),
	(998, 'INV-100000998', 4362, 105000, 4672250, 4675000, 353, 'Jalan O No. 107, Kel Gempolkolot, Kec Banyusari, Kab Kabupaten Karawang Jawa Barat, 41374', '2019-04-11 13:39:55', 3, 'REG', '2022-04-10 00:05:12'),
	(1000, 'INV-100001000', 1303, 30000, 4053500, 4010000, 397, 'Jalan J No. 32, Kel Keusik, Kec Banjarsari, Kab Kabupaten Lebak Banten, 42355', '2019-04-11 11:46:17', 3, 'REG', '2022-04-10 15:21:04'),
	(1002, 'INV-100001002', 897, 27000, 1320000, 1200000, 290, 'Jalan J No. 112, Kel Pordapor, Kec Guluk Guluk, Kab Kabupaten Sumenep Jawa Timur, 69463', '2019-04-12 09:21:20', 1, 'REG', '2022-04-11 03:57:25'),
	(1004, 'INV-100001004', 582, 27000, 352000, 320000, 291, 'Jalan M No. 21, Kel Sumberrejo, Kec Candipuro, Kab Kabupaten Lumajang Jawa Timur, 67373', '2019-04-12 14:34:47', 5, 'REG', '2022-04-11 19:19:56'),
	(1006, 'INV-100001006', 1677, 54000, 2093850, 1903500, 278, 'Jalan V No. 59, Kel Bader, Kec Jatirogo, Kab Kabupaten Tuban Jawa Timur, 62362', '2019-04-12 15:54:04', 5, 'REG', '2022-04-11 06:43:32'),
	(1008, 'INV-100001008', 1402, 42000, 3256000, 3000000, 322, 'Jalan F No. 57, Kel Wonorojo, Kec Reban, Kab Kabupaten Batang Jawa Tengah, 51273', '2019-04-12 11:37:48', 5, 'REG', '2022-04-11 18:45:57'),
	(1010, 'INV-100001010', 1892, 54000, 5753000, 5600000, 226, 'Jalan K No. 146, Kel Began, Kec Glagah, Kab Kabupaten Lamongan Jawa Timur, 62292', '2019-04-13 14:02:35', 3, 'REG', '2022-04-12 03:44:38'),
	(1012, 'INV-100001012', 5597, 126000, 2538250, 2445000, 151, 'Jalan A No. 143, Kel Gunung Picung, Kec Pamijahan, Kab Kabupaten Bogor Jawa Barat, 16810', '2019-04-13 12:58:50', 2, 'REG', '2022-04-12 18:22:30'),
	(1014, 'INV-100001014', 907, 27000, 2068000, 1880000, 444, 'Jalan H No. 49, Kel Gebang, Kec Sidoarjo, Kab Kabupaten Sidoarjo Jawa Timur, 61231', '2019-04-13 13:34:14', 1, 'REG', '2022-04-12 10:42:30'),
	(1016, 'INV-100001016', 5310, 126000, 3250500, 3080000, 162, 'Jalan L No. 85, Kel Keden, Kec Kalijambe, Kab Kabupaten Sragen Jawa Tengah, 57275', '2019-04-13 09:03:09', 4, 'REG', '2022-04-12 18:32:22'),
	(1018, 'INV-100001018', 4605, 105000, 3036000, 2760000, 184, 'Jalan L No. 66, Kel Girijaya, Kec Warungkiara, Kab Kabupaten Sukabumi Jawa Barat, 43362', '2019-04-13 16:22:21', 1, 'REG', '2022-04-12 05:24:04'),
	(1020, 'INV-100001020', 4100, 105000, 3960000, 3600000, 31, 'Jalan K No. 63, Kel Dukuhjeruk, Kec Karangampel, Kab Kabupaten Indramayu Jawa Barat, 45283', '2019-04-13 09:49:47', 4, 'REG', '2022-04-12 11:32:24'),
	(1022, 'INV-100001022', 119, 27000, 539275, 492500, 320, 'Jalan I No. 148, Kel Poja, Kec Gapura, Kab Kabupaten Sumenep Jawa Timur, 69472', '2019-04-14 14:09:04', 4, 'REG', '2022-04-13 12:08:45'),
	(1024, 'INV-100001024', 640, 21000, 1320000, 1200000, 323, 'Jalan B No. 28, Kel Legonkulon, Kec Legonkulon, Kab Kabupaten Subang Jawa Barat, 41254', '2019-04-14 09:53:39', 3, 'REG', '2022-04-13 05:34:54'),
	(1026, 'INV-100001026', 334, 21000, 971300, 883000, 234, 'Jalan E No. 25, Kel Tembongraja, Kec Salem, Kab Kabupaten Brebes Jawa Tengah, 52275', '2019-04-14 09:30:50', 3, 'REG', '2022-04-13 06:20:42'),
	(1028, 'INV-100001028', 397, 21000, 2604250, 2367500, 305, 'Jalan Z No. 57, Kel Ngadiwarno, Kec Sukorejo, Kab Kabupaten Kendal Jawa Tengah, 51363', '2019-04-14 14:47:36', 4, 'REG', '2022-04-13 20:45:55'),
	(1030, 'INV-100001030', 844, 15000, 1050500, 955000, 33, 'Jalan Z No. 136, Kel Karyasari, Kec Sukaresmi, Kab Kabupaten Pandeglang Banten, 42265', '2019-04-14 10:01:01', 1, 'REG', '2022-04-13 17:44:15'),
	(1032, 'INV-100001032', 93, 21000, 363550, 330500, 69, 'Jalan J No. 31, Kel Wangkelang, Kec Moga, Kab Kabupaten Pemalang Jawa Tengah, 52354', '2019-04-16 16:46:41', 1, 'REG', '2022-04-15 00:58:32'),
	(1034, 'INV-100001034', 3630, 108000, 1094500, 1070000, 366, 'Jalan E No. 81, Kel Manukan Kulon, Kec Tandes, Kab Kota Surabaya Jawa Timur, 60185', '2019-04-16 10:09:33', 6, 'REG', '2022-04-15 01:36:54'),
	(1036, 'INV-100001036', 2632, 63000, 3305500, 3005000, 475, 'Jalan U No. 114, Kel Sawahbesar, Kec Gayamsari, Kab Kota Semarang Jawa Tengah, 50163', '2019-04-16 13:17:37', 4, 'REG', '2022-04-15 12:35:55'),
	(1038, 'INV-100001038', 1084, 42000, 3997125, 3747500, 192, 'Jalan C No. 64, Kel Majalaya, Kec Majalaya, Kab Kabupaten Bandung Jawa Barat, 40382', '2019-04-16 15:36:39', 6, 'REG', '2022-04-15 04:24:53'),
	(1040, 'INV-100001040', 3862, 84000, 2579500, 2385000, 284, 'Jalan X No. 117, Kel Tulung, Kec Pamotan, Kab Kabupaten Rembang Jawa Tengah, 59261', '2019-04-16 09:17:36', 3, 'REG', '2022-04-15 10:41:59'),
	(1042, 'INV-100001042', 162, 21000, 517275, 472500, 262, 'Jalan R No. 142, Kel Rancamulya, Kec Pameungpeuk, Kab Kabupaten Bandung Jawa Barat, 40376', '2019-04-16 11:56:56', 4, 'REG', '2022-04-15 01:39:50'),
	(1044, 'INV-100001044', 5900, 126000, 12760000, 12200000, 233, 'Jalan U No. 82, Kel Grogol, Kec Paliyan, Kab Kabupaten Gunung Kidul DI Yogyakarta, 55871', '2019-04-16 12:58:11', 3, 'REG', '2022-04-15 03:56:59'),
	(1046, 'INV-100001046', 2792, 45000, 4961000, 4510000, 237, 'Jalan Z No. 82, Kel Sukalaba, Kec Gunungsari, Kab Kabupaten Serang Banten, 42163', '2019-04-16 10:42:19', 4, 'REG', '2022-04-15 01:21:47'),
	(1048, 'INV-100001048', 740, 21000, 2475000, 2250000, 302, 'Jalan E No. 92, Kel Bringin, Kec Bringin, Kab Kabupaten Semarang Jawa Tengah, 50772', '2019-04-17 15:36:56', 6, 'REG', '2022-04-16 15:12:04'),
	(1050, 'INV-100001050', 428, 15000, 2721400, 2564000, 40, 'Jalan A No. 144, Kel Jurumudi Baru, Kec Benda, Kab Kota Tangerang Banten, 15124', '2019-04-17 14:20:48', 3, 'REG', '2022-04-16 23:36:46'),
	(1052, 'INV-100001052', 1100, 42000, 2365000, 2150000, 148, 'Jalan V No. 133, Kel Sambongbangi, Kec Kradenan, Kab Kabupaten Grobogan Jawa Tengah, 58182', '2019-04-17 10:03:21', 6, 'REG', '2022-04-16 19:04:48'),
	(1054, 'INV-100001054', 2553, 63000, 6803500, 6510000, 349, 'Jalan M No. 48, Kel Pasir Angin, Kec Megamendung, Kab Kabupaten Bogor Jawa Barat, 16770', '2019-04-17 13:57:50', 2, 'REG', '2022-04-16 18:07:03'),
	(1056, 'INV-100001056', 7000, 189000, 990000, 900000, 280, 'Jalan B No. 36, Kel Satreyan, Kec Maron, Kab Kabupaten Probolinggo Jawa Timur, 67276', '2019-04-17 09:32:36', 4, 'REG', '2022-04-16 17:56:15'),
	(1058, 'INV-100001058', 3086, 84000, 1327700, 1257000, 321, 'Jalan N No. 84, Kel Ciampea Udik, Kec Ciampea, Kab Kabupaten Bogor Jawa Barat, 16620', '2019-04-18 16:53:03', 6, 'REG', '2022-04-17 12:24:12'),
	(1060, 'INV-100001060', 6004, 147000, 3217500, 3070000, 270, 'Jalan L No. 65, Kel Jatiyoso, Kec Jatiyoso, Kab Kabupaten Karanganyar Jawa Tengah, 57785', '2019-04-18 13:36:18', 2, 'REG', '2022-04-17 15:05:59'),
	(1062, 'INV-100001062', 92, 21000, 806850, 813500, 282, 'Jalan Q No. 44, Kel Mendala, Kec Jeruklegi, Kab Kabupaten Cilacap Jawa Tengah, 53252', '2019-04-18 12:05:50', 1, 'REG', '2022-04-17 16:15:59'),
	(1064, 'INV-100001064', 3767, 84000, 3085500, 2805000, 243, 'Jalan Y No. 83, Kel Kedungmundu, Kec Tembalang, Kab Kota Semarang Jawa Tengah, 50273', '2019-04-18 11:48:54', 6, 'REG', '2022-04-17 03:11:47'),
	(1066, 'INV-100001066', 1504, 42000, 2073500, 2030000, 413, 'Jalan D No. 126, Kel Krangganharjo, Kec Toroh, Kab Kabupaten Grobogan Jawa Tengah, 58171', '2019-04-19 15:16:20', 1, 'REG', '2022-04-18 08:59:17'),
	(1068, 'INV-100001068', 787, 27000, 2351800, 2178000, 130, 'Jalan A No. 109, Kel Jotangan, Kec Mojosari, Kab Kabupaten Mojokerto Jawa Timur, 61382', '2019-04-19 11:57:51', 2, 'REG', '2022-04-18 22:56:55'),
	(1070, 'INV-100001070', 1773, 54000, 2860000, 2600000, 170, 'Jalan K No. 35, Kel Sumberkerep, Kec Mantup, Kab Kabupaten Lamongan Jawa Timur, 62283', '2019-04-19 09:21:52', 4, 'REG', '2022-04-18 13:53:28'),
	(1072, 'INV-100001072', 2907, 81000, 1210000, 1100000, 104, 'Jalan H No. 95, Kel Bajang, Kec Balong, Kab Kabupaten Ponorogo Jawa Timur, 63461', '2019-04-19 12:20:28', 4, 'REG', '2022-04-18 19:51:25'),
	(1074, 'INV-100001074', 2123, 63000, 4400000, 4000000, 243, 'Jalan Z No. 115, Kel Cibeet, Kec Ibun, Kab Kabupaten Bandung Jawa Barat, 40384', '2019-04-19 10:31:28', 5, 'REG', '2022-04-18 20:55:35'),
	(1076, 'INV-100001076', 5724, 126000, 3463900, 3149000, 250, 'Jalan V No. 44, Kel Krebet, Kec Masaran, Kab Kabupaten Sragen Jawa Tengah, 57282', '2019-04-19 09:06:11', 1, 'REG', '2022-04-18 16:32:09'),
	(1078, 'INV-100001078', 930, 21000, 5692500, 5500000, 326, 'Jalan P No. 124, Kel Purwokerto Kulon, Kec Purwokerto Selatan, Kab Kabupaten Banyumas Jawa Tengah, 53141', '2019-04-20 10:48:52', 5, 'REG', '2022-04-19 08:33:23'),
	(1080, 'INV-100001080', 5400, 126000, 1691250, 1625000, 324, 'Jalan M No. 88, Kel Tambakreja, Kec Lakbok, Kab Kabupaten Ciamis Jawa Barat, 46385', '2019-04-20 11:51:15', 6, 'REG', '2022-04-19 21:25:54'),
	(1082, 'INV-100001082', 741, 21000, 2111175, 1920500, 325, 'Jalan E No. 44, Kel Jatibening Baru, Kec Pondok Gede, Kab Kota Bekasi Jawa Barat, 17412', '2019-04-20 09:36:34', 6, 'REG', '2022-04-19 20:46:05'),
	(1084, 'INV-100001084', 2620, 81000, 3844500, 3850000, 434, 'Jalan J No. 110, Kel Sekarbagus, Kec Sugio, Kab Kabupaten Lamongan Jawa Timur, 62256', '2019-04-20 12:33:58', 5, 'REG', '2022-04-19 12:12:51'),
	(1086, 'INV-100001086', 640, 21000, 500500, 455000, 302, 'Jalan A No. 47, Kel Pucang, Kec Secang, Kab Kabupaten Magelang Jawa Tengah, 56195', '2019-04-20 12:26:29', 5, 'REG', '2022-04-19 09:28:03'),
	(1088, 'INV-100001088', 832, 21000, 2497000, 2270000, 356, 'Jalan V No. 133, Kel Dimoro, Kec Toroh, Kab Kabupaten Grobogan Jawa Tengah, 58171', '2019-04-20 14:43:29', 4, 'REG', '2022-04-19 18:01:29'),
	(1090, 'INV-100001090', 4973, 105000, 6325000, 5750000, 2, 'Jalan X No. 26, Kel Jembrak, Kec Pabelan, Kab Kabupaten Semarang Jawa Tengah, 50771', '2019-04-21 11:29:48', 4, 'REG', '2022-04-20 01:37:59'),
	(1092, 'INV-100001092', 330, 21000, 2145000, 1950000, 408, 'Jalan U No. 89, Kel Cangkuang, Kec Cangkuang, Kab Kabupaten Bandung Jawa Barat, 40238', '2019-04-21 15:44:09', 4, 'REG', '2022-04-20 14:17:29'),
	(1094, 'INV-100001094', 5673, 90000, 2863575, 2692500, 309, 'Jalan S No. 97, Kel Kademangan, Kec Setu, Kab Kota Tangerang Selatan Banten, 15313', '2019-04-21 12:27:14', 6, 'REG', '2022-04-20 19:26:39'),
	(1096, 'INV-100001096', 1185, 42000, 4422000, 4020000, 271, 'Jalan H No. 56, Kel Pucungrejo, Kec Muntilan, Kab Kabupaten Magelang Jawa Tengah, 56414', '2019-04-21 11:47:52', 4, 'REG', '2022-04-20 06:02:40'),
	(1098, 'INV-100001098', 1150, 54000, 2530000, 2300000, 235, 'Jalan H No. 42, Kel Pulosari, Kec Ngunut, Kab Kabupaten Tulungagung Jawa Timur, 66292', '2019-04-21 13:08:55', 1, 'REG', '2022-04-20 06:52:13'),
	(1100, 'INV-100001100', 1003, 54000, 3778500, 3510000, 260, 'Jalan T No. 100, Kel Resapombo, Kec Doko, Kab Kabupaten Blitar Jawa Timur, 66186', '2019-04-21 16:35:15', 1, 'REG', '2022-04-20 14:10:19'),
	(1102, 'INV-100001102', 4495, 135000, 5844850, 5713500, 20, 'Jalan G No. 89, Kel Kupang, Kec Pakem, Kab Kabupaten Bondowoso Jawa Timur, 68253', '2019-04-21 16:37:50', 3, 'REG', '2022-04-20 23:07:06'),
	(1104, 'INV-100001104', 1303, 42000, 6724575, 6792500, 52, 'Jalan Q No. 102, Kel Tukmudal, Kec Sumber, Kab Kabupaten Cirebon Jawa Barat, 45611', '2019-04-23 09:36:14', 4, 'REG', '2022-04-22 12:32:50'),
	(1106, 'INV-100001106', 1593, 42000, 1460250, 1415000, 469, 'Jalan P No. 124, Kel Purwokerto Kulon, Kec Purwokerto Selatan, Kab Kabupaten Banyumas Jawa Tengah, 53141', '2019-04-23 15:05:28', 3, 'REG', '2022-04-22 07:31:01'),
	(1108, 'INV-100001108', 4580, 105000, 1347500, 1225000, 225, 'Jalan J No. 114, Kel Sayung, Kec Sayung, Kab Kabupaten Demak Jawa Tengah, 59563', '2019-04-23 13:29:36', 6, 'REG', '2022-04-22 03:22:41'),
	(1110, 'INV-100001110', 735, 21000, 4221250, 3915000, 176, 'Jalan M No. 110, Kel Linggaraja, Kec Sukaraja, Kab Kabupaten Tasikmalaya Jawa Barat, 46183', '2019-04-23 15:28:54', 1, 'REG', '2022-04-22 01:00:43'),
	(1112, 'INV-100001112', 935, 21000, 3558500, 3460000, 227, 'Jalan A No. 110, Kel Cipicung, Kec Cipicung, Kab Kabupaten Kuningan Jawa Barat, 45592', '2019-04-24 16:57:04', 1, 'REG', '2022-04-23 22:21:20'),
	(1114, 'INV-100001114', 2002, 63000, 5302000, 4820000, 258, 'Jalan H No. 116, Kel Cinangsi, Kec Cisitu, Kab Kabupaten Sumedang Jawa Barat, 45363', '2019-04-24 10:34:44', 4, 'REG', '2022-04-23 12:37:38'),
	(1116, 'INV-100001116', 693, 21000, 1446500, 1390000, 226, 'Jalan H No. 33, Kel Nagreg, Kec Nagreg, Kab Kabupaten Bandung Jawa Barat, 40215', '2019-04-24 13:32:51', 6, 'REG', '2022-04-23 06:58:34'),
	(1118, 'INV-100001118', 844, 27000, 1549350, 1553500, 255, 'Jalan Q No. 113, Kel Jabon, Kec Banyakan, Kab Kabupaten Kediri Jawa Timur, 64157', '2019-04-24 13:36:23', 6, 'REG', '2022-04-23 21:44:17'),
	(1120, 'INV-100001120', 5030, 126000, 4800400, 4364000, 332, 'Jalan P No. 99, Kel Sindangpano, Kec Rajagaluh, Kab Kabupaten Majalengka Jawa Barat, 45472', '2019-04-24 16:24:19', 2, 'REG', '2022-04-23 03:58:26'),
	(1122, 'INV-100001122', 1059, 42000, 2821500, 2645000, 6, 'Jalan A No. 60, Kel Sepatnunggal, Kec Majenang, Kab Kabupaten Cilacap Jawa Tengah, 53257', '2019-04-24 13:50:20', 3, 'REG', '2022-04-23 05:43:50'),
	(1124, 'INV-100001124', 1202, 42000, 5096025, 4897500, 230, 'Jalan Z No. 35, Kel Walahir, Kec Leles, Kab Kabupaten Cianjur Jawa Barat, 43273', '2019-04-24 16:28:38', 5, 'REG', '2022-04-23 19:25:44'),
	(1126, 'INV-100001126', 1450, 54000, 7425000, 6750000, 66, 'Jalan M No. 95, Kel Gapluk, Kec Purwosari, Kab Kabupaten Bojonegoro Jawa Timur, 62161', '2019-04-24 12:39:24', 3, 'REG', '2022-04-23 21:56:34'),
	(1128, 'INV-100001128', 2600, 81000, 1457500, 1325000, 222, 'Jalan J No. 50, Kel Putukrejo, Kec Loceret, Kab Kabupaten Nganjuk Jawa Timur, 64471', '2019-04-25 15:09:58', 2, 'REG', '2022-04-24 23:45:53'),
	(1130, 'INV-100001130', 1683, 42000, 4747325, 4317500, 232, 'Jalan D No. 32, Kel Pulutan, Kec Sidorejo, Kab Kota Salatiga Jawa Tengah, 50716', '2019-04-25 14:15:54', 4, 'REG', '2022-04-24 10:06:27'),
	(1132, 'INV-100001132', 686, 27000, 2349875, 2218000, 277, 'Jalan O No. 87, Kel Karangmojo, Kec Balong, Kab Kabupaten Ponorogo Jawa Timur, 63461', '2019-04-25 16:58:49', 4, 'REG', '2022-04-24 21:21:31'),
	(1134, 'INV-100001134', 5130, 90000, 6451500, 6190000, 305, 'Jalan D No. 25, Kel Cilangkap, Kec Maja, Kab Kabupaten Lebak Banten, 42381', '2019-04-25 09:38:27', 2, 'REG', '2022-04-24 11:12:15'),
	(1136, 'INV-100001136', 4600, 30000, 2964500, 2695000, 242, 'Jalan X No. 52, Kel Tomang, Kec Grogol Petamburan, Kab Kota Jakarta Barat DKI Jakarta, 11440', '2019-04-25 12:06:29', 3, 'REG', '2022-04-24 04:00:01'),
	(1138, 'INV-100001138', 1600, 42000, 6358000, 5820000, 164, 'Jalan R No. 79, Kel Mulusan, Kec Paliyan, Kab Kabupaten Gunung Kidul DI Yogyakarta, 55871', '2019-04-26 09:53:36', 1, 'REG', '2022-04-25 21:57:29'),
	(1140, 'INV-100001140', 273, 21000, 1441550, 1310500, 221, 'Jalan Y No. 140, Kel Balonggandu, Kec Jatisari, Kab Kabupaten Karawang Jawa Barat, 41374', '2019-04-26 14:33:50', 4, 'REG', '2022-04-25 09:13:32'),
	(1142, 'INV-100001142', 1090, 42000, 6776000, 6200000, 423, 'Jalan B No. 145, Kel Delingan, Kec Karanganyar, Kab Kabupaten Karanganyar Jawa Tengah, 57716', '2019-04-26 09:45:55', 4, 'REG', '2022-04-25 07:54:31'),
	(1144, 'INV-100001144', 678, 27000, 3747700, 3487000, 507, 'Jalan A No. 127, Kel Ngadirejo, Kec Kepanjen Kidul, Kab Kota Blitar Jawa Timur, 66114', '2019-04-26 13:24:43', 2, 'REG', '2022-04-25 23:30:43'),
	(1146, 'INV-100001146', 1320, 42000, 8192250, 8225000, 142, 'Jalan A No. 141, Kel Cikembar, Kec Cikembar, Kab Kabupaten Sukabumi Jawa Barat, 43157', '2019-04-26 12:28:59', 2, 'REG', '2022-04-25 18:30:32'),
	(1148, 'INV-100001148', 570, 6000, 2128500, 1935000, 261, 'Jalan B No. 22, Kel Pasar Minggu, Kec Pasar Minggu, Kab Kota Jakarta Selatan DKI Jakarta, 12520', '2019-04-26 09:18:41', 4, 'REG', '2022-04-25 00:11:40'),
	(1150, 'INV-100001150', 1620, 54000, 4512750, 4125000, 251, 'Jalan V No. 109, Kel Sidobogem, Kec Sugio, Kab Kabupaten Lamongan Jawa Timur, 62256', '2019-04-26 14:41:12', 2, 'REG', '2022-04-25 13:09:15'),
	(1152, 'INV-100001152', 4592, 105000, 4207500, 3825000, 253, 'Jalan D No. 111, Kel Kedalingan, Kec Tambakromo, Kab Kabupaten Pati Jawa Tengah, 59174', '2019-04-27 09:34:45', 5, 'REG', '2022-04-26 06:52:32'),
	(1154, 'INV-100001154', 990, 27000, 1751750, 1667500, 270, 'Jalan B No. 36, Kel Kandat, Kec Kandat, Kab Kabupaten Kediri Jawa Timur, 64173', '2019-04-27 11:11:18', 1, 'REG', '2022-04-26 02:16:18'),
	(1156, 'INV-100001156', 1632, 42000, 4108500, 3735000, 272, 'Jalan M No. 110, Kel Wanasari, Kec Margasari, Kab Kabupaten Tegal Jawa Tengah, 52463', '2019-04-27 09:04:30', 1, 'REG', '2022-04-26 23:20:07'),
	(1158, 'INV-100001158', 1507, 54000, 5403750, 5400000, 363, 'Jalan H No. 101, Kel Karang Bendo, Kec Rogojampi, Kab Kabupaten Banyuwangi Jawa Timur, 68462', '2019-04-27 13:20:54', 6, 'REG', '2022-04-26 14:06:10'),
	(1160, 'INV-100001160', 915, 21000, 975700, 887000, 223, 'Jalan S No. 35, Kel Pandean, Kec Ngablak, Kab Kabupaten Magelang Jawa Tengah, 56194', '2019-04-27 10:42:56', 4, 'REG', '2022-04-26 06:51:18'),
	(1162, 'INV-100001162', 2376, 63000, 4788300, 4498000, 510, 'Jalan E No. 130, Kel Doplang, Kec Karangpandan, Kab Kabupaten Karanganyar Jawa Tengah, 57791', '2019-04-27 10:54:26', 2, 'REG', '2022-04-26 23:36:45'),
	(1164, 'INV-100001164', 1525, 42000, 5808550, 5280500, 93, 'Jalan R No. 133, Kel Citarik, Kec Tirtamulya, Kab Kabupaten Karawang Jawa Barat, 41372', '2019-04-27 09:18:02', 1, 'REG', '2022-04-26 13:25:35'),
	(1166, 'INV-100001166', 692, 21000, 1485000, 1350000, 315, 'Jalan V No. 117, Kel Cimarga, Kec Cisitu, Kab Kabupaten Sumedang Jawa Barat, 45363', '2019-04-28 09:02:44', 1, 'REG', '2022-04-27 18:10:44'),
	(1168, 'INV-100001168', 3550, 84000, 4290000, 3900000, 296, 'Jalan V No. 31, Kel Mandala, Kec Dukupuntang, Kab Kabupaten Cirebon Jawa Barat, 45652', '2019-04-28 13:53:44', 3, 'REG', '2022-04-27 09:18:00'),
	(1170, 'INV-100001170', 5655, 90000, 5681500, 5290000, 297, 'Jalan B No. 124, Kel Panunggulan, Kec Tunjung Teja, Kab Kabupaten Serang Banten, 42174', '2019-04-28 09:38:55', 4, 'REG', '2022-04-27 08:59:04'),
	(1172, 'INV-100001172', 2850, 63000, 8057500, 7325000, 314, 'Jalan L No. 117, Kel Dowan, Kec Gunem, Kab Kabupaten Rembang Jawa Tengah, 59263', '2019-04-28 14:00:55', 5, 'REG', '2022-04-27 08:18:51'),
	(1174, 'INV-100001174', 112, 21000, 181500, 165000, 442, 'Jalan M No. 128, Kel Pakalongan, Kec Sodonghilir, Kab Kabupaten Tasikmalaya Jawa Barat, 46473', '2019-04-30 11:48:09', 2, 'REG', '2022-04-29 01:14:34'),
	(1176, 'INV-100001176', 7125, 168000, 4202000, 3820000, 375, 'Jalan I No. 95, Kel Linggasari, Kec Kembaran, Kab Kabupaten Banyumas Jawa Tengah, 53182', '2019-04-30 15:42:40', 4, 'REG', '2022-04-29 07:15:47'),
	(1178, 'INV-100001178', 1743, 30000, 1991000, 1885000, 136, 'Jalan R No. 36, Kel Pematang, Kec Tigaraksa, Kab Kabupaten Tangerang Banten, 15720', '2019-04-30 14:41:51', 3, 'REG', '2022-04-29 20:19:03'),
	(1180, 'INV-100001180', 1323, 42000, 4934050, 4810500, 454, 'Jalan F No. 89, Kel Bandingan, Kec Rakit, Kab Kabupaten Banjarnegara Jawa Tengah, 53463', '2019-04-30 09:01:10', 4, 'REG', '2022-04-29 21:05:58'),
	(1182, 'INV-100001182', 1950, 54000, 7507500, 7150000, 39, 'Jalan V No. 86, Kel Tambaksari, Kec Tambaksari, Kab Kota Surabaya Jawa Timur, 60136', '2019-04-30 12:51:47', 2, 'REG', '2022-04-29 19:45:52'),
	(1184, 'INV-100001184', 4170, 75000, 4100250, 4075000, 280, 'Jalan X No. 94, Kel Cinoyong, Kec Carita, Kab Kabupaten Pandeglang Banten, 42264', '2019-05-01 09:34:10', 6, 'REG', '2022-04-30 09:19:57'),
	(1186, 'INV-100001186', 5879, 126000, 1798500, 1635000, 324, 'Jalan M No. 73, Kel Selo Martani, Kec Kalasan, Kab Kabupaten Sleman DI Yogyakarta, 55571', '2019-05-01 11:35:42', 3, 'REG', '2022-04-30 15:48:49'),
	(1188, 'INV-100001188', 1500, 54000, 2337500, 2125000, 270, 'Jalan O No. 138, Kel Sumberpetung, Kec Ranuyoso, Kab Kabupaten Lumajang Jawa Timur, 67357', '2019-05-01 09:13:48', 1, 'REG', '2022-04-30 08:40:59'),
	(1190, 'INV-100001190', 5262, 126000, 3184500, 2895000, 274, 'Jalan B No. 81, Kel Kendaga, Kec Banjarmangu, Kab Kabupaten Banjarnegara Jawa Tengah, 53452', '2019-05-01 14:13:58', 5, 'REG', '2022-04-30 14:09:12'),
	(1192, 'INV-100001192', 682, 21000, 2297350, 2088500, 386, 'Jalan Z No. 110, Kel Brebes, Kec Brebes, Kab Kabupaten Brebes Jawa Tengah, 52212', '2019-05-01 12:13:30', 1, 'REG', '2022-04-30 05:08:17'),
	(1194, 'INV-100001194', 2634, 63000, 5497250, 5435000, 258, 'Jalan Y No. 107, Kel Sukaraharja, Kec Cibeber, Kab Kabupaten Cianjur Jawa Barat, 43262', '2019-05-01 16:05:17', 4, 'REG', '2022-04-30 07:59:27'),
	(1196, 'INV-100001196', 1074, 42000, 2033350, 1938500, 57, 'Jalan X No. 144, Kel Keyongan, Kec Nogosari, Kab Kabupaten Boyolali Jawa Tengah, 57378', '2019-05-02 16:52:39', 4, 'REG', '2022-05-01 00:49:05'),
	(1198, 'INV-100001198', 5930, 162000, 7092250, 6525000, 419, 'Jalan L No. 143, Kel Jrambe, Kec Dlanggu, Kab Kabupaten Mojokerto Jawa Timur, 61371', '2019-05-02 12:19:58', 2, 'REG', '2022-05-01 23:51:37'),
	(1200, 'INV-100001200', 750, 15000, 3575000, 3250000, 471, 'Jalan A No. 84, Kel Damping, Kec Pamarayan, Kab Kabupaten Serang Banten, 42176', '2019-05-02 12:27:54', 3, 'REG', '2022-05-01 01:41:39'),
	(1202, 'INV-100001202', 2032, 63000, 5335000, 4850000, 270, 'Jalan D No. 46, Kel Kauman, Kec Polanharjo, Kab Kabupaten Klaten Jawa Tengah, 57474', '2019-05-02 15:38:56', 5, 'REG', '2022-05-01 16:49:46'),
	(1204, 'INV-100001204', 2018, 63000, 2986500, 2715000, 327, 'Jalan Z No. 57, Kel Ngadiwarno, Kec Sukorejo, Kab Kabupaten Kendal Jawa Tengah, 51363', '2019-05-02 15:36:10', 1, 'REG', '2022-05-01 08:47:56'),
	(1206, 'INV-100001206', 2022, 63000, 5762350, 5563500, 249, 'Jalan Y No. 134, Kel Sikumpul, Kec Kalibening, Kab Kabupaten Banjarnegara Jawa Tengah, 53458', '2019-05-02 15:35:48', 2, 'REG', '2022-05-01 16:17:53'),
	(1208, 'INV-100001208', 1200, 54000, 5280000, 5000000, 269, 'Jalan F No. 138, Kel Singkalan, Kec Balongbendo, Kab Kabupaten Sidoarjo Jawa Timur, 61263', '2019-05-02 15:59:22', 4, 'REG', '2022-05-01 23:54:08'),
	(1210, 'INV-100001210', 750, 21000, 5197500, 5050000, 261, 'Jalan K No. 115, Kel Situgede, Kec Karangpawitan, Kab Kabupaten Garut Jawa Barat, 44182', '2019-05-03 15:43:47', 4, 'REG', '2022-05-02 08:03:30'),
	(1212, 'INV-100001212', 337, 21000, 1023000, 930000, 116, 'Jalan M No. 51, Kel Totogan, Kec Karangsambung, Kab Kabupaten Kebumen Jawa Tengah, 54353', '2019-05-03 10:09:40', 4, 'REG', '2022-05-02 08:31:42'),
	(1214, 'INV-100001214', 502, 21000, 345400, 314000, 391, 'Jalan B No. 68, Kel Pragu, Kec Sulang, Kab Kabupaten Rembang Jawa Tengah, 59254', '2019-05-03 11:57:07', 6, 'REG', '2022-05-02 14:11:49'),
	(1216, 'INV-100001216', 1300, 42000, 3960000, 3875000, 315, 'Jalan B No. 116, Kel Purbalingga Lor, Kec Purbalingga, Kab Kabupaten Purbalingga Jawa Tengah, 53311', '2019-05-03 10:13:36', 3, 'REG', '2022-05-02 15:01:25'),
	(1218, 'INV-100001218', 1520, 42000, 5236000, 4985000, 113, 'Jalan K No. 149, Kel Wotgali, Kec Plered, Kab Kabupaten Cirebon Jawa Barat, 45154', '2019-05-03 09:00:33', 5, 'REG', '2022-05-02 19:00:55'),
	(1220, 'INV-100001220', 3359, 108000, 3179000, 2890000, 315, 'Jalan Q No. 80, Kel Widodaren, Kec Gerih, Kab Kabupaten Ngawi Jawa Timur, 63271', '2019-05-03 09:22:35', 6, 'REG', '2022-05-02 00:41:31'),
	(1222, 'INV-100001222', 997, 21000, 759000, 690000, 244, 'Jalan A No. 63, Kel Cilangkap, Kec Gumelar, Kab Kabupaten Banyumas Jawa Tengah, 53165', '2019-05-03 12:21:47', 6, 'REG', '2022-05-02 09:38:44'),
	(1224, 'INV-100001224', 4365, 105000, 3674000, 3430000, 264, 'Jalan G No. 95, Kel Dadapsari, Kec Semarang Utara, Kab Kota Semarang Jawa Tengah, 50173', '2019-05-04 11:02:40', 1, 'REG', '2022-05-03 03:19:33'),
	(1226, 'INV-100001226', 6230, 147000, 4768500, 4335000, 319, 'Jalan P No. 120, Kel Pasuruhan, Kec Karangkobar, Kab Kabupaten Banjarnegara Jawa Tengah, 53453', '2019-05-04 11:57:23', 1, 'REG', '2022-05-03 04:44:34'),
	(1228, 'INV-100001228', 5330, 162000, 3652000, 3320000, 23, 'Jalan Q No. 141, Kel Karanganyar, Kec Tegalampel, Kab Kabupaten Bondowoso Jawa Timur, 68291', '2019-05-04 12:02:55', 6, 'REG', '2022-05-03 01:32:55'),
	(1230, 'INV-100001230', 169, 21000, 224950, 204500, 154, 'Jalan K No. 133, Kel Ciberung, Kec Ajibarang, Kab Kabupaten Banyumas Jawa Tengah, 53163', '2019-05-04 11:15:08', 3, 'REG', '2022-05-03 20:19:19'),
	(1232, 'INV-100001232', 2585, 81000, 1012000, 960000, 424, 'Jalan K No. 145, Kel Sumber Urip, Kec Berbek, Kab Kabupaten Nganjuk Jawa Timur, 64473', '2019-05-04 15:25:36', 5, 'REG', '2022-05-03 16:45:48'),
	(1234, 'INV-100001234', 1069, 42000, 1790250, 1627500, 26, 'Jalan Z No. 128, Kel Ciherang, Kec Kadugede, Kab Kabupaten Kuningan Jawa Barat, 45561', '2019-05-04 12:38:21', 2, 'REG', '2022-05-03 02:47:18'),
	(1236, 'INV-100001236', 5797, 126000, 8379250, 8407500, 418, 'Jalan G No. 56, Kel Purwodadi, Kec Purwodadi, Kab Kabupaten Grobogan Jawa Tengah, 58111', '2019-05-05 15:14:29', 6, 'REG', '2022-05-04 09:29:15'),
	(1238, 'INV-100001238', 1680, 42000, 1980000, 1800000, 280, 'Jalan J No. 97, Kel Kramat, Kec Kembaran, Kab Kabupaten Banyumas Jawa Tengah, 53182', '2019-05-05 13:05:56', 4, 'REG', '2022-05-04 03:41:32'),
	(1240, 'INV-100001240', 3148, 84000, 5150200, 5097000, 279, 'Jalan C No. 102, Kel Tlepok Kulon, Kec Grabag, Kab Kabupaten Purworejo Jawa Tengah, 54265', '2019-05-05 09:36:51', 6, 'REG', '2022-05-04 16:18:13'),
	(1242, 'INV-100001242', 1400, 30000, 2722500, 2475000, 271, 'Jalan W No. 112, Kel Pasanggrahan, Kec Munjul, Kab Kabupaten Pandeglang Banten, 42276', '2019-05-05 15:27:52', 3, 'REG', '2022-05-04 14:08:50'),
	(1244, 'INV-100001244', 750, 21000, 4647500, 4550000, 268, 'Jalan D No. 64, Kel Giritontro, Kec Giritontro, Kab Kabupaten Wonogiri Jawa Tengah, 57678', '2019-05-05 13:45:21', 5, 'REG', '2022-05-04 11:25:46'),
	(1246, 'INV-100001246', 1151, 54000, 2330075, 2120500, 283, 'Jalan B No. 53, Kel Tanah Merah Laok, Kec Tanah Merah, Kab Kabupaten Bangkalan Jawa Timur, 69172', '2019-05-05 16:17:42', 2, 'REG', '2022-05-04 13:53:50'),
	(1248, 'INV-100001248', 1505, 42000, 1779250, 1617500, 140, 'Jalan F No. 133, Kel Sindulang, Kec Cimanggung, Kab Kabupaten Sumedang Jawa Barat, 45364', '2019-05-05 14:02:27', 1, 'REG', '2022-05-04 01:39:43'),
	(1250, 'INV-100001250', 150, 21000, 429000, 390000, 135, 'Jalan J No. 80, Kel Lulut, Kec Klapanunggal, Kab Kabupaten Bogor Jawa Barat, 16710', '2019-05-07 12:53:21', 4, 'REG', '2022-05-06 18:53:02'),
	(1252, 'INV-100001252', 1200, 42000, 7425000, 7500000, 14, 'Jalan Y No. 109, Kel Wanasari, Kec Margasari, Kab Kabupaten Tegal Jawa Tengah, 52463', '2019-05-07 10:00:49', 3, 'REG', '2022-05-06 12:43:54'),
	(1254, 'INV-100001254', 2107, 63000, 4812500, 4700000, 190, 'Jalan G No. 48, Kel Karangtengah, Kec Karangsembung, Kab Kabupaten Cirebon Jawa Barat, 45186', '2019-05-07 16:33:55', 6, 'REG', '2022-05-06 02:03:26'),
	(1256, 'INV-100001256', 5950, 126000, 2136750, 2075000, 280, 'Jalan P No. 75, Kel Krandegan, Kec Puring, Kab Kabupaten Kebumen Jawa Tengah, 54383', '2019-05-07 14:12:09', 6, 'REG', '2022-05-06 17:27:38'),
	(1258, 'INV-100001258', 1250, 54000, 1999250, 1825000, 267, 'Jalan A No. 25, Kel Kedungsekar, Kec Benjeng, Kab Kabupaten Gresik Jawa Timur, 61172', '2019-05-08 10:00:24', 2, 'REG', '2022-05-07 09:38:29'),
	(1260, 'INV-100001260', 967, 21000, 2872375, 2612500, 226, 'Jalan P No. 33, Kel Lodoyong, Kec Ambarawa, Kab Kabupaten Semarang Jawa Tengah, 50611', '2019-05-08 16:14:27', 1, 'REG', '2022-05-07 22:50:01'),
	(1262, 'INV-100001262', 763, 21000, 2651550, 2410500, 303, 'Jalan C No. 23, Kel Tonjong, Kec Majalengka, Kab Kabupaten Majalengka Jawa Barat, 45414', '2019-05-08 15:28:13', 4, 'REG', '2022-05-07 03:14:39'),
	(1264, 'INV-100001264', 3157, 84000, 2596000, 2360000, 139, 'Jalan E No. 92, Kel Bringin, Kec Bringin, Kab Kabupaten Semarang Jawa Tengah, 50772', '2019-05-08 10:26:51', 6, 'REG', '2022-05-07 13:39:17'),
	(1266, 'INV-100001266', 227, 21000, 690250, 635000, 250, 'Jalan P No. 49, Kel Sumbersari, Kec Kragan, Kab Kabupaten Rembang Jawa Tengah, 59273', '2019-05-08 14:01:57', 5, 'REG', '2022-05-07 12:04:31'),
	(1268, 'INV-100001268', 3792, 84000, 4972000, 4570000, 88, 'Jalan S No. 91, Kel Tuyuhan, Kec Pancur, Kab Kabupaten Rembang Jawa Tengah, 59262', '2019-05-08 15:06:04', 6, 'REG', '2022-05-07 10:00:43'),
	(1270, 'INV-100001270', 1510, 42000, 6880500, 6580000, 303, 'Jalan G No. 70, Kel Cibodas, Kec Solokan Jeruk, Kab Kabupaten Bandung Jawa Barat, 40376', '2019-05-08 14:10:45', 2, 'REG', '2022-05-07 04:29:46'),
	(1272, 'INV-100001272', 3852, 84000, 1919500, 1745000, 432, 'Jalan Y No. 62, Kel Bojongtugu, Kec Curugkembar, Kab Kabupaten Sukabumi Jawa Barat, 43182', '2019-05-08 12:47:48', 2, 'REG', '2022-05-07 14:20:18'),
	(1274, 'INV-100001274', 102, 27000, 339900, 309000, 298, 'Jalan D No. 133, Kel Bumiayu, Kec Kedungkandang, Kab Kota Malang Jawa Timur, 65135', '2019-05-09 10:46:13', 2, 'REG', '2022-05-08 06:01:58'),
	(1276, 'INV-100001276', 903, 21000, 1346400, 1224000, 300, 'Jalan X No. 42, Kel Gading, Kec Sale, Kab Kabupaten Rembang Jawa Tengah, 59265', '2019-05-09 10:52:35', 1, 'REG', '2022-05-08 05:23:06'),
	(1278, 'INV-100001278', 1250, 54000, 8998000, 8180000, 232, 'Jalan S No. 110, Kel Karangrejo, Kec Bancar, Kab Kabupaten Tuban Jawa Timur, 62354', '2019-05-09 16:58:18', 2, 'REG', '2022-05-08 10:47:50'),
	(1280, 'INV-100001280', 845, 21000, 1673650, 1689000, 247, 'Jalan Q No. 93, Kel Anggadita, Kec Klari, Kab Kabupaten Karawang Jawa Barat, 41371', '2019-05-09 11:28:44', 5, 'REG', '2022-05-08 04:17:07'),
	(1282, 'INV-100001282', 1248, 54000, 1887325, 1837500, 420, 'Jalan Y No. 120, Kel Kadipaten, Kec Babadan, Kab Kabupaten Ponorogo Jawa Timur, 63491', '2019-05-09 10:25:39', 5, 'REG', '2022-05-08 06:14:29'),
	(1284, 'INV-100001284', 2323, 63000, 510400, 514000, 353, 'Jalan B No. 51, Kel Bayur Kidul, Kec Cilamaya Kulon, Kab Kabupaten Karawang Jawa Barat, 41384', '2019-05-09 12:54:42', 6, 'REG', '2022-05-08 06:59:35'),
	(1286, 'INV-100001286', 5100, 126000, 4537500, 4500000, 332, 'Jalan A No. 113, Kel Sijeruk, Kec Kendal, Kab Kabupaten Kendal Jawa Tengah, 51315', '2019-05-10 09:41:03', 6, 'REG', '2022-05-09 00:21:37'),
	(1288, 'INV-100001288', 702, 27000, 1243275, 1132500, 32, 'Jalan L No. 88, Kel Bicak, Kec Trowulan, Kab Kabupaten Mojokerto Jawa Timur, 61362', '2019-05-10 09:11:49', 2, 'REG', '2022-05-09 03:21:04'),
	(1290, 'INV-100001290', 4300, 105000, 1320000, 1200000, 205, 'Jalan L No. 97, Kel Jetak, Kec Wedung, Kab Kabupaten Demak Jawa Tengah, 59554', '2019-05-10 10:21:19', 3, 'REG', '2022-05-09 13:17:24'),
	(1292, 'INV-100001292', 277, 27000, 2453000, 2230000, 258, 'Jalan E No. 117, Kel Tegalasri, Kec Wlingi, Kab Kabupaten Blitar Jawa Timur, 66184', '2019-05-10 16:31:17', 1, 'REG', '2022-05-09 08:23:54'),
	(1294, 'INV-100001294', 703, 21000, 3713325, 3417500, 281, 'Jalan X No. 75, Kel Pondok, Kec Ngadirojo, Kab Kabupaten Wonogiri Jawa Tengah, 57681', '2019-05-10 14:07:22', 3, 'REG', '2022-05-09 09:36:45'),
	(1296, 'INV-100001296', 2338, 81000, 2836625, 2725000, 300, 'Jalan Y No. 52, Kel Banyukapah, Kec Kedungdung, Kab Kabupaten Sampang Jawa Timur, 69252', '2019-05-10 10:29:32', 4, 'REG', '2022-05-09 00:47:56'),
	(1298, 'INV-100001298', 1567, 54000, 4027375, 3887500, 300, 'Jalan G No. 24, Kel Karangmulyo, Kec Tegalsari, Kab Kabupaten Banyuwangi Jawa Timur, 68485', '2019-05-10 11:04:50', 5, 'REG', '2022-05-09 09:55:01'),
	(1300, 'INV-100001300', 864, 21000, 1589500, 1590000, 468, 'Jalan D No. 102, Kel Tarisi, Kec Wanareja, Kab Kabupaten Cilacap Jawa Tengah, 53265', '2019-05-10 14:39:12', 5, 'REG', '2022-05-09 14:41:21'),
	(1302, 'INV-100001302', 1525, 54000, 2046000, 1860000, 41, 'Jalan R No. 117, Kel Panyerangan (Panyirangan), Kec Pangarengan, Kab Kabupaten Sampang Jawa Timur, 69271', '2019-05-11 09:58:38', 1, 'REG', '2022-05-10 04:29:33'),
	(1304, 'INV-100001304', 1197, 54000, 7629875, 7262500, 335, 'Jalan S No. 136, Kel Curahgrinting, Kec Kanigaran, Kab Kota Probolinggo Jawa Timur, 67212', '2019-05-11 13:01:19', 3, 'REG', '2022-05-10 20:39:04'),
	(1306, 'INV-100001306', 1100, 30000, 3987500, 3850000, 87, 'Jalan F No. 67, Kel Kiarapayung, Kec Cibitung, Kab Kabupaten Pandeglang Banten, 42285', '2019-05-11 16:17:43', 5, 'REG', '2022-05-10 01:45:03'),
	(1308, 'INV-100001308', 2043, 63000, 7183000, 6530000, 428, 'Jalan V No. 125, Kel Ciduwet, Kec Ketanggungan, Kab Kabupaten Brebes Jawa Tengah, 52263', '2019-05-11 10:17:54', 5, 'REG', '2022-05-10 18:36:18'),
	(1310, 'INV-100001310', 4123, 135000, 990000, 900000, 273, 'Jalan R No. 81, Kel Karanggeneng, Kec Karang Geneng, Kab Kabupaten Lamongan Jawa Timur, 62254', '2019-05-11 16:00:41', 5, 'REG', '2022-05-10 21:55:24'),
	(1312, 'INV-100001312', 295, 27000, 1836450, 1669500, 306, 'Jalan E No. 113, Kel Srabi/Serabi Timur, Kec Modung, Kab Kabupaten Bangkalan Jawa Timur, 69166', '2019-05-11 10:51:33', 2, 'REG', '2022-05-10 08:31:03'),
	(1314, 'INV-100001314', 4000, 108000, 2970000, 3000000, 292, 'Jalan S No. 58, Kel Ringinkembar, Kec Sumbermanjing Wetan, Kab Kabupaten Malang Jawa Timur, 65176', '2019-05-11 12:54:00', 1, 'REG', '2022-05-10 10:20:20'),
	(1316, 'INV-100001316', 680, 21000, 1595000, 1450000, 228, 'Jalan I No. 91, Kel Hardimulyo, Kec Kaligesing, Kab Kabupaten Purworejo Jawa Tengah, 54175', '2019-05-12 14:09:09', 6, 'REG', '2022-05-11 20:15:31'),
	(1318, 'INV-100001318', 3580, 84000, 1427250, 1375000, 414, 'Jalan A No. 44, Kel Marengmang, Kec Kalijati, Kab Kabupaten Subang Jawa Barat, 41271', '2019-05-12 13:32:56', 5, 'REG', '2022-05-11 07:37:34'),
	(1320, 'INV-100001320', 330, 27000, 3187250, 2975000, 28, 'Jalan X No. 124, Kel Mergosono, Kec Kedungkandang, Kab Kota Malang Jawa Timur, 65134', '2019-05-12 14:13:36', 3, 'REG', '2022-05-11 10:10:45'),
	(1322, 'INV-100001322', 1630, 54000, 4917000, 4470000, 27, 'Jalan E No. 149, Kel Tambakboyo, Kec Tambakboyo, Kab Kabupaten Tuban Jawa Timur, 62353', '2019-05-12 13:04:51', 2, 'REG', '2022-05-11 03:23:58'),
	(1324, 'INV-100001324', 1176, 54000, 2513500, 2285000, 65, 'Jalan Z No. 49, Kel Gedangan, Kec Campur Darat, Kab Kabupaten Tulungagung Jawa Timur, 66272', '2019-05-12 12:51:42', 6, 'REG', '2022-05-11 19:10:08'),
	(1326, 'INV-100001326', 1652, 30000, 4389000, 4190000, 496, 'Jalan Z No. 84, Kel Rancagong, Kec Legok, Kab Kabupaten Tangerang Banten, 15820', '2019-05-12 16:20:16', 2, 'REG', '2022-05-11 23:10:09'),
	(1328, 'INV-100001328', 4540, 135000, 850575, 775000, 297, 'Jalan Q No. 42, Kel Kembangarum, Kec Sutojayan, Kab Kabupaten Blitar Jawa Timur, 66172', '2019-05-14 10:42:38', 1, 'REG', '2022-05-13 04:01:42'),
	(1330, 'INV-100001330', 1200, 54000, 5060000, 4600000, 247, 'Jalan E No. 50, Kel Dompyong, Kec Bendungan, Kab Kabupaten Trenggalek Jawa Timur, 66351', '2019-05-14 13:15:33', 4, 'REG', '2022-05-13 08:19:23'),
	(1332, 'INV-100001332', 1632, 54000, 2128500, 1975000, 306, 'Jalan Q No. 59, Kel Mangunrejo, Kec Ngadiluwih, Kab Kabupaten Kediri Jawa Timur, 64171', '2019-05-14 12:57:38', 3, 'REG', '2022-05-13 11:30:29'),
	(1334, 'INV-100001334', 3952, 108000, 891000, 850000, 312, 'Jalan J No. 147, Kel Pagerejo (Pangerejo), Kec Ngadirojo, Kab Kabupaten Pacitan Jawa Timur, 63572', '2019-05-14 12:28:22', 3, 'REG', '2022-05-13 13:14:38'),
	(1336, 'INV-100001336', 3257, 84000, 3217500, 2925000, 487, 'Jalan C No. 143, Kel Bojongraharja, Kec Cikembar, Kab Kabupaten Sukabumi Jawa Barat, 43157', '2019-05-14 09:46:30', 5, 'REG', '2022-05-13 01:48:37'),
	(1338, 'INV-100001338', 3165, 108000, 1430000, 1340000, 483, 'Jalan Z No. 72, Kel Tamberu Laok, Kec Sokobanah, Kab Kabupaten Sampang Jawa Timur, 69262', '2019-05-14 16:50:46', 4, 'REG', '2022-05-13 17:10:31'),
	(1340, 'INV-100001340', 3470, 108000, 1606000, 1550000, 59, 'Jalan A No. 69, Kel Amparaan, Kec Kokop, Kab Kabupaten Bangkalan Jawa Timur, 69155', '2019-05-14 11:29:39', 6, 'REG', '2022-05-13 15:33:50'),
	(1342, 'INV-100001342', 833, 21000, 2904550, 2680500, 379, 'Jalan Y No. 61, Kel Wonorejo, Kec Selomerto, Kab Kabupaten Wonosobo Jawa Tengah, 56361', '2019-05-15 14:07:02', 4, 'REG', '2022-05-14 03:13:19'),
	(1344, 'INV-100001344', 5240, 126000, 4840000, 4480000, 97, 'Jalan M No. 31, Kel Geneng, Kec Miri, Kab Kabupaten Sragen Jawa Tengah, 57276', '2019-05-15 16:23:59', 3, 'REG', '2022-05-14 18:40:48'),
	(1346, 'INV-100001346', 4680, 105000, 1100000, 1000000, 243, 'Jalan U No. 110, Kel Cijambe, Kec Cikelet, Kab Kabupaten Garut Jawa Barat, 44177', '2019-05-15 13:55:57', 3, 'REG', '2022-05-14 09:00:29'),
	(1348, 'INV-100001348', 599, 21000, 583000, 570000, 236, 'Jalan V No. 91, Kel Nagrak, Kec Darangdan, Kab Kabupaten Purwakarta Jawa Barat, 41163', '2019-05-15 14:19:56', 5, 'REG', '2022-05-14 09:03:31'),
	(1350, 'INV-100001350', 4420, 105000, 4587000, 4170000, 236, 'Jalan E No. 105, Kel Kenteng, Kec Madukara, Kab Kabupaten Banjarnegara Jawa Tengah, 53482', '2019-05-15 12:28:53', 6, 'REG', '2022-05-14 22:44:25'),
	(1352, 'INV-100001352', 1787, 42000, 6800750, 6585000, 253, 'Jalan A No. 101, Kel Baranangsiang, Kec Cipongkor, Kab Kabupaten Bandung Barat Jawa Barat, 40564', '2019-05-15 11:48:36', 6, 'REG', '2022-05-14 01:52:10'),
	(1354, 'INV-100001354', 3050, 84000, 4405500, 4055000, 306, 'Jalan F No. 42, Kel Cikondang, Kec Bojongpicung, Kab Kabupaten Cianjur Jawa Barat, 43283', '2019-05-16 16:11:29', 1, 'REG', '2022-05-15 05:08:30'),
	(1356, 'INV-100001356', 1597, 42000, 2172500, 1975000, 440, 'Jalan C No. 37, Kel Sidomulyo, Kec Lebakbarang, Kab Kabupaten Pekalongan Jawa Tengah, 51183', '2019-05-16 14:25:49', 4, 'REG', '2022-05-15 13:12:43'),
	(1358, 'INV-100001358', 4375, 105000, 2653750, 2577500, 346, 'Jalan K No. 57, Kel Cijati, Kec Maniis, Kab Kabupaten Purwakarta Jawa Barat, 41166', '2019-05-16 12:19:23', 4, 'REG', '2022-05-15 03:45:02'),
	(1360, 'INV-100001360', 4523, 105000, 1245200, 1257000, 412, 'Jalan L No. 22, Kel Tegalsari, Kec Garung, Kab Kabupaten Wonosobo Jawa Tengah, 56353', '2019-05-16 14:32:02', 1, 'REG', '2022-05-15 02:00:17'),
	(1362, 'INV-100001362', 2532, 81000, 4378000, 3980000, 236, 'Jalan V No. 145, Kel Titik, Kec Sekaran, Kab Kabupaten Lamongan Jawa Timur, 62261', '2019-05-16 12:14:45', 5, 'REG', '2022-05-15 20:48:22'),
	(1364, 'INV-100001364', 2370, 81000, 10109000, 9840000, 263, 'Jalan B No. 24, Kel Poka\'an, Kec Kapongan, Kab Kabupaten Situbondo Jawa Timur, 68362', '2019-05-17 16:29:34', 6, 'REG', '2022-05-16 13:51:04'),
	(1366, 'INV-100001366', 850, 15000, 3685000, 3350000, 253, 'Jalan I No. 113, Kel Curug Sulanjana, Kec Pabuaran, Kab Kabupaten Serang Banten, 42163', '2019-05-17 09:31:11', 3, 'REG', '2022-05-16 22:47:08'),
	(1368, 'INV-100001368', 5123, 126000, 1485000, 1350000, 257, 'Jalan G No. 103, Kel Karangwangun, Kec Babakan, Kab Kabupaten Cirebon Jawa Barat, 45191', '2019-05-17 16:29:11', 2, 'REG', '2022-05-16 09:29:00'),
	(1370, 'INV-100001370', 1492, 42000, 3496350, 3313500, 229, 'Jalan B No. 136, Kel Mentasan, Kec Kawunganten, Kab Kabupaten Cilacap Jawa Tengah, 53253', '2019-05-17 13:00:55', 6, 'REG', '2022-05-16 11:08:21'),
	(1372, 'INV-100001372', 1672, 42000, 4175050, 3963000, 400, 'Jalan F No. 107, Kel Widoro, Kec Sidoharjo, Kab Kabupaten Wonogiri Jawa Tengah, 57682', '2019-05-17 09:20:12', 5, 'REG', '2022-05-16 06:58:19'),
	(1374, 'INV-100001374', 830, 27000, 3781250, 3475000, 231, 'Jalan M No. 126, Kel Lesanpuro, Kec Kedungkandang, Kab Kota Malang Jawa Timur, 65138', '2019-05-18 12:20:12', 5, 'REG', '2022-05-17 14:38:42'),
	(1376, 'INV-100001376', 267, 21000, 3228500, 3260000, 322, 'Jalan Y No. 147, Kel Dawungsari, Kec Pegandon, Kab Kabupaten Kendal Jawa Tengah, 51357', '2019-05-18 16:31:34', 5, 'REG', '2022-05-17 11:23:04'),
	(1378, 'INV-100001378', 5320, 162000, 3190000, 2975000, 308, 'Jalan Z No. 98, Kel Barurambat Timur, Kec Pademawu, Kab Kabupaten Pamekasan Jawa Timur, 69321', '2019-05-18 16:04:12', 3, 'REG', '2022-05-17 19:51:14'),
	(1380, 'INV-100001380', 842, 21000, 2274800, 2068000, 360, 'Jalan F No. 23, Kel Sinangoh Prendeng, Kec Kajen, Kab Kabupaten Pekalongan Jawa Tengah, 51161', '2019-05-18 09:15:39', 5, 'REG', '2022-05-17 10:41:21'),
	(1382, 'INV-100001382', 1587, 54000, 3141875, 2937500, 320, 'Jalan O No. 87, Kel Karangmojo, Kec Balong, Kab Kabupaten Ponorogo Jawa Timur, 63461', '2019-05-18 12:16:10', 2, 'REG', '2022-05-17 02:03:35'),
	(1384, 'INV-100001384', 3809, 84000, 2258850, 2113500, 251, 'Jalan B No. 148, Kel Tenogo, Kec Paninggaran, Kab Kabupaten Pekalongan Jawa Tengah, 51164', '2019-05-18 14:24:53', 3, 'REG', '2022-05-17 02:00:42'),
	(1386, 'INV-100001386', 537, 21000, 440000, 400000, 261, 'Jalan U No. 33, Kel Kemlakagede, Kec Tengah Tani, Kab Kabupaten Cirebon Jawa Barat, 45153', '2019-05-19 14:28:36', 6, 'REG', '2022-05-18 16:37:32'),
	(1388, 'INV-100001388', 1578, 42000, 3793900, 3539000, 278, 'Jalan Z No. 70, Kel Cibulan, Kec Cidahu, Kab Kabupaten Kuningan Jawa Barat, 45595', '2019-05-19 13:26:47', 2, 'REG', '2022-05-18 07:34:30'),
	(1390, 'INV-100001390', 1005, 54000, 5131500, 4990000, 409, 'Jalan H No. 20, Kel Baleasri, Kec Ngariboyo, Kab Kabupaten Magetan Jawa Timur, 63351', '2019-05-19 09:52:23', 6, 'REG', '2022-05-18 09:22:38'),
	(1392, 'INV-100001392', 5144, 162000, 4439600, 4036000, 216, 'Jalan W No. 41, Kel Sugihan, Kec Jatirogo, Kab Kabupaten Tuban Jawa Timur, 62362', '2019-05-19 09:14:47', 1, 'REG', '2022-05-18 13:01:42'),
	(1394, 'INV-100001394', 873, 21000, 2475000, 2250000, 33, 'Jalan C No. 47, Kel Karangbener, Kec Bae, Kab Kabupaten Kudus Jawa Tengah, 59323', '2019-05-19 15:56:42', 5, 'REG', '2022-05-18 19:29:51'),
	(1396, 'INV-100001396', 3817, 108000, 1380500, 1295000, 398, 'Jalan V No. 83, Kel Banjar Melati (Banjarmlati), Kec Mojoroto, Kab Kota Kediri Jawa Timur, 64119', '2019-05-19 11:39:40', 5, 'REG', '2022-05-18 01:47:32'),
	(1398, 'INV-100001398', 517, 21000, 3225750, 3257500, 128, 'Jalan M No. 117, Kel Wirun, Kec Kutoarjo, Kab Kabupaten Purworejo Jawa Tengah, 54212', '2019-05-19 14:48:15', 4, 'REG', '2022-05-18 08:48:31'),
	(1400, 'INV-100001400', 1285, 42000, 4504500, 4460000, 240, 'Jalan U No. 143, Kel Manggis, Kec Sirampog, Kab Kabupaten Brebes Jawa Tengah, 52272', '2019-05-21 16:09:37', 1, 'REG', '2022-05-20 00:47:56'),
	(1402, 'INV-100001402', 570, 27000, 3564000, 3240000, 249, 'Jalan S No. 64, Kel Sobontoro, Kec Balen, Kab Kabupaten Bojonegoro Jawa Timur, 62182', '2019-05-21 13:14:26', 6, 'REG', '2022-05-20 23:08:17'),
	(1404, 'INV-100001404', 1045, 42000, 2358400, 2219000, 318, 'Jalan E No. 150, Kel Kertamukti, Kec Cilebar, Kab Kabupaten Karawang Jawa Barat, 41353', '2019-05-21 10:37:19', 5, 'REG', '2022-05-20 11:54:37'),
	(1406, 'INV-100001406', 3082, 60000, 3655850, 3363500, 279, 'Jalan U No. 126, Kel Kadubale, Kec Banjar, Kab Kabupaten Pandeglang Banten, 42252', '2019-05-21 14:31:14', 5, 'REG', '2022-05-20 00:55:53'),
	(1408, 'INV-100001408', 1954, 42000, 1691250, 1537500, 478, 'Jalan K No. 31, Kel Bungurberes, Kec Cilebak, Kab Kabupaten Kuningan Jawa Barat, 45585', '2019-05-21 13:46:50', 3, 'REG', '2022-05-20 07:59:46'),
	(1410, 'INV-100001410', 4952, 75000, 1633500, 1650000, 49, 'Jalan L No. 74, Kel Calungbungur, Kec Sajira, Kab Kabupaten Lebak Banten, 42371', '2019-05-22 15:18:24', 3, 'REG', '2022-05-21 13:46:27'),
	(1412, 'INV-100001412', 1400, 42000, 5527500, 5300000, 431, 'Jalan N No. 104, Kel Purwasedar, Kec Ciracap, Kab Kabupaten Sukabumi Jawa Barat, 43176', '2019-05-22 09:31:59', 2, 'REG', '2022-05-21 06:25:23'),
	(1414, 'INV-100001414', 1814, 54000, 1732775, 1577500, 227, 'Jalan K No. 53, Kel Palangan, Kec Karangbinangun, Kab Kabupaten Lamongan Jawa Timur, 62293', '2019-05-22 15:25:00', 4, 'REG', '2022-05-21 22:45:10'),
	(1416, 'INV-100001416', 9002, 210000, 2641100, 2438500, 218, 'Jalan U No. 130, Kel Kalibenda, Kec Ajibarang, Kab Kabupaten Banyumas Jawa Tengah, 53163', '2019-05-22 16:39:15', 3, 'REG', '2022-05-21 17:32:43'),
	(1418, 'INV-100001418', 5640, 162000, 2571250, 2425000, 250, 'Jalan Y No. 110, Kel Kebonagung, Kec Wonodadi, Kab Kabupaten Blitar Jawa Timur, 66155', '2019-05-23 09:31:10', 1, 'REG', '2022-05-22 17:49:28'),
	(1420, 'INV-100001420', 929, 21000, 1149775, 1047500, 302, 'Jalan S No. 50, Kel Kepongpongan, Kec Talun (Cirebon Selatan), Kab Kabupaten Cirebon Jawa Barat, 45171', '2019-05-23 16:31:25', 2, 'REG', '2022-05-22 16:31:05'),
	(1422, 'INV-100001422', 1687, 54000, 3891250, 3890000, 253, 'Jalan V No. 117, Kel Grenden, Kec Puger, Kab Kabupaten Jember Jawa Timur, 68164', '2019-05-23 10:54:04', 5, 'REG', '2022-05-22 01:19:47'),
	(1424, 'INV-100001424', 107, 27000, 195800, 178000, 286, 'Jalan P No. 33, Kel Gadon, Kec Tambakboyo, Kab Kabupaten Tuban Jawa Timur, 62353', '2019-05-23 13:36:51', 3, 'REG', '2022-05-22 18:26:06'),
	(1426, 'INV-100001426', 290, 21000, 1295250, 1255000, 248, 'Jalan K No. 143, Kel Ampelgading, Kec Ampelgading, Kab Kabupaten Pemalang Jawa Tengah, 52364', '2019-05-24 13:10:45', 5, 'REG', '2022-05-23 16:24:07'),
	(1428, 'INV-100001428', 254, 21000, 712800, 648000, 96, 'Jalan P No. 32, Kel Bismo, Kec Blado, Kab Kabupaten Batang Jawa Tengah, 51255', '2019-05-24 12:26:38', 3, 'REG', '2022-05-23 07:39:59'),
	(1430, 'INV-100001430', 182, 27000, 514800, 468000, 441, 'Jalan P No. 37, Kel Mentoro, Kec Sumobito, Kab Kabupaten Jombang Jawa Timur, 61483', '2019-05-24 09:34:18', 4, 'REG', '2022-05-23 03:02:08'),
	(1432, 'INV-100001432', 267, 21000, 1442375, 1312500, 74, 'Jalan D No. 136, Kel Tlagasana, Kec Watukumpul, Kab Kabupaten Pemalang Jawa Tengah, 52357', '2019-05-24 15:59:42', 6, 'REG', '2022-05-23 03:36:11'),
	(1434, 'INV-100001434', 559, 21000, 476850, 453500, 102, 'Jalan B No. 29, Kel Krajan, Kec Pekuncen, Kab Kabupaten Banyumas Jawa Tengah, 53164', '2019-05-24 11:30:27', 1, 'REG', '2022-05-23 00:54:34'),
	(1436, 'INV-100001436', 1623, 54000, 4372500, 4050000, 266, 'Jalan S No. 28, Kel Kumpul Rejo, Kec Kapas, Kab Kabupaten Bojonegoro Jawa Timur, 62181', '2019-05-24 11:56:27', 4, 'REG', '2022-05-23 03:34:23'),
	(1438, 'INV-100001438', 882, 21000, 1878250, 1785000, 251, 'Jalan A No. 73, Kel Pasuruhan (Pasuruan), Kec Puring, Kab Kabupaten Kebumen Jawa Tengah, 54383', '2019-05-24 10:12:46', 3, 'REG', '2022-05-23 00:01:09'),
	(1440, 'INV-100001440', 2352, 81000, 6858500, 6560000, 264, 'Jalan J No. 95, Kel Srambah, Kec Proppo, Kab Kabupaten Pamekasan Jawa Timur, 69363', '2019-05-25 14:25:16', 3, 'REG', '2022-05-24 20:20:24'),
	(1442, 'INV-100001442', 1450, 42000, 8250000, 8150000, 313, 'Jalan C No. 27, Kel Cibunar, Kec Cibatu, Kab Kabupaten Garut Jawa Barat, 44185', '2019-05-25 10:05:42', 3, 'REG', '2022-05-24 18:41:00'),
	(1444, 'INV-100001444', 5367, 126000, 5508250, 5207500, 292, 'Jalan L No. 127, Kel Klareyan, Kec Petarukan, Kab Kabupaten Pemalang Jawa Tengah, 52362', '2019-05-25 11:52:09', 5, 'REG', '2022-05-24 00:27:19'),
	(1446, 'INV-100001446', 1705, 42000, 5538500, 5360000, 140, 'Jalan R No. 85, Kel Santosa, Kec Kertasari, Kab Kabupaten Bandung Jawa Barat, 40386', '2019-05-25 16:02:28', 1, 'REG', '2022-05-24 07:57:16'),
	(1448, 'INV-100001448', 2632, 81000, 7812750, 7325000, 207, 'Jalan N No. 53, Kel Banaran, Kec Kandangan, Kab Kabupaten Kediri Jawa Timur, 64294', '2019-05-26 10:44:42', 1, 'REG', '2022-05-25 12:37:50'),
	(1450, 'INV-100001450', 782, 21000, 2120250, 1927500, 174, 'Jalan S No. 28, Kel Kabunderan, Kec Karanganyar, Kab Kabupaten Purbalingga Jawa Tengah, 53354', '2019-05-26 16:21:36', 2, 'REG', '2022-05-25 17:43:07'),
	(1452, 'INV-100001452', 2032, 81000, 3828000, 3480000, 275, 'Jalan H No. 47, Kel Tambak Kalisogo, Kec Jabon, Kab Kabupaten Sidoarjo Jawa Timur, 61276', '2019-05-26 11:03:41', 4, 'REG', '2022-05-25 06:16:11'),
	(1454, 'INV-100001454', 1019, 42000, 3708375, 3372500, 232, 'Jalan G No. 77, Kel Semerak, Kec Margoyoso, Kab Kabupaten Pati Jawa Tengah, 59154', '2019-05-26 09:48:16', 6, 'REG', '2022-05-25 12:54:59'),
	(1456, 'INV-100001456', 1530, 42000, 7947500, 7425000, 246, 'Jalan B No. 121, Kel Nyalindung, Kec Cipatat, Kab Kabupaten Bandung Barat Jawa Barat, 40554', '2019-05-26 11:19:05', 4, 'REG', '2022-05-25 02:22:49'),
	(1458, 'INV-100001458', 1614, 54000, 2310000, 2190000, 258, 'Jalan V No. 96, Kel Watubonang, Kec Badegan, Kab Kabupaten Ponorogo Jawa Timur, 63455', '2019-05-26 11:08:10', 4, 'REG', '2022-05-25 14:00:54'),
	(1460, 'INV-100001460', 751, 21000, 2766500, 2515000, 260, 'Jalan L No. 74, Kel Kertosari, Kec Singorojo, Kab Kabupaten Kendal Jawa Tengah, 51382', '2019-05-28 11:48:42', 3, 'REG', '2022-05-27 06:51:19'),
	(1462, 'INV-100001462', 3083, 84000, 2164250, 2045000, 145, 'Jalan Q No. 59, Kel Putat, Kec Patuk, Kab Kabupaten Gunung Kidul DI Yogyakarta, 55862', '2019-05-28 11:42:56', 2, 'REG', '2022-05-27 03:22:30'),
	(1464, 'INV-100001464', 2595, 63000, 2717000, 2640000, 511, 'Jalan G No. 51, Kel Kepongpongan, Kec Talun (Cirebon Selatan), Kab Kabupaten Cirebon Jawa Barat, 45171', '2019-05-28 11:19:53', 4, 'REG', '2022-05-27 20:59:36'),
	(1466, 'INV-100001466', 778, 27000, 1039500, 1040000, 162, 'Jalan V No. 81, Kel Tugu, Kec Sendang, Kab Kabupaten Tulungagung Jawa Timur, 66254', '2019-05-28 15:01:59', 3, 'REG', '2022-05-27 20:08:08'),
	(1468, 'INV-100001468', 730, 21000, 3652000, 3320000, 49, 'Jalan Q No. 137, Kel Cisambeng, Kec Palasah, Kab Kabupaten Majalengka Jawa Barat, 45475', '2019-05-28 10:09:35', 2, 'REG', '2022-05-27 03:10:32'),
	(1470, 'INV-100001470', 4078, 135000, 4026000, 3750000, 85, 'Jalan I No. 28, Kel Ngemplakrejo, Kec Panggungrejo, Kab Kota Pasuruan Jawa Timur, 67113', '2019-05-28 13:10:24', 3, 'REG', '2022-05-27 20:42:27'),
	(1472, 'INV-100001472', 1470, 42000, 2607000, 2370000, 250, 'Jalan I No. 86, Kel Dempelrejo, Kec Ngampel, Kab Kabupaten Kendal Jawa Tengah, 51357', '2019-05-29 13:32:50', 3, 'REG', '2022-05-28 06:52:25'),
	(1474, 'INV-100001474', 982, 15000, 1551275, 1412500, 242, 'Jalan F No. 21, Kel Kebon Besar, Kec Batuceper, Kab Kota Tangerang Banten, 15122', '2019-05-29 10:31:47', 3, 'REG', '2022-05-28 17:38:16'),
	(1476, 'INV-100001476', 548, 27000, 1788325, 1717500, 234, 'Jalan X No. 67, Kel Tamansuruh, Kec Glagah, Kab Kabupaten Banyuwangi Jawa Timur, 68432', '2019-05-29 14:10:38', 3, 'REG', '2022-05-28 17:32:39'),
	(1478, 'INV-100001478', 1373, 30000, 9009825, 8517500, 260, 'Jalan Y No. 96, Kel Citaman, Kec Jiput, Kab Kabupaten Pandeglang Banten, 42263', '2019-05-29 11:17:55', 4, 'REG', '2022-05-28 11:00:30'),
	(1480, 'INV-100001480', 150, 21000, 618750, 625000, 505, 'Jalan S No. 114, Kel Nglanjuk, Kec Cepu, Kab Kabupaten Blora Jawa Tengah, 58315', '2019-05-29 12:37:30', 5, 'REG', '2022-05-28 01:42:28'),
	(1482, 'INV-100001482', 227, 21000, 605000, 550000, 229, 'Jalan K No. 148, Kel Pagubugan Kulon, Kec Binangun, Kab Kabupaten Cilacap Jawa Tengah, 53281', '2019-05-30 09:05:12', 4, 'REG', '2022-05-29 00:49:52'),
	(1484, 'INV-100001484', 630, 21000, 3894000, 3540000, 78, 'Jalan Z No. 30, Kel Gogik, Kec Ungaran Barat, Kab Kabupaten Semarang Jawa Tengah, 50551', '2019-05-30 11:30:56', 4, 'REG', '2022-05-29 09:22:14'),
	(1486, 'INV-100001486', 3897, 108000, 2035000, 1850000, 23, 'Jalan V No. 117, Kel Nglarangan (Nlarangan), Kec Kauman, Kab Kabupaten Ponorogo Jawa Timur, 63451', '2019-05-30 09:08:37', 3, 'REG', '2022-05-29 22:13:08'),
	(1488, 'INV-100001488', 1303, 30000, 3454000, 3140000, 190, 'Jalan J No. 32, Kel Banjarsari, Kec Cileles, Kab Kabupaten Lebak Banten, 42353', '2019-05-30 09:01:16', 6, 'REG', '2022-05-29 08:32:54'),
	(1490, 'INV-100001490', 1954, 54000, 3414400, 3104000, 305, 'Jalan B No. 24, Kel Penanggal, Kec Candipuro, Kab Kabupaten Lumajang Jawa Timur, 67373', '2019-05-30 09:11:55', 6, 'REG', '2022-05-29 02:55:06'),
	(1492, 'INV-100001492', 3007, 108000, 2645500, 2455000, 236, 'Jalan X No. 86, Kel Wonotoro, Kec Sukapura, Kab Kabupaten Probolinggo Jawa Timur, 67254', '2019-05-30 09:02:21', 3, 'REG', '2022-05-29 23:12:50'),
	(1494, 'INV-100001494', 4900, 105000, 3465000, 3375000, 284, 'Jalan Y No. 52, Kel Keposong, Kec Musuk, Kab Kabupaten Boyolali Jawa Tengah, 57331', '2019-05-30 15:42:26', 2, 'REG', '2022-05-29 11:06:06'),
	(1496, 'INV-100001496', 1540, 42000, 1442375, 1312500, 300, 'Jalan X No. 85, Kel Cipameungpeuk, Kec Sumedang Selatan, Kab Kabupaten Sumedang Jawa Barat, 45315', '2019-05-31 14:52:16', 3, 'REG', '2022-05-30 19:54:25'),
	(1498, 'INV-100001498', 1630, 54000, 2464000, 2240000, 2, 'Jalan O No. 141, Kel Cukurguling, Kec Lumbang, Kab Kabupaten Pasuruan Jawa Timur, 67183', '2019-05-31 09:28:46', 5, 'REG', '2022-05-30 23:39:51'),
	(1500, 'INV-100001500', 1429, 42000, 2084775, 1897500, 370, 'Jalan B No. 97, Kel Ciluar, Kec Bogor Utara - Kota, Kab Kota Bogor Jawa Barat, 16156', '2019-05-31 16:05:32', 3, 'REG', '2022-05-30 02:03:45'),
	(1502, 'INV-100001502', 9052, 210000, 2417250, 2325000, 309, 'Jalan V No. 94, Kel Cangkuang, Kec Leles, Kab Kabupaten Garut Jawa Barat, 44119', '2019-05-31 16:19:28', 6, 'REG', '2022-05-30 10:31:01'),
	(1504, 'INV-100001504', 3930, 60000, 4045250, 3765000, 310, 'Jalan M No. 113, Kel Cipanas, Kec Cipanas, Kab Kabupaten Lebak Banten, 42372', '2019-05-31 10:54:56', 5, 'REG', '2022-05-30 19:24:06'),
	(1506, 'INV-100001506', 1173, 42000, 3600300, 3635500, 93, 'Jalan T No. 131, Kel Gedong, Kec Banyubiru, Kab Kabupaten Semarang Jawa Tengah, 50664', '2019-05-31 13:21:43', 2, 'REG', '2022-05-30 17:18:41'),
	(1508, 'INV-100001508', 1922, 42000, 5131500, 5070000, 264, 'Jalan K No. 26, Kel Panularan, Kec Laweyan, Kab Kota Surakarta Jawa Tengah, 57149', '2019-05-31 16:58:24', 3, 'REG', '2022-05-30 20:58:09'),
	(1510, 'INV-100001510', 1020, 54000, 2937000, 2750000, 298, 'Jalan Z No. 98, Kel Barurambat Timur, Kec Pademawu, Kab Kabupaten Pamekasan Jawa Timur, 69321', '2019-06-01 16:23:07', 3, 'REG', '2022-05-31 08:18:47'),
	(1512, 'INV-100001512', 3739, 108000, 3382500, 3310000, 327, 'Jalan Z No. 145, Kel Pesantren, Kec Tembelang, Kab Kabupaten Jombang Jawa Timur, 61452', '2019-06-01 12:02:11', 5, 'REG', '2022-05-31 01:30:06'),
	(1514, 'INV-100001514', 670, 27000, 1849650, 1721500, 292, 'Jalan X No. 124, Kel Mergosono, Kec Kedungkandang, Kab Kota Malang Jawa Timur, 65134', '2019-06-01 10:16:35', 2, 'REG', '2022-05-31 13:29:44'),
	(1516, 'INV-100001516', 2900, 81000, 2970000, 2750000, 245, 'Jalan U No. 93, Kel Sukowidi, Kec Kartoharjo (Kertoharjo), Kab Kabupaten Magetan Jawa Timur, 63395', '2019-06-01 14:57:45', 6, 'REG', '2022-05-31 08:50:19'),
	(1518, 'INV-100001518', 4530, 105000, 5786000, 5635000, 107, 'Jalan X No. 46, Kel Karang Malang, Kec Masaran, Kab Kabupaten Sragen Jawa Tengah, 57282', '2019-06-01 15:06:32', 4, 'REG', '2022-05-31 09:42:09'),
	(1520, 'INV-100001520', 1507, 42000, 1960750, 1790000, 142, 'Jalan G No. 50, Kel Ngancar, Kec Giriwoyo, Kab Kabupaten Wonogiri Jawa Tengah, 57675', '2019-06-01 16:53:27', 1, 'REG', '2022-05-31 22:46:02'),
	(1522, 'INV-100001522', 5110, 126000, 5258000, 5180000, 403, 'Jalan O No. 138, Kel Badakarya, Kec Punggelan, Kab Kabupaten Banjarnegara Jawa Tengah, 53462', '2019-06-01 09:13:05', 6, 'REG', '2022-05-31 19:28:12'),
	(1524, 'INV-100001524', 784, 27000, 4532000, 4570000, 234, 'Jalan W No. 84, Kel Grogol, Kec Giri, Kab Kabupaten Banyuwangi Jawa Timur, 68425', '2019-06-02 09:24:45', 2, 'REG', '2022-06-01 01:51:42'),
	(1526, 'INV-100001526', 6410, 105000, 4050750, 3875000, 319, 'Jalan V No. 137, Kel Panunggangan Barat, Kec Cibodas, Kab Kota Tangerang Banten, 15139', '2019-06-02 10:46:56', 5, 'REG', '2022-06-01 00:07:17'),
	(1528, 'INV-100001528', 1240, 54000, 3756500, 3415000, 276, 'Jalan U No. 80, Kel Muarah (Moarah), Kec Klampis, Kab Kabupaten Bangkalan Jawa Timur, 69153', '2019-06-02 12:02:47', 4, 'REG', '2022-06-01 07:20:44'),
	(1530, 'INV-100001530', 3397, 108000, 4158000, 3780000, 253, 'Jalan T No. 77, Kel Bulurejo, Kec Diwek, Kab Kabupaten Jombang Jawa Timur, 61471', '2019-06-02 13:05:19', 1, 'REG', '2022-06-01 22:05:01'),
	(1532, 'INV-100001532', 438, 27000, 3378650, 3149000, 319, 'Jalan Y No. 124, Kel Slamet, Kec Tumpang, Kab Kabupaten Malang Jawa Timur, 65156', '2019-06-04 10:57:26', 1, 'REG', '2022-06-03 01:28:14'),
	(1534, 'INV-100001534', 1324, 42000, 6699000, 6740000, 474, 'Jalan M No. 39, Kel Cimaung, Kec Cimaung, Kab Kabupaten Bandung Jawa Barat, 40374', '2019-06-04 10:20:10', 3, 'REG', '2022-06-03 18:21:16'),
	(1536, 'INV-100001536', 5087, 162000, 4292750, 4015000, 400, 'Jalan O No. 114, Kel Cerme, Kec Pace, Kab Kabupaten Nganjuk Jawa Timur, 64472', '2019-06-04 14:52:53', 1, 'REG', '2022-06-03 17:29:28'),
	(1538, 'INV-100001538', 700, 21000, 2519000, 2290000, 136, 'Jalan H No. 107, Kel Perbutulan, Kec Sumber, Kab Kabupaten Cirebon Jawa Barat, 45613', '2019-06-04 14:42:36', 6, 'REG', '2022-06-03 23:16:19'),
	(1540, 'INV-100001540', 4240, 135000, 2475000, 2250000, 166, 'Jalan P No. 88, Kel Bate, Kec Bangilan, Kab Kabupaten Tuban Jawa Timur, 62364', '2019-06-04 14:48:38', 3, 'REG', '2022-06-03 16:13:32'),
	(1542, 'INV-100001542', 822, 27000, 752400, 684000, 465, 'Jalan E No. 109, Kel Sambonggede, Kec Merakurak, Kab Kabupaten Tuban Jawa Timur, 62355', '2019-06-05 13:08:48', 3, 'REG', '2022-06-04 00:28:39'),
	(1544, 'INV-100001544', 3517, 84000, 503250, 457500, 325, 'Jalan S No. 27, Kel Cilendek Barat, Kec Bogor Barat - Kota, Kab Kota Bogor Jawa Barat, 16112', '2019-06-05 12:20:57', 2, 'REG', '2022-06-04 13:12:06'),
	(1546, 'INV-100001546', 1079, 42000, 2205500, 2045000, 327, 'Jalan T No. 92, Kel Talunombo, Kec Sapuran, Kab Kabupaten Wonosobo Jawa Tengah, 56373', '2019-06-05 16:20:37', 1, 'REG', '2022-06-04 19:56:47'),
	(1548, 'INV-100001548', 650, 27000, 569250, 525000, 270, 'Jalan P No. 128, Kel Tanjung, Kec Kalidawir, Kab Kabupaten Tulungagung Jawa Timur, 66281', '2019-06-05 11:09:44', 5, 'REG', '2022-06-04 21:42:04'),
	(1550, 'INV-100001550', 4185, 105000, 2013000, 1850000, 228, 'Jalan X No. 134, Kel Banjarsari (Banjarsari Kidul), Kec Ajibarang, Kab Kabupaten Banyumas Jawa Tengah, 53163', '2019-06-05 10:56:16', 2, 'REG', '2022-06-04 06:27:37'),
	(1552, 'INV-100001552', 685, 27000, 2673000, 2450000, 345, 'Jalan H No. 61, Kel Kokop, Kec Kokop, Kab Kabupaten Bangkalan Jawa Timur, 69155', '2019-06-06 15:51:47', 6, 'REG', '2022-06-05 17:53:26'),
	(1554, 'INV-100001554', 1657, 42000, 3344000, 3080000, 415, 'Jalan A No. 92, Kel Suroteleng, Kec Selo, Kab Kabupaten Boyolali Jawa Tengah, 57363', '2019-06-06 13:36:58', 1, 'REG', '2022-06-05 11:03:59'),
	(1556, 'INV-100001556', 1910, 54000, 4768500, 4660000, 165, 'Jalan L No. 150, Kel Pepelegi, Kec Waru, Kab Kabupaten Sidoarjo Jawa Timur, 61256', '2019-06-06 11:37:19', 5, 'REG', '2022-06-05 08:54:24'),
	(1558, 'INV-100001558', 1080, 30000, 3256000, 3000000, 205, 'Jalan P No. 73, Kel Cimuncang, Kec Serang, Kab Kota Serang Banten, 42111', '2019-06-06 13:34:23', 4, 'REG', '2022-06-05 00:00:18'),
	(1560, 'INV-100001560', 5409, 162000, 2966150, 2825000, 384, 'Jalan Y No. 137, Kel Tawaran, Kec Kenduruan, Kab Kabupaten Tuban Jawa Timur, 62363', '2019-06-06 12:14:54', 1, 'REG', '2022-06-05 13:09:50'),
	(1562, 'INV-100001562', 4450, 135000, 3520000, 3200000, 270, 'Jalan J No. 28, Kel Gunungan, Kec Dawar Blandong, Kab Kabupaten Mojokerto Jawa Timur, 61354', '2019-06-06 14:19:46', 2, 'REG', '2022-06-05 12:32:03'),
	(1564, 'INV-100001564', 1032, 42000, 5560500, 5530000, 284, 'Jalan R No. 25, Kel Gagasari, Kec Gebang, Kab Kabupaten Cirebon Jawa Barat, 45191', '2019-06-06 09:03:21', 1, 'REG', '2022-06-05 11:34:41'),
	(1566, 'INV-100001566', 1700, 54000, 6435000, 5850000, 273, 'Jalan O No. 20, Kel Wonorejo, Kec Talun, Kab Kabupaten Blitar Jawa Timur, 66183', '2019-06-07 09:14:47', 5, 'REG', '2022-06-06 23:05:51'),
	(1568, 'INV-100001568', 1072, 42000, 1948100, 1848500, 258, 'Jalan J No. 42, Kel Cemplang, Kec Cibungbulang, Kab Kabupaten Bogor Jawa Barat, 16630', '2019-06-07 11:13:43', 3, 'REG', '2022-06-06 02:14:40'),
	(1570, 'INV-100001570', 1185, 54000, 3025825, 2977500, 504, 'Jalan P No. 124, Kel Tasikmadu, Kec Watulimo, Kab Kabupaten Trenggalek Jawa Timur, 66382', '2019-06-07 12:15:22', 4, 'REG', '2022-06-06 04:22:28'),
	(1572, 'INV-100001572', 107, 15000, 185900, 169000, 138, 'Jalan N No. 137, Kel Wirasinga, Kec Mekarjaya, Kab Kabupaten Pandeglang Banten, 42271', '2019-06-07 11:31:12', 5, 'REG', '2022-06-06 01:27:10'),
	(1574, 'INV-100001574', 1120, 54000, 2112000, 1920000, 333, 'Jalan W No. 80, Kel Jombang, Kec Jombang, Kab Kabupaten Jember Jawa Timur, 68168', '2019-06-07 10:26:01', 3, 'REG', '2022-06-06 01:22:32'),
	(1576, 'INV-100001576', 710, 27000, 2992000, 2720000, 53, 'Jalan A No. 76, Kel Pesanggrahan, Kec Laren, Kab Kabupaten Lamongan Jawa Timur, 62262', '2019-06-08 13:08:52', 6, 'REG', '2022-06-07 03:07:21'),
	(1578, 'INV-100001578', 859, 21000, 1732500, 1720000, 298, 'Jalan O No. 67, Kel Kalongan, Kec Purwodadi, Kab Kabupaten Grobogan Jawa Tengah, 58114', '2019-06-08 10:46:28', 2, 'REG', '2022-06-07 17:29:41'),
	(1580, 'INV-100001580', 730, 21000, 6630250, 6375000, 257, 'Jalan F No. 28, Kel Sumberagung, Kec Weleri, Kab Kabupaten Kendal Jawa Tengah, 51355', '2019-06-08 10:00:37', 3, 'REG', '2022-06-07 04:40:22'),
	(1582, 'INV-100001582', 1040, 54000, 2277000, 2225000, 286, 'Jalan O No. 114, Kel Cerme, Kec Pace, Kab Kabupaten Nganjuk Jawa Timur, 64472', '2019-06-08 16:48:14', 1, 'REG', '2022-06-07 20:37:37'),
	(1584, 'INV-100001584', 1099, 54000, 4666750, 4575000, 270, 'Jalan M No. 95, Kel Bayemgede, Kec Kepoh Baru, Kab Kabupaten Bojonegoro Jawa Timur, 62194', '2019-06-08 14:21:37', 3, 'REG', '2022-06-07 11:50:14'),
	(1586, 'INV-100001586', 1375, 42000, 1771000, 1610000, 305, 'Jalan F No. 120, Kel Klitren, Kec Gondokusuman, Kab Kota Yogyakarta DI Yogyakarta, 55222', '2019-06-08 10:39:34', 2, 'REG', '2022-06-07 16:40:58'),
	(1588, 'INV-100001588', 2230, 63000, 8398500, 7635000, 275, 'Jalan D No. 40, Kel Sindangsari, Kec Leles, Kab Kabupaten Cianjur Jawa Barat, 43273', '2019-06-09 09:58:09', 6, 'REG', '2022-06-08 02:38:41'),
	(1590, 'INV-100001590', 715, 21000, 2332000, 2120000, 383, 'Jalan Z No. 34, Kel Karang Asem, Kec Ponjong, Kab Kabupaten Gunung Kidul DI Yogyakarta, 55892', '2019-06-09 15:07:52', 3, 'REG', '2022-06-08 23:20:51'),
	(1592, 'INV-100001592', 2385, 81000, 693000, 700000, 460, 'Jalan E No. 129, Kel Maibit, Kec Rengel, Kab Kabupaten Tuban Jawa Timur, 62371', '2019-06-09 11:17:37', 4, 'REG', '2022-06-08 16:46:13'),
	(1594, 'INV-100001594', 1651, 54000, 5968050, 5500500, 149, 'Jalan S No. 28, Kel Kumpul Rejo, Kec Kapas, Kab Kabupaten Bojonegoro Jawa Timur, 62181', '2019-06-09 14:58:54', 3, 'REG', '2022-06-08 16:41:36'),
	(1596, 'INV-100001596', 1280, 54000, 4169000, 3790000, 223, 'Jalan O No. 39, Kel Deket Kulon, Kec Deket, Kab Kabupaten Lamongan Jawa Timur, 62291', '2019-06-09 12:43:35', 4, 'REG', '2022-06-08 05:25:32'),
	(1598, 'INV-100001598', 740, 27000, 3877500, 3850000, 276, 'Jalan J No. 84, Kel Baureno, Kec Jatirejo, Kab Kabupaten Mojokerto Jawa Timur, 61373', '2019-06-11 10:30:13', 5, 'REG', '2022-06-10 09:55:58'),
	(1600, 'INV-100001600', 1055, 54000, 2587200, 2497000, 238, 'Jalan W No. 108, Kel Mlideg, Kec Kedungadem, Kab Kabupaten Bojonegoro Jawa Timur, 62195', '2019-06-11 15:59:00', 3, 'REG', '2022-06-10 00:17:17'),
	(1602, 'INV-100001602', 4527, 135000, 1174250, 1075000, 281, 'Jalan Z No. 51, Kel Tenggarejo, Kec Tanggung Gunung, Kab Kabupaten Tulungagung Jawa Timur, 66283', '2019-06-11 12:24:46', 5, 'REG', '2022-06-10 17:14:00'),
	(1604, 'INV-100001604', 1152, 54000, 4760250, 4495000, 263, 'Jalan E No. 69, Kel Tenaru, Kec Driyorejo, Kab Kabupaten Gresik Jawa Timur, 61177', '2019-06-11 14:45:38', 2, 'REG', '2022-06-10 00:24:53'),
	(1606, 'INV-100001606', 2385, 63000, 418000, 380000, 392, 'Jalan I No. 94, Kel Sedayu, Kec Sapuran, Kab Kabupaten Wonosobo Jawa Tengah, 56373', '2019-06-11 13:53:46', 5, 'REG', '2022-06-10 13:26:55'),
	(1608, 'INV-100001608', 5310, 126000, 1551275, 1452500, 442, 'Jalan C No. 44, Kel Kadilajo, Kec Karangnongko, Kab Kabupaten Klaten Jawa Tengah, 57483', '2019-06-11 09:15:06', 2, 'REG', '2022-06-10 07:24:18'),
	(1610, 'INV-100001610', 1167, 42000, 2692250, 2535000, 442, 'Jalan S No. 141, Kel Purbayasa, Kec Padamara, Kab Kabupaten Purbalingga Jawa Tengah, 53372', '2019-06-11 10:44:31', 6, 'REG', '2022-06-10 17:41:22'),
	(1612, 'INV-100001612', 580, 21000, 3212000, 2920000, 10, 'Jalan U No. 25, Kel Golat, Kec Panumbangan, Kab Kabupaten Ciamis Jawa Barat, 46263', '2019-06-12 14:05:40', 5, 'REG', '2022-06-11 20:53:22'),
	(1614, 'INV-100001614', 277, 21000, 2211000, 2010000, 422, 'Jalan N No. 67, Kel Cihoe (Cihowe), Kec Ciseeng, Kab Kabupaten Bogor Jawa Barat, 16120', '2019-06-12 11:45:51', 3, 'REG', '2022-06-11 16:36:38'),
	(1616, 'INV-100001616', 1490, 42000, 6079700, 5530000, 327, 'Jalan F No. 140, Kel Mlayang, Kec Sirampog, Kab Kabupaten Brebes Jawa Tengah, 52272', '2019-06-12 10:29:50', 2, 'REG', '2022-06-11 22:40:53'),
	(1618, 'INV-100001618', 1185, 42000, 5450500, 5280000, 301, 'Jalan O No. 111, Kel Cimaranten, Kec Cipicung, Kab Kabupaten Kuningan Jawa Barat, 45592', '2019-06-12 11:54:33', 6, 'REG', '2022-06-11 02:04:00'),
	(1620, 'INV-100001620', 1194, 42000, 2062500, 1875000, 280, 'Jalan H No. 24, Kel Cibadak, Kec Tanjungsari, Kab Kabupaten Bogor Jawa Barat, 16840', '2019-06-12 09:46:17', 2, 'REG', '2022-06-11 20:49:46'),
	(1622, 'INV-100001622', 1085, 54000, 4037000, 3710000, 275, 'Jalan U No. 20, Kel Cendono, Kec Purwosari, Kab Kabupaten Pasuruan Jawa Timur, 67162', '2019-06-12 09:50:48', 3, 'REG', '2022-06-11 01:23:58'),
	(1624, 'INV-100001624', 740, 27000, 3877500, 3850000, 133, 'Jalan P No. 128, Kel Tanjung, Kec Kalidawir, Kab Kabupaten Tulungagung Jawa Timur, 66281', '2019-06-12 16:13:08', 4, 'REG', '2022-06-11 02:29:27'),
	(1626, 'INV-100001626', 1165, 42000, 1870000, 1700000, 382, 'Jalan Q No. 90, Kel Mojoluhur, Kec Jaken, Kab Kabupaten Pati Jawa Tengah, 59184', '2019-06-13 16:45:49', 3, 'REG', '2022-06-12 10:13:03'),
	(1628, 'INV-100001628', 3580, 60000, 1072500, 1050000, 105, 'Jalan D No. 35, Kel Pete, Kec Tigaraksa, Kab Kabupaten Tangerang Banten, 15720', '2019-06-13 13:28:20', 6, 'REG', '2022-06-12 19:28:55'),
	(1630, 'INV-100001630', 492, 27000, 1842500, 1675000, 201, 'Jalan L No. 61, Kel Tampojung Tenggina, Kec Waru, Kab Kabupaten Pamekasan Jawa Timur, 69353', '2019-06-13 14:12:22', 2, 'REG', '2022-06-12 08:24:52'),
	(1632, 'INV-100001632', 7050, 168000, 4950000, 5000000, 218, 'Jalan H No. 40, Kel Mangkalaya, Kec Gunungguruh, Kab Kabupaten Sukabumi Jawa Barat, 43156', '2019-06-13 14:46:00', 5, 'REG', '2022-06-12 05:37:28'),
	(1634, 'INV-100001634', 9592, 210000, 1826000, 1700000, 277, 'Jalan K No. 101, Kel Sidomulyo, Kec Gunungwungkal, Kab Kabupaten Pati Jawa Tengah, 59156', '2019-06-13 12:53:54', 5, 'REG', '2022-06-12 19:52:34'),
	(1636, 'INV-100001636', 1728, 30000, 4394500, 4070000, 322, 'Jalan J No. 36, Kel Cikadongdong, Kec Cikeusik, Kab Kabupaten Pandeglang Banten, 42286', '2019-06-14 13:02:52', 5, 'REG', '2022-06-13 13:36:40'),
	(1638, 'INV-100001638', 1180, 42000, 1826000, 1735000, 271, 'Jalan F No. 20, Kel Cilembu, Kec Pamulihan, Kab Kabupaten Sumedang Jawa Barat, 45365', '2019-06-14 16:13:13', 4, 'REG', '2022-06-13 22:38:22'),
	(1640, 'INV-100001640', 799, 21000, 1727000, 1570000, 318, 'Jalan Q No. 36, Kel Ciranggon, Kec Majalaya, Kab Kabupaten Karawang Jawa Barat, 41371', '2019-06-14 09:16:51', 2, 'REG', '2022-06-13 02:46:15'),
	(1642, 'INV-100001642', 1089, 54000, 1641750, 1500000, 171, 'Jalan N No. 108, Kel Terusan, Kec Gedeg, Kab Kabupaten Mojokerto Jawa Timur, 61351', '2019-06-14 15:54:00', 2, 'REG', '2022-06-13 10:08:03'),
	(1644, 'INV-100001644', 5185, 162000, 1837000, 1670000, 304, 'Jalan W No. 65, Kel Betet, Kec Pesantren, Kab Kota Kediri Jawa Timur, 64134', '2019-06-14 12:46:01', 1, 'REG', '2022-06-13 09:01:50'),
	(1646, 'INV-100001646', 2037, 81000, 2953500, 2885000, 345, 'Jalan P No. 89, Kel Suren, Kec Mlarak, Kab Kabupaten Ponorogo Jawa Timur, 63472', '2019-06-14 11:43:14', 4, 'REG', '2022-06-13 08:30:27'),
	(1648, 'INV-100001648', 5203, 162000, 2090000, 1900000, 85, 'Jalan K No. 118, Kel Milangasri, Kec Panekan, Kab Kabupaten Magetan Jawa Timur, 63352', '2019-06-14 09:06:23', 3, 'REG', '2022-06-13 20:22:09'),
	(1650, 'INV-100001650', 3830, 84000, 4042500, 4000000, 47, 'Jalan W No. 111, Kel Madusari, Kec Wanareja, Kab Kabupaten Cilacap Jawa Tengah, 53265', '2019-06-15 14:24:39', 3, 'REG', '2022-06-14 09:28:24'),
	(1652, 'INV-100001652', 4039, 105000, 1718750, 1637500, 326, 'Jalan N No. 38, Kel Mewek, Kec Kalimanah, Kab Kabupaten Purbalingga Jawa Tengah, 53371', '2019-06-15 09:50:35', 1, 'REG', '2022-06-14 11:17:32'),
	(1654, 'INV-100001654', 1097, 42000, 933900, 849000, 260, 'Jalan M No. 140, Kel Padurenan, Kec Gunung Sindur, Kab Kabupaten Bogor Jawa Barat, 16340', '2019-06-15 14:16:37', 1, 'REG', '2022-06-14 22:53:58'),
	(1656, 'INV-100001656', 3797, 108000, 1497375, 1362500, 294, 'Jalan N No. 106, Kel Batangsaren, Kec Kauman, Kab Kabupaten Tulungagung Jawa Timur, 66261', '2019-06-15 16:32:23', 1, 'REG', '2022-06-14 05:04:25'),
	(1658, 'INV-100001658', 2770, 63000, 3894000, 3540000, 233, 'Jalan K No. 130, Kel Ciparanti, Kec Cimerak, Kab Kabupaten Pangandaran Jawa Barat, 46395', '2019-06-15 11:19:35', 3, 'REG', '2022-06-14 04:20:13'),
	(1660, 'INV-100001660', 4899, 105000, 3311000, 3010000, 245, 'Jalan C No. 45, Kel Kemiri Kidul, Kec Kemiri, Kab Kabupaten Purworejo Jawa Tengah, 54262', '2019-06-15 11:01:30', 3, 'REG', '2022-06-14 06:22:23'),
	(1662, 'INV-100001662', 1557, 42000, 2189000, 2030000, 421, 'Jalan R No. 99, Kel Limbangan Kulon, Kec Brebes, Kab Kabupaten Brebes Jawa Tengah, 52219', '2019-06-15 10:55:33', 6, 'REG', '2022-06-14 05:58:39'),
	(1664, 'INV-100001664', 1808, 30000, 4972000, 4520000, 1, 'Jalan J No. 119, Kel Kenanga, Kec Cipondoh, Kab Kota Tangerang Banten, 15146', '2019-06-15 16:31:28', 2, 'REG', '2022-06-14 13:46:28'),
	(1666, 'INV-100001666', 1504, 54000, 2717000, 2510000, 227, 'Jalan Q No. 38, Kel Sumberwono, Kec Bangsal, Kab Kabupaten Mojokerto Jawa Timur, 61381', '2019-06-16 12:12:40', 4, 'REG', '2022-06-15 22:18:47'),
	(1668, 'INV-100001668', 5480, 126000, 5654000, 5340000, 453, 'Jalan C No. 29, Kel Keseneng, Kec Purworejo, Kab Kabupaten Purworejo Jawa Tengah, 54119', '2019-06-16 09:16:17', 1, 'REG', '2022-06-15 16:10:15'),
	(1670, 'INV-100001670', 778, 15000, 1254000, 1140000, 258, 'Jalan M No. 87, Kel Sukawana, Kec Curug, Kab Kota Serang Banten, 42171', '2019-06-16 13:07:47', 4, 'REG', '2022-06-15 03:22:11'),
	(1672, 'INV-100001672', 1297, 42000, 5425750, 5265000, 229, 'Jalan K No. 32, Kel Mandalahayu, Kec Salopa, Kab Kabupaten Tasikmalaya Jawa Barat, 46192', '2019-06-16 12:50:44', 4, 'REG', '2022-06-15 02:05:35'),
	(1674, 'INV-100001674', 3272, 84000, 2384800, 2168000, 230, 'Jalan D No. 126, Kel Krangganharjo, Kec Toroh, Kab Kabupaten Grobogan Jawa Tengah, 58171', '2019-06-16 11:07:41', 2, 'REG', '2022-06-15 00:46:10'),
	(1676, 'INV-100001676', 900, 27000, 3921500, 3640000, 325, 'Jalan H No. 98, Kel Prayungan, Kec Sawoo, Kab Kabupaten Ponorogo Jawa Timur, 63475', '2019-06-16 10:40:49', 2, 'REG', '2022-06-15 14:32:02'),
	(1678, 'INV-100001678', 2152, 63000, 4928000, 4480000, 76, 'Jalan B No. 89, Kel Langgenharjo, Kec Margoyoso, Kab Kabupaten Pati Jawa Tengah, 59154', '2019-06-18 16:56:22', 5, 'REG', '2022-06-17 21:22:44'),
	(1680, 'INV-100001680', 1329, 54000, 3994100, 3638500, 176, 'Jalan I No. 128, Kel Bandaran, Kec Kedungjajang, Kab Kabupaten Lumajang Jawa Timur, 67358', '2019-06-18 09:52:44', 6, 'REG', '2022-06-17 11:39:57'),
	(1682, 'INV-100001682', 330, 27000, 2409000, 2190000, 306, 'Jalan Z No. 45, Kel Selosari, Kec Magetan, Kab Kabupaten Magetan Jawa Timur, 63313', '2019-06-18 10:34:42', 6, 'REG', '2022-06-17 14:39:40'),
	(1684, 'INV-100001684', 1353, 42000, 4548500, 4510000, 385, 'Jalan A No. 65, Kel Plana, Kec Somagede, Kab Kabupaten Banyumas Jawa Tengah, 53193', '2019-06-18 16:49:18', 4, 'REG', '2022-06-17 12:57:21'),
	(1686, 'INV-100001686', 3422, 108000, 3841750, 3565000, 203, 'Jalan C No. 111, Kel Pagerluyung, Kec Gedeg, Kab Kabupaten Mojokerto Jawa Timur, 61351', '2019-06-18 16:41:23', 6, 'REG', '2022-06-17 02:27:06'),
	(1688, 'INV-100001688', 347, 21000, 2208250, 2085000, 242, 'Jalan K No. 128, Kel Kupen, Kec Pringsurat, Kab Kabupaten Temanggung Jawa Tengah, 56272', '2019-06-18 16:47:20', 5, 'REG', '2022-06-17 02:46:12'),
	(1690, 'INV-100001690', 2255, 63000, 8258250, 8035000, 264, 'Jalan A No. 31, Kel Sengon, Kec Subah, Kab Kabupaten Batang Jawa Tengah, 51262', '2019-06-18 15:53:13', 1, 'REG', '2022-06-17 09:56:15'),
	(1692, 'INV-100001692', 976, 27000, 3066525, 2789500, 242, 'Jalan V No. 59, Kel Bader, Kec Jatirogo, Kab Kabupaten Tuban Jawa Timur, 62362', '2019-06-19 13:17:23', 2, 'REG', '2022-06-18 13:41:22'),
	(1694, 'INV-100001694', 5700, 126000, 4675000, 4250000, 268, 'Jalan R No. 37, Kel Batu Tulis, Kec Nanggung, Kab Kabupaten Bogor Jawa Barat, 16650', '2019-06-19 12:17:58', 1, 'REG', '2022-06-18 12:20:00'),
	(1696, 'INV-100001696', 5337, 126000, 1914000, 1740000, 3, 'Jalan T No. 139, Kel Padamulya, Kec Maleber, Kab Kabupaten Kuningan Jawa Barat, 45575', '2019-06-19 10:42:34', 1, 'REG', '2022-06-18 04:17:57'),
	(1698, 'INV-100001698', 2172, 63000, 10477500, 9850000, 176, 'Jalan I No. 116, Kel Balekambang, Kec Jonggol, Kab Kabupaten Bogor Jawa Barat, 16830', '2019-06-19 10:15:40', 1, 'REG', '2022-06-18 10:07:31'),
	(1700, 'INV-100001700', 124, 21000, 338250, 307500, 445, 'Jalan A No. 143, Kel Ujung-Ujung, Kec Pabelan, Kab Kabupaten Semarang Jawa Tengah, 50771', '2019-06-19 09:29:48', 6, 'REG', '2022-06-18 11:11:41'),
	(1702, 'INV-100001702', 832, 27000, 1149500, 1045000, 40, 'Jalan I No. 136, Kel Kradenan (Kradinan), Kec Jetis, Kab Kabupaten Ponorogo Jawa Timur, 63473', '2019-06-20 13:28:29', 3, 'REG', '2022-06-19 06:32:30'),
	(1704, 'INV-100001704', 2400, 81000, 7892500, 7700000, 217, 'Jalan Q No. 119, Kel Duwel, Kec Kedungadem, Kab Kabupaten Bojonegoro Jawa Timur, 62195', '2019-06-20 10:01:53', 5, 'REG', '2022-06-19 15:30:23'),
	(1706, 'INV-100001706', 1792, 54000, 3787300, 3443000, 257, 'Jalan C No. 107, Kel Terung, Kec Panekan, Kab Kabupaten Magetan Jawa Timur, 63352', '2019-06-20 16:24:01', 6, 'REG', '2022-06-19 06:32:03'),
	(1708, 'INV-100001708', 970, 21000, 1570250, 1515000, 282, 'Jalan B No. 44, Kel Jimbar, Kec Pracimantoro, Kab Kabupaten Wonogiri Jawa Tengah, 57664', '2019-06-20 11:00:02', 4, 'REG', '2022-06-19 21:52:52'),
	(1710, 'INV-100001710', 1522, 42000, 3900600, 3923500, 236, 'Jalan G No. 56, Kel Bambankerep, Kec Ngaliyan, Kab Kota Semarang Jawa Tengah, 50211', '2019-06-20 12:36:31', 1, 'REG', '2022-06-19 21:57:55'),
	(1712, 'INV-100001712', 4082, 135000, 3564000, 3240000, 321, 'Jalan T No. 102, Kel Putat Gede, Kec Sukomanunggal, Kab Kota Surabaya Jawa Timur, 60189', '2019-06-20 15:46:40', 1, 'REG', '2022-06-19 20:34:02'),
	(1714, 'INV-100001714', 4545, 135000, 1272700, 1282000, 283, 'Jalan V No. 51, Kel Kedukbembem, Kec Mantup, Kab Kabupaten Lamongan Jawa Timur, 62283', '2019-06-20 09:02:28', 2, 'REG', '2022-06-19 18:13:29'),
	(1716, 'INV-100001716', 390, 27000, 3080000, 2800000, 415, 'Jalan Z No. 98, Kel Sumber Anyar, Kec Maesan, Kab Kabupaten Bondowoso Jawa Timur, 68262', '2019-06-21 15:11:46', 6, 'REG', '2022-06-20 21:09:30'),
	(1718, 'INV-100001718', 5717, 126000, 4342250, 4185000, 189, 'Jalan Z No. 81, Kel Karangsalam, Kec Kemranjen, Kab Kabupaten Banyumas Jawa Tengah, 53194', '2019-06-21 14:38:49', 1, 'REG', '2022-06-20 12:15:17'),
	(1720, 'INV-100001720', 1197, 54000, 3987500, 3625000, 246, 'Jalan D No. 58, Kel Tiru Kidul, Kec Gurah, Kab Kabupaten Kediri Jawa Timur, 64181', '2019-06-21 10:02:20', 2, 'REG', '2022-06-20 16:09:08'),
	(1722, 'INV-100001722', 2430, 63000, 891000, 900000, 424, 'Jalan E No. 101, Kel Tajur, Kec Bogor Timur - Kota, Kab Kota Bogor Jawa Barat, 16141', '2019-06-21 09:27:46', 5, 'REG', '2022-06-20 23:23:33'),
	(1724, 'INV-100001724', 3020, 84000, 2560250, 2350000, 302, 'Jalan L No. 83, Kel Segeran Kidul, Kec Juntinyuat, Kab Kabupaten Indramayu Jawa Barat, 45282', '2019-06-21 10:59:27', 2, 'REG', '2022-06-20 07:38:33'),
	(1726, 'INV-100001726', 3523, 108000, 5544825, 5467500, 294, 'Jalan Y No. 127, Kel Rongdalem (Rongdalam), Kec Omben, Kab Kabupaten Sampang Jawa Timur, 69291', '2019-06-21 16:24:36', 5, 'REG', '2022-06-20 06:17:54'),
	(1728, 'INV-100001728', 5030, 126000, 4009500, 3720000, 319, 'Jalan N No. 146, Kel Cibanggala, Kec Campaka Mulya, Kab Kabupaten Cianjur Jawa Barat, 43269', '2019-06-22 11:01:56', 3, 'REG', '2022-06-21 18:31:20'),
	(1730, 'INV-100001730', 1060, 54000, 2701325, 2457500, 313, 'Jalan K No. 86, Kel Grogol, Kec Grogol, Kab Kabupaten Kediri Jawa Timur, 64151', '2019-06-22 15:51:00', 4, 'REG', '2022-06-21 19:49:48'),
	(1732, 'INV-100001732', 920, 21000, 3234000, 2940000, 453, 'Jalan S No. 142, Kel Pengkol, Kec Jatiroto, Kab Kabupaten Wonogiri Jawa Tengah, 57692', '2019-06-22 16:43:35', 5, 'REG', '2022-06-21 17:20:23'),
	(1734, 'INV-100001734', 5185, 126000, 3305500, 3330000, 198, 'Jalan W No. 106, Kel Sumurkidang, Kec Bantarbolang, Kab Kabupaten Pemalang Jawa Tengah, 52352', '2019-06-22 16:22:04', 1, 'REG', '2022-06-21 17:24:35'),
	(1736, 'INV-100001736', 702, 21000, 3074500, 3070000, 75, 'Jalan Z No. 127, Kel Nanggalamekar, Kec Ciranjang, Kab Kabupaten Cianjur Jawa Barat, 43282', '2019-06-22 13:35:24', 1, 'REG', '2022-06-21 00:51:45'),
	(1738, 'INV-100001738', 730, 21000, 3613500, 3650000, 81, 'Jalan E No. 88, Kel Jaya Laksana, Kec Cabangbungin, Kab Kabupaten Bekasi Jawa Barat, 17720', '2019-06-23 10:51:18', 4, 'REG', '2022-06-22 02:10:38'),
	(1740, 'INV-100001740', 940, 15000, 990000, 900000, 172, 'Jalan C No. 130, Kel Perigi Baru, Kec Pondok Aren, Kab Kota Tangerang Selatan Banten, 15228', '2019-06-23 12:20:36', 6, 'REG', '2022-06-22 05:39:17'),
	(1742, 'INV-100001742', 350, 21000, 935000, 850000, 327, 'Jalan K No. 26, Kel Panularan, Kec Laweyan, Kab Kota Surakarta Jawa Tengah, 57149', '2019-06-23 14:53:14', 3, 'REG', '2022-06-22 06:40:01'),
	(1744, 'INV-100001744', 210, 21000, 1034000, 940000, 289, 'Jalan C No. 77, Kel Kebandaran, Kec Bodeh, Kab Kabupaten Pemalang Jawa Tengah, 52365', '2019-06-23 11:43:34', 3, 'REG', '2022-06-22 10:02:22'),
	(1746, 'INV-100001746', 5280, 162000, 2442000, 2220000, 292, 'Jalan K No. 52, Kel Ngagel, Kec Wonokromo, Kab Kota Surabaya Jawa Timur, 60246', '2019-06-23 10:30:07', 6, 'REG', '2022-06-22 15:59:09'),
	(1748, 'INV-100001748', 2960, 81000, 2585000, 2390000, 293, 'Jalan N No. 63, Kel Tanjung, Kec Saronggi, Kab Kabupaten Sumenep Jawa Timur, 69467', '2019-06-23 14:28:01', 5, 'REG', '2022-06-22 02:19:30'),
	(1750, 'INV-100001750', 1030, 42000, 3256000, 3000000, 309, 'Jalan B No. 50, Kel Puspasari, Kec Citeureup, Kab Kabupaten Bogor Jawa Barat, 16810', '2019-06-25 15:43:52', 5, 'REG', '2022-06-24 09:52:09'),
	(1752, 'INV-100001752', 1200, 54000, 4427500, 4350000, 277, 'Jalan A No. 70, Kel Plandaan, Kec Plandaan, Kab Kabupaten Jombang Jawa Timur, 61456', '2019-06-25 10:21:48', 4, 'REG', '2022-06-24 00:01:41'),
	(1754, 'INV-100001754', 597, 21000, 3058000, 2780000, 62, 'Jalan P No. 104, Kel Purwajaya, Kec Peundeuy, Kab Kabupaten Garut Jawa Barat, 44178', '2019-06-25 10:25:22', 3, 'REG', '2022-06-24 07:11:49'),
	(1756, 'INV-100001756', 5032, 126000, 1265000, 1150000, 482, 'Jalan Q No. 44, Kel Mendala, Kec Jeruklegi, Kab Kabupaten Cilacap Jawa Tengah, 53252', '2019-06-25 13:48:24', 2, 'REG', '2022-06-24 04:55:48'),
	(1758, 'INV-100001758', 1650, 42000, 5486250, 5375000, 376, 'Jalan O No. 81, Kel Ngaran, Kec Kaligesing, Kab Kabupaten Purworejo Jawa Tengah, 54175', '2019-06-25 14:43:59', 1, 'REG', '2022-06-24 14:00:25'),
	(1760, 'INV-100001760', 3100, 84000, 1608750, 1625000, 288, 'Jalan Y No. 145, Kel Somagede, Kec Sempor, Kab Kabupaten Kebumen Jawa Tengah, 54421', '2019-06-25 14:50:38', 3, 'REG', '2022-06-24 18:21:08'),
	(1762, 'INV-100001762', 1450, 54000, 3135000, 2850000, 268, 'Jalan V No. 95, Kel Pencol, Kec Kartoharjo (Kertoharjo), Kab Kabupaten Magetan Jawa Timur, 63395', '2019-06-25 13:22:57', 2, 'REG', '2022-06-24 03:22:27'),
	(1764, 'INV-100001764', 477, 21000, 3811500, 3790000, 311, 'Jalan J No. 61, Kel Sumogawe, Kec Getasan, Kab Kabupaten Semarang Jawa Tengah, 50774', '2019-06-26 14:32:03', 4, 'REG', '2022-06-25 03:59:18'),
	(1766, 'INV-100001766', 1742, 30000, 4908750, 4905000, 238, 'Jalan P No. 73, Kel Cimuncang, Kec Serang, Kab Kota Serang Banten, 42111', '2019-06-26 16:27:42', 2, 'REG', '2022-06-25 18:49:33'),
	(1768, 'INV-100001768', 2350, 63000, 4867500, 4425000, 324, 'Jalan R No. 93, Kel Banaran, Kec Kalijambe, Kab Kabupaten Sragen Jawa Tengah, 57275', '2019-06-26 09:27:19', 6, 'REG', '2022-06-25 19:25:11'),
	(1770, 'INV-100001770', 150, 15000, 1056000, 1040000, 94, 'Jalan Y No. 66, Kel Merak, Kec Sukamulya, Kab Kabupaten Tangerang Banten, 15610', '2019-06-26 16:04:04', 2, 'REG', '2022-06-25 09:45:28'),
	(1772, 'INV-100001772', 770, 27000, 2365000, 2150000, 130, 'Jalan U No. 147, Kel Pangereman, Kec Batumarmar, Kab Kabupaten Pamekasan Jawa Timur, 69354', '2019-06-26 11:59:52', 1, 'REG', '2022-06-25 23:08:19'),
	(1774, 'INV-100001774', 87, 21000, 360250, 327500, 311, 'Jalan I No. 68, Kel Babakan, Kec Ciwaringin, Kab Kabupaten Cirebon Jawa Barat, 45167', '2019-06-26 14:39:14', 4, 'REG', '2022-06-25 22:30:58'),
	(1776, 'INV-100001776', 1458, 42000, 2805000, 2590000, 472, 'Jalan Q No. 71, Kel Pedak, Kec Sulang, Kab Kabupaten Rembang Jawa Tengah, 59254', '2019-06-26 15:28:40', 4, 'REG', '2022-06-25 06:46:38'),
	(1778, 'INV-100001778', 1560, 42000, 2169750, 2010000, 319, 'Jalan B No. 149, Kel Kebulusan, Kec Pejagoan, Kab Kabupaten Kebumen Jawa Tengah, 54361', '2019-06-27 09:32:18', 3, 'REG', '2022-06-26 02:49:57'),
	(1780, 'INV-100001780', 592, 27000, 726000, 700000, 316, 'Jalan H No. 121, Kel Dadaplangu, Kec Ponggok, Kab Kabupaten Blitar Jawa Timur, 66153', '2019-06-27 10:18:52', 2, 'REG', '2022-06-26 08:25:58'),
	(1782, 'INV-100001782', 3660, 108000, 1270500, 1230000, 293, 'Jalan Z No. 65, Kel Ngarum, Kec Grabagan, Kab Kabupaten Tuban Jawa Timur, 62371', '2019-06-27 11:29:38', 4, 'REG', '2022-06-26 18:04:34'),
	(1784, 'INV-100001784', 2430, 81000, 484000, 440000, 320, 'Jalan Z No. 33, Kel Kendalrejo, Kec Tegaldlimo, Kab Kabupaten Banyuwangi Jawa Timur, 68484', '2019-06-27 14:48:59', 4, 'REG', '2022-06-26 09:03:37'),
	(1786, 'INV-100001786', 2035, 81000, 3993000, 3630000, 28, 'Jalan V No. 30, Kel Pangongsean, Kec Torjun, Kab Kabupaten Sampang Jawa Timur, 69271', '2019-06-27 16:01:18', 3, 'REG', '2022-06-26 05:35:44'),
	(1788, 'INV-100001788', 2907, 63000, 1265000, 1200000, 311, 'Jalan F No. 148, Kel Pucung, Kec Bancak, Kab Kabupaten Semarang Jawa Tengah, 50182', '2019-06-27 12:09:58', 2, 'REG', '2022-06-26 00:48:54'),
	(1790, 'INV-100001790', 1349, 42000, 2971375, 2702500, 134, 'Jalan T No. 116, Kel Cungkup, Kec Kunduran, Kab Kabupaten Blora Jawa Tengah, 58255', '2019-06-27 14:26:49', 2, 'REG', '2022-06-26 11:19:18'),
	(1792, 'INV-100001792', 707, 27000, 3547500, 3550000, 1, 'Jalan U No. 116, Kel Cepokomulyo, Kec Kepanjen, Kab Kabupaten Malang Jawa Timur, 65163', '2019-06-28 12:04:48', 3, 'REG', '2022-06-27 17:33:31'),
	(1794, 'INV-100001794', 6233, 147000, 2871000, 2650000, 38, 'Jalan I No. 105, Kel Bumisari, Kec Bojongsari, Kab Kabupaten Purbalingga Jawa Tengah, 53362', '2019-06-28 09:38:33', 4, 'REG', '2022-06-27 11:40:11'),
	(1796, 'INV-100001796', 1972, 54000, 2675750, 2455000, 286, 'Jalan B No. 105, Kel Wates, Kec Panekan, Kab Kabupaten Magetan Jawa Timur, 63352', '2019-06-28 10:28:52', 6, 'REG', '2022-06-27 23:20:04'),
	(1798, 'INV-100001798', 2980, 63000, 2722500, 2725000, 249, 'Jalan Z No. 117, Kel Tanjungsari Timur, Kec Cikaum, Kab Kabupaten Subang Jawa Barat, 41253', '2019-06-28 09:59:47', 1, 'REG', '2022-06-27 19:08:19'),
	(1800, 'INV-100001800', 8103, 243000, 2261325, 2257500, 294, 'Jalan I No. 72, Kel Sewor, Kec Sukorame, Kab Kabupaten Lamongan Jawa Timur, 62276', '2019-06-28 13:10:46', 3, 'REG', '2022-06-27 17:20:30'),
	(1802, 'INV-100001802', 162, 21000, 352275, 322500, 260, 'Jalan L No. 61, Kel Keponggok, Kec Purwodadi, Kab Kabupaten Purworejo Jawa Tengah, 54173', '2019-06-29 12:18:23', 3, 'REG', '2022-06-28 02:01:36'),
	(1804, 'INV-100001804', 7085, 216000, 1518000, 1380000, 283, 'Jalan Z No. 122, Kel Umbulrejo, Kec Umbulsari, Kab Kabupaten Jember Jawa Timur, 68166', '2019-06-29 14:06:15', 4, 'REG', '2022-06-28 20:22:17'),
	(1806, 'INV-100001806', 4357, 105000, 5989500, 5590000, 473, 'Jalan P No. 42, Kel Karangturi, Kec Mrebet, Kab Kabupaten Purbalingga Jawa Tengah, 53352', '2019-06-29 15:02:23', 4, 'REG', '2022-06-28 03:11:44'),
	(1808, 'INV-100001808', 285, 27000, 1155000, 1140000, 162, 'Jalan P No. 113, Kel Gunung Rancak, Kec Robatal, Kab Kabupaten Sampang Jawa Timur, 69254', '2019-06-29 14:45:22', 4, 'REG', '2022-06-28 01:56:12'),
	(1810, 'INV-100001810', 1523, 42000, 1237500, 1125000, 192, 'Jalan T No. 131, Kel Gedong, Kec Banyubiru, Kab Kabupaten Semarang Jawa Tengah, 50664', '2019-06-30 12:27:32', 2, 'REG', '2022-06-29 06:22:27'),
	(1812, 'INV-100001812', 1552, 54000, 1650000, 1500000, 294, 'Jalan N No. 108, Kel Jatidowo, Kec Rejotangan, Kab Kabupaten Tulungagung Jawa Timur, 66293', '2019-06-30 12:17:51', 3, 'REG', '2022-06-29 04:59:42'),
	(1814, 'INV-100001814', 1450, 42000, 4290000, 3900000, 236, 'Jalan X No. 43, Kel Tengah, Kec Cibinong, Kab Kabupaten Bogor Jawa Barat, 16914', '2019-06-30 13:44:11', 6, 'REG', '2022-06-29 20:02:03'),
	(1816, 'INV-100001816', 44, 21000, 60500, 55000, 240, 'Jalan K No. 121, Kel Wegil, Kec Sukolilo, Kab Kabupaten Pati Jawa Tengah, 59172', '2019-06-30 10:57:55', 3, 'REG', '2022-06-29 02:50:24'),
	(1818, 'INV-100001818', 167, 21000, 569250, 525000, 257, 'Jalan H No. 124, Kel Serang, Kec Karangreja, Kab Kabupaten Purbalingga Jawa Tengah, 53357', '2019-06-30 10:47:47', 2, 'REG', '2022-06-29 23:37:01'),
	(1820, 'INV-100001820', 955, 27000, 1386000, 1260000, 324, 'Jalan B No. 24, Kel Poka\'an, Kec Kapongan, Kab Kabupaten Situbondo Jawa Timur, 68362', '2019-06-30 12:08:36', 2, 'REG', '2022-06-29 12:10:19'),
	(1822, 'INV-100001822', 693, 27000, 2233550, 2110500, 234, 'Jalan J No. 65, Kel Kranggan, Kec Gurah, Kab Kabupaten Kediri Jawa Timur, 64181', '2019-07-02 15:59:15', 4, 'REG', '2022-07-01 00:11:08'),
	(1824, 'INV-100001824', 1070, 54000, 3806000, 3460000, 465, 'Jalan N No. 34, Kel Banyulegi, Kec Dawar Blandong, Kab Kabupaten Mojokerto Jawa Timur, 61354', '2019-07-02 11:33:27', 5, 'REG', '2022-07-01 03:42:43'),
	(1826, 'INV-100001826', 1030, 54000, 1760000, 1600000, 236, 'Jalan B No. 131, Kel Kepung, Kec Kepung, Kab Kabupaten Kediri Jawa Timur, 64293', '2019-07-02 15:28:04', 6, 'REG', '2022-07-01 00:31:15'),
	(1828, 'INV-100001828', 440, 21000, 3832950, 3832000, 259, 'Jalan H No. 76, Kel Sidorejo, Kec Pulokulon, Kab Kabupaten Grobogan Jawa Tengah, 58181', '2019-07-02 12:14:42', 5, 'REG', '2022-07-01 04:41:24'),
	(1830, 'INV-100001830', 1400, 42000, 3795000, 3450000, 168, 'Jalan L No. 76, Kel Pekandangan, Kec Banjarmangu, Kab Kabupaten Banjarnegara Jawa Tengah, 53452', '2019-07-02 15:19:30', 6, 'REG', '2022-07-01 11:38:17'),
	(1832, 'INV-100001832', 1503, 42000, 1402500, 1275000, 267, 'Jalan M No. 92, Kel Kertasari, Kec Sindangbarang, Kab Kabupaten Cianjur Jawa Barat, 43272', '2019-07-03 14:55:46', 1, 'REG', '2022-07-02 10:35:27'),
	(1834, 'INV-100001834', 4732, 105000, 7991500, 7630000, 263, 'Jalan C No. 124, Kel Gesikan, Kec Sedan, Kab Kabupaten Rembang Jawa Tengah, 59264', '2019-07-03 11:35:36', 6, 'REG', '2022-07-02 17:07:34'),
	(1836, 'INV-100001836', 4330, 135000, 4589750, 4325000, 293, 'Jalan P No. 59, Kel Jemirahan, Kec Jabon, Kab Kabupaten Sidoarjo Jawa Timur, 61276', '2019-07-03 10:34:57', 5, 'REG', '2022-07-02 14:55:09'),
	(1838, 'INV-100001838', 2572, 63000, 3679775, 3672500, 235, 'Jalan R No. 90, Kel Kalisegoro, Kec Gunungpati, Kab Kota Semarang Jawa Tengah, 50229', '2019-07-03 14:02:43', 6, 'REG', '2022-07-02 09:49:40'),
	(1840, 'INV-100001840', 3802, 108000, 1657150, 1584000, 204, 'Jalan L No. 46, Kel Karpote, Kec Blega, Kab Kabupaten Bangkalan Jawa Timur, 69174', '2019-07-03 15:41:57', 3, 'REG', '2022-07-02 01:05:01'),
	(1842, 'INV-100001842', 4900, 105000, 3564000, 3280000, 455, 'Jalan H No. 106, Kel Dlimas, Kec Ceper, Kab Kabupaten Klaten Jawa Tengah, 57465', '2019-07-03 10:13:21', 5, 'REG', '2022-07-02 19:30:51'),
	(1844, 'INV-100001844', 1853, 54000, 4167075, 3902500, 462, 'Jalan J No. 56, Kel Tamansare, Kec Dungkek, Kab Kabupaten Sumenep Jawa Timur, 69474', '2019-07-04 15:36:42', 3, 'REG', '2022-07-03 11:15:43'),
	(1846, 'INV-100001846', 2409, 63000, 743600, 748500, 1, 'Jalan Q No. 110, Kel Langenharjo, Kec Margorejo, Kab Kabupaten Pati Jawa Tengah, 59163', '2019-07-04 10:57:55', 2, 'REG', '2022-07-03 22:08:45'),
	(1848, 'INV-100001848', 832, 27000, 968000, 880000, 8, 'Jalan T No. 32, Kel Padi, Kec Tulakan, Kab Kabupaten Pacitan Jawa Timur, 63571', '2019-07-04 11:29:33', 6, 'REG', '2022-07-03 22:29:19'),
	(1850, 'INV-100001850', 5530, 126000, 5137000, 5120000, 291, 'Jalan O No. 55, Kel Makamhaji, Kec Kartasura, Kab Kabupaten Sukoharjo Jawa Tengah, 57161', '2019-07-04 10:40:54', 4, 'REG', '2022-07-03 19:26:34'),
	(1852, 'INV-100001852', 6572, 147000, 7527300, 7168000, 253, 'Jalan Z No. 109, Kel Sukajaya, Kec Cugenang, Kab Kabupaten Cianjur Jawa Barat, 43252', '2019-07-05 16:03:33', 3, 'REG', '2022-07-04 09:55:46'),
	(1854, 'INV-100001854', 570, 21000, 1837000, 1670000, 275, 'Jalan Q No. 120, Kel Sedong Lor, Kec Sedong, Kab Kabupaten Cirebon Jawa Barat, 45189', '2019-07-05 11:37:24', 3, 'REG', '2022-07-04 18:31:39'),
	(1856, 'INV-100001856', 2002, 63000, 5406500, 5290000, 268, 'Jalan D No. 60, Kel Tirtoadi, Kec Mlati, Kab Kabupaten Sleman DI Yogyakarta, 55287', '2019-07-05 11:08:08', 5, 'REG', '2022-07-04 11:52:05'),
	(1858, 'INV-100001858', 505, 21000, 2227500, 2190000, 171, 'Jalan P No. 88, Kel Sembung, Kec Banyuputih, Kab Kabupaten Batang Jawa Tengah, 51271', '2019-07-05 12:21:40', 4, 'REG', '2022-07-04 13:43:23'),
	(1860, 'INV-100001860', 2372, 63000, 4259750, 3895000, 437, 'Jalan U No. 65, Kel Sidoharjo, Kec Puring, Kab Kabupaten Kebumen Jawa Tengah, 54383', '2019-07-05 15:27:59', 5, 'REG', '2022-07-04 15:38:03'),
	(1862, 'INV-100001862', 1387, 42000, 4650250, 4602500, 331, 'Jalan Z No. 118, Kel Sindanglaya, Kec Karangpawitan, Kab Kabupaten Garut Jawa Barat, 44182', '2019-07-05 12:49:14', 3, 'REG', '2022-07-04 19:38:10'),
	(1864, 'INV-100001864', 988, 6000, 6551050, 6300500, 265, 'Jalan T No. 123, Kel Cakung Barat, Kec Cakung, Kab Kota Jakarta Timur DKI Jakarta, 13910', '2019-07-06 09:55:53', 4, 'REG', '2022-07-05 09:27:10'),
	(1866, 'INV-100001866', 930, 21000, 1289750, 1285000, 270, 'Jalan T No. 41, Kel Cisempur, Kec Jatinangor, Kab Kabupaten Sumedang Jawa Barat, 45363', '2019-07-06 09:33:23', 6, 'REG', '2022-07-05 19:48:40'),
	(1868, 'INV-100001868', 1635, 42000, 5511000, 5010000, 294, 'Jalan Y No. 143, Kel Wonosari, Kec Kebumen, Kab Kabupaten Kebumen Jawa Tengah, 54317', '2019-07-06 10:44:49', 1, 'REG', '2022-07-05 05:57:54'),
	(1870, 'INV-100001870', 923, 21000, 781550, 710500, 304, 'Jalan E No. 123, Kel Sendangijo, Kec Selogiri, Kab Kabupaten Wonogiri Jawa Tengah, 57652', '2019-07-06 15:43:33', 4, 'REG', '2022-07-05 18:11:46'),
	(1872, 'INV-100001872', 1482, 54000, 3899500, 3870000, 288, 'Jalan A No. 86, Kel Tugu (Tugurejo), Kec Mlarak, Kab Kabupaten Ponorogo Jawa Timur, 63472', '2019-07-06 10:09:52', 6, 'REG', '2022-07-05 19:26:56'),
	(1874, 'INV-100001874', 9500, 270000, 10505000, 10500000, 289, 'Jalan B No. 31, Kel Jenangan, Kec Jenangan, Kab Kabupaten Ponorogo Jawa Timur, 63492', '2019-07-06 14:58:49', 4, 'REG', '2022-07-05 07:05:14'),
	(1876, 'INV-100001876', 1617, 54000, 3440250, 3135000, 184, 'Jalan Y No. 107, Kel Balongjeruk (Balung Jeruk), Kec Kunjang, Kab Kabupaten Kediri Jawa Timur, 64156', '2019-07-07 15:34:20', 3, 'REG', '2022-07-06 11:50:10'),
	(1878, 'INV-100001878', 670, 21000, 1102750, 1025000, 252, 'Jalan B No. 105, Kel Genuksari, Kec Genuk, Kab Kota Semarang Jawa Tengah, 50231', '2019-07-07 14:08:27', 5, 'REG', '2022-07-06 10:14:02'),
	(1880, 'INV-100001880', 103, 21000, 193325, 177500, 406, 'Jalan Y No. 32, Kel Plumbon, Kec Mojolaban, Kab Kabupaten Sukoharjo Jawa Tengah, 57554', '2019-07-07 10:46:26', 5, 'REG', '2022-07-06 17:11:32'),
	(1882, 'INV-100001882', 1675, 42000, 2376000, 2200000, 98, 'Jalan K No. 149, Kel Wotgali, Kec Plered, Kab Kabupaten Cirebon Jawa Barat, 45154', '2019-07-07 13:58:30', 2, 'REG', '2022-07-06 13:24:42'),
	(1884, 'INV-100001884', 8600, 189000, 7727500, 7400000, 395, 'Jalan R No. 21, Kel Cikancra, Kec Cikalong, Kab Kabupaten Tasikmalaya Jawa Barat, 46195', '2019-07-07 14:53:56', 2, 'REG', '2022-07-06 19:10:12'),
	(1886, 'INV-100001886', 1010, 42000, 4166250, 3865000, 297, 'Jalan W No. 113, Kel Donorejo, Kec Karang Tengah, Kab Kabupaten Demak Jawa Tengah, 59561', '2019-07-07 09:59:06', 1, 'REG', '2022-07-06 06:27:42'),
	(1888, 'INV-100001888', 1470, 42000, 5065500, 4605000, 288, 'Jalan T No. 89, Kel Citalang, Kec Tegal Waru, Kab Kabupaten Purwakarta Jawa Barat, 41165', '2019-07-09 13:24:54', 1, 'REG', '2022-07-08 15:36:09'),
	(1890, 'INV-100001890', 3570, 108000, 940500, 930000, 322, 'Jalan T No. 26, Kel Wonotengah, Kec Purwoasri, Kab Kabupaten Kediri Jawa Timur, 64154', '2019-07-09 09:42:54', 3, 'REG', '2022-07-08 23:53:32'),
	(1892, 'INV-100001892', 1685, 42000, 3830750, 3725000, 315, 'Jalan H No. 148, Kel Karang Anyar, Kec Geyer, Kab Kabupaten Grobogan Jawa Tengah, 58172', '2019-07-09 12:55:38', 5, 'REG', '2022-07-08 18:13:32'),
	(1894, 'INV-100001894', 1622, 42000, 2953500, 2830000, 177, 'Jalan S No. 135, Kel Cikeusal, Kec Cimahi, Kab Kabupaten Kuningan Jawa Barat, 45582', '2019-07-09 15:26:27', 4, 'REG', '2022-07-08 00:33:20'),
	(1896, 'INV-100001896', 152, 15000, 371800, 338000, 430, 'Jalan O No. 119, Kel Kadugadung, Kec Cipeucang, Kab Kabupaten Pandeglang Banten, 42272', '2019-07-09 16:08:00', 4, 'REG', '2022-07-08 19:43:21'),
	(1898, 'INV-100001898', 1953, 42000, 6314000, 5740000, 391, 'Jalan T No. 81, Kel Jatingarang, Kec Weru, Kab Kabupaten Sukoharjo Jawa Tengah, 57562', '2019-07-10 15:47:10', 1, 'REG', '2022-07-09 11:37:41'),
	(1900, 'INV-100001900', 1273, 54000, 3036000, 2760000, 215, 'Jalan Q No. 140, Kel Tanjung Glugur, Kec Mangaran, Kab Kabupaten Situbondo Jawa Timur, 68363', '2019-07-10 10:43:44', 1, 'REG', '2022-07-09 00:22:52'),
	(1902, 'INV-100001902', 4779, 105000, 1204775, 1171500, 266, 'Jalan S No. 147, Kel Pasawahan, Kec Tarogong Kaler, Kab Kabupaten Garut Jawa Barat, 44151', '2019-07-10 15:12:12', 3, 'REG', '2022-07-09 15:48:08'),
	(1904, 'INV-100001904', 832, 21000, 1947000, 1915000, 292, 'Jalan P No. 76, Kel Neglasari, Kec Cidaun, Kab Kabupaten Cianjur Jawa Barat, 43275', '2019-07-10 12:21:46', 1, 'REG', '2022-07-09 16:16:40'),
	(1906, 'INV-100001906', 1352, 42000, 2607000, 2370000, 250, 'Jalan P No. 53, Kel Jenawi, Kec Jenawi, Kab Kabupaten Karanganyar Jawa Tengah, 57794', '2019-07-10 12:36:06', 4, 'REG', '2022-07-09 10:39:12'),
	(1908, 'INV-100001908', 5752, 90000, 2156000, 2085000, 309, 'Jalan A No. 144, Kel Jurumudi Baru, Kec Benda, Kab Kota Tangerang Banten, 15124', '2019-07-10 13:22:31', 1, 'REG', '2022-07-09 15:14:21'),
	(1910, 'INV-100001910', 730, 21000, 3569500, 3570000, 233, 'Jalan N No. 111, Kel Danalampah, Kec Pancalang, Kab Kabupaten Kuningan Jawa Barat, 45557', '2019-07-11 13:57:46', 2, 'REG', '2022-07-10 13:36:30'),
	(1912, 'INV-100001912', 4507, 105000, 1655500, 1505000, 416, 'Jalan F No. 22, Kel Cikancra, Kec Cikalong, Kab Kabupaten Tasikmalaya Jawa Barat, 46195', '2019-07-11 12:25:30', 2, 'REG', '2022-07-10 04:27:28'),
	(1914, 'INV-100001914', 10230, 297000, 6869500, 6370000, 339, 'Jalan B No. 58, Kel Kuwurejo, Kec Bluluk, Kab Kabupaten Lamongan Jawa Timur, 62274', '2019-07-11 09:28:38', 3, 'REG', '2022-07-10 09:28:29'),
	(1916, 'INV-100001916', 1097, 42000, 5363875, 4877500, 349, 'Jalan Z No. 146, Kel Kenteng, Kec Nogosari, Kab Kabupaten Boyolali Jawa Tengah, 57378', '2019-07-11 10:04:07', 3, 'REG', '2022-07-10 18:03:21'),
	(1918, 'INV-100001918', 5255, 162000, 4163500, 4110000, 188, 'Jalan V No. 110, Kel Wonoboyo, Kec Klabang, Kab Kabupaten Bondowoso Jawa Timur, 68284', '2019-07-11 14:52:46', 4, 'REG', '2022-07-10 09:26:40'),
	(1920, 'INV-100001920', 1080, 30000, 3036000, 2760000, 191, 'Jalan T No. 88, Kel Sukanagara, Kec Carita, Kab Kabupaten Pandeglang Banten, 42264', '2019-07-11 11:41:23', 3, 'REG', '2022-07-10 07:03:58'),
	(1922, 'INV-100001922', 2680, 63000, 2827000, 2570000, 257, 'Jalan H No. 112, Kel Pasucen, Kec Gunem, Kab Kabupaten Rembang Jawa Tengah, 59263', '2019-07-12 09:27:47', 3, 'REG', '2022-07-11 22:28:58'),
	(1924, 'INV-100001924', 3580, 108000, 3781250, 3475000, 227, 'Jalan R No. 92, Kel Leran, Kec Senori, Kab Kabupaten Tuban Jawa Timur, 62365', '2019-07-12 09:50:25', 2, 'REG', '2022-07-11 18:49:23'),
	(1926, 'INV-100001926', 3272, 84000, 1985500, 1880000, 265, 'Jalan P No. 141, Kel Suru, Kec Geyer, Kab Kabupaten Grobogan Jawa Tengah, 58172', '2019-07-12 15:00:48', 4, 'REG', '2022-07-11 12:11:28'),
	(1928, 'INV-100001928', 1474, 54000, 3496350, 3403500, 321, 'Jalan I No. 20, Kel Duren, Kec Tugu, Kab Kabupaten Trenggalek Jawa Timur, 66352', '2019-07-12 13:06:36', 4, 'REG', '2022-07-11 12:03:28'),
	(1930, 'INV-100001930', 5880, 126000, 1155000, 1050000, 357, 'Jalan W No. 110, Kel Rangkapanjaya Baru, Kec Pancoran Mas, Kab Kota Depok Jawa Barat, 16434', '2019-07-12 14:19:13', 1, 'REG', '2022-07-11 12:51:32'),
	(1932, 'INV-100001932', 1455, 54000, 4532000, 4560000, 482, 'Jalan Z No. 120, Kel Dekatagung, Kec Sangkapura, Kab Kabupaten Gresik Jawa Timur, 61181', '2019-07-12 13:19:48', 5, 'REG', '2022-07-11 04:38:50'),
	(1934, 'INV-100001934', 5140, 126000, 3905000, 3550000, 69, 'Jalan Q No. 54, Kel Adinuso, Kec Subah, Kab Kabupaten Batang Jawa Tengah, 51262', '2019-07-13 12:26:17', 5, 'REG', '2022-07-12 00:41:12'),
	(1936, 'INV-100001936', 3205, 84000, 4147000, 3770000, 310, 'Jalan X No. 22, Kel Geyer, Kec Geyer, Kab Kabupaten Grobogan Jawa Tengah, 58172', '2019-07-13 15:26:24', 6, 'REG', '2022-07-12 16:49:37'),
	(1938, 'INV-100001938', 1700, 42000, 6655000, 6050000, 435, 'Jalan C No. 47, Kel Karangbener, Kec Bae, Kab Kabupaten Kudus Jawa Tengah, 59323', '2019-07-13 15:07:58', 3, 'REG', '2022-07-12 03:57:13'),
	(1940, 'INV-100001940', 1497, 42000, 2640000, 2600000, 291, 'Jalan F No. 28, Kel Socokangsi, Kec Jatinom, Kab Kabupaten Klaten Jawa Tengah, 57481', '2019-07-13 16:08:27', 5, 'REG', '2022-07-12 06:43:09'),
	(1942, 'INV-100001942', 7730, 216000, 3613500, 3400000, 313, 'Jalan Y No. 118, Kel Ketegan, Kec Rejoso, Kab Kabupaten Pasuruan Jawa Timur, 67181', '2019-07-13 09:47:03', 5, 'REG', '2022-07-12 04:38:55'),
	(1944, 'INV-100001944', 87, 27000, 363000, 330000, 306, 'Jalan O No. 85, Kel Galih, Kec Pasrepan, Kab Kabupaten Pasuruan Jawa Timur, 67175', '2019-07-14 12:16:31', 5, 'REG', '2022-07-13 10:34:29'),
	(1946, 'INV-100001946', 1752, 54000, 6638500, 6360000, 311, 'Jalan O No. 150, Kel Nambaan, Kec Ringinrejo, Kab Kabupaten Kediri Jawa Timur, 64176', '2019-07-14 13:38:08', 5, 'REG', '2022-07-13 19:04:54'),
	(1948, 'INV-100001948', 4453, 105000, 1351900, 1229000, 226, 'Jalan Q No. 102, Kel Tambongwetan, Kec Kalikotes, Kab Kabupaten Klaten Jawa Tengah, 57451', '2019-07-14 15:17:14', 2, 'REG', '2022-07-13 08:14:10'),
	(1950, 'INV-100001950', 3747, 84000, 1100275, 1002500, 20, 'Jalan G No. 54, Kel Kandang Panjang, Kec Pekalongan Utara, Kab Kota Pekalongan Jawa Tengah, 51149', '2019-07-14 09:14:55', 6, 'REG', '2022-07-13 13:21:55'),
	(1952, 'INV-100001952', 8100, 189000, 4950000, 4500000, 17, 'Jalan N No. 147, Kel Sembawa, Kec Jalaksana, Kab Kabupaten Kuningan Jawa Barat, 45554', '2019-07-14 11:50:15', 4, 'REG', '2022-07-13 01:14:50'),
	(1954, 'INV-100001954', 300, 21000, 1278750, 1275000, 348, 'Jalan O No. 77, Kel Ngaliyan, Kec Bejen, Kab Kabupaten Temanggung Jawa Tengah, 56258', '2019-07-14 13:59:45', 6, 'REG', '2022-07-13 01:33:34'),
	(1956, 'INV-100001956', 1873, 54000, 2211550, 2010500, 331, 'Jalan V No. 51, Kel Kedukbembem, Kec Mantup, Kab Kabupaten Lamongan Jawa Timur, 62283', '2019-07-16 09:02:29', 3, 'REG', '2022-07-15 04:20:06'),
	(1958, 'INV-100001958', 537, 27000, 264000, 240000, 320, 'Jalan S No. 64, Kel Sobontoro, Kec Balen, Kab Kabupaten Bojonegoro Jawa Timur, 62182', '2019-07-16 13:32:15', 1, 'REG', '2022-07-15 02:38:11'),
	(1960, 'INV-100001960', 300, 21000, 2501400, 2274000, 280, 'Jalan J No. 67, Kel Beji, Kec Patuk, Kab Kabupaten Gunung Kidul DI Yogyakarta, 55862', '2019-07-16 10:24:13', 3, 'REG', '2022-07-15 22:09:57'),
	(1962, 'INV-100001962', 4072, 135000, 944900, 859000, 233, 'Jalan Q No. 148, Kel Bunutwetan, Kec Pakis, Kab Kabupaten Malang Jawa Timur, 65154', '2019-07-16 14:40:32', 3, 'REG', '2022-07-15 19:51:50'),
	(1964, 'INV-100001964', 2230, 63000, 7837500, 7125000, 318, 'Jalan Q No. 87, Kel Burangkeng, Kec Setu, Kab Kabupaten Bekasi Jawa Barat, 17320', '2019-07-16 09:29:49', 3, 'REG', '2022-07-15 09:47:48'),
	(1966, 'INV-100001966', 4220, 135000, 1497375, 1437500, 311, 'Jalan R No. 24, Kel Sukoanyar, Kec Kesamben, Kab Kabupaten Blitar Jawa Timur, 66191', '2019-07-16 16:36:07', 1, 'REG', '2022-07-15 11:55:53'),
	(1968, 'INV-100001968', 4757, 75000, 1944250, 1767500, 30, 'Jalan T No. 52, Kel Tegalongok, Kec Koroncong, Kab Kabupaten Pandeglang Banten, 42251', '2019-07-16 12:00:52', 1, 'REG', '2022-07-15 08:28:04'),
	(1970, 'INV-100001970', 1055, 30000, 2215950, 2052000, 222, 'Jalan X No. 66, Kel Karang Anyar, Kec Neglasari, Kab Kota Tangerang Banten, 15121', '2019-07-16 12:55:14', 3, 'REG', '2022-07-15 14:15:16'),
	(1972, 'INV-100001972', 1793, 42000, 5709000, 5190000, 476, 'Jalan T No. 29, Kel Kedungjaya, Kec Kedawung, Kab Kabupaten Cirebon Jawa Barat, 45153', '2019-07-17 11:16:46', 4, 'REG', '2022-07-16 11:08:14'),
	(1974, 'INV-100001974', 539, 21000, 411125, 397500, 231, 'Jalan Y No. 128, Kel Cibentang, Kec Bantarkawung, Kab Kabupaten Brebes Jawa Tengah, 52274', '2019-07-17 12:58:09', 3, 'REG', '2022-07-16 02:37:58'),
	(1976, 'INV-100001976', 522, 21000, 2869900, 2609000, 268, 'Jalan Z No. 69, Kel Hegarmanah, Kec Cidolog, Kab Kabupaten Ciamis Jawa Barat, 46352', '2019-07-17 15:53:31', 1, 'REG', '2022-07-16 18:48:04'),
	(1978, 'INV-100001978', 1823, 30000, 2312200, 2102000, 247, 'Jalan Y No. 96, Kel Citaman, Kec Jiput, Kab Kabupaten Pandeglang Banten, 42263', '2019-07-17 16:36:51', 3, 'REG', '2022-07-16 19:22:38'),
	(1980, 'INV-100001980', 220, 21000, 660000, 600000, 233, 'Jalan Q No. 28, Kel Sokogelap, Kec Kemiri, Kab Kabupaten Purworejo Jawa Tengah, 54262', '2019-07-17 09:21:47', 4, 'REG', '2022-07-16 20:09:48'),
	(1982, 'INV-100001982', 1252, 42000, 1592800, 1538000, 274, 'Jalan W No. 92, Kel Kemranggen, Kec Bruno, Kab Kabupaten Purworejo Jawa Tengah, 54261', '2019-07-18 09:27:16', 2, 'REG', '2022-07-17 06:28:55'),
	(1984, 'INV-100001984', 5807, 126000, 2717000, 2560000, 446, 'Jalan F No. 115, Kel Gagaan, Kec Kunduran, Kab Kabupaten Blora Jawa Tengah, 58255', '2019-07-18 12:04:34', 3, 'REG', '2022-07-17 17:38:22'),
	(1986, 'INV-100001986', 1332, 54000, 6567000, 5970000, 118, 'Jalan Z No. 78, Kel Jeruksoksok, Kec Binakal, Kab Kabupaten Bondowoso Jawa Timur, 68251', '2019-07-18 16:48:44', 3, 'REG', '2022-07-17 05:27:13'),
	(1988, 'INV-100001988', 1850, 42000, 3245000, 2950000, 278, 'Jalan M No. 123, Kel Ciptamarga, Kec Jayakerta, Kab Kabupaten Karawang Jawa Barat, 41352', '2019-07-18 16:32:50', 4, 'REG', '2022-07-17 21:35:27'),
	(1990, 'INV-100001990', 1680, 42000, 10257500, 10150000, 1, 'Jalan B No. 23, Kel Dawuhan, Kec Padamara, Kab Kabupaten Purbalingga Jawa Tengah, 53372', '2019-07-18 12:52:17', 3, 'REG', '2022-07-17 16:41:11'),
	(1992, 'INV-100001992', 1222, 12000, 2479125, 2332500, 497, 'Jalan Q No. 81, Kel Bendungan Hilir, Kec Tanah Abang, Kab Kota Jakarta Pusat DKI Jakarta, 10210', '2019-07-18 10:31:27', 5, 'REG', '2022-07-17 23:38:29'),
	(1994, 'INV-100001994', 742, 21000, 6140750, 5857500, 301, 'Jalan A No. 29, Kel Cokro, Kec Blado, Kab Kabupaten Batang Jawa Tengah, 51255', '2019-07-18 16:43:41', 2, 'REG', '2022-07-17 04:49:33'),
	(1996, 'INV-100001996', 974, 21000, 976250, 935000, 299, 'Jalan K No. 116, Kel Pantai Mekar, Kec Muara Gembong, Kab Kabupaten Bekasi Jawa Barat, 17730', '2019-07-19 10:46:33', 2, 'REG', '2022-07-18 01:29:52'),
	(1998, 'INV-100001998', 772, 27000, 1732500, 1725000, 278, 'Jalan P No. 31, Kel Tinap, Kec Sukomoro, Kab Kabupaten Magetan Jawa Timur, 63391', '2019-07-19 13:02:37', 3, 'REG', '2022-07-18 06:12:20'),
	(2000, 'INV-100002000', 3640, 84000, 1072500, 1050000, 270, 'Jalan W No. 87, Kel Sirnagalih, Kec Sindangbarang, Kab Kabupaten Cianjur Jawa Barat, 43272', '2019-07-19 11:31:49', 2, 'REG', '2022-07-18 21:56:59'),
	(2002, 'INV-100002002', 3337, 108000, 3927000, 3660000, 389, 'Jalan F No. 62, Kel Branggahan, Kec Ngadiluwih, Kab Kabupaten Kediri Jawa Timur, 64171', '2019-07-19 15:25:14', 1, 'REG', '2022-07-18 17:34:10'),
	(2004, 'INV-100002004', 2230, 63000, 6429500, 6170000, 482, 'Jalan U No. 104, Kel Galuh, Kec Bojongsari, Kab Kabupaten Purbalingga Jawa Tengah, 53362', '2019-07-19 09:22:54', 6, 'REG', '2022-07-18 10:27:49'),
	(2006, 'INV-100002006', 5965, 162000, 1870000, 1700000, 270, 'Jalan J No. 25, Kel Munggung, Kec Pulung, Kab Kabupaten Ponorogo Jawa Timur, 63481', '2019-07-19 12:22:17', 6, 'REG', '2022-07-18 09:03:05'),
	(2008, 'INV-100002008', 2523, 81000, 1390400, 1314000, 371, 'Jalan P No. 53, Kel Gelang, Kec Sumber Baru, Kab Kabupaten Jember Jawa Timur, 68156', '2019-07-20 14:48:13', 1, 'REG', '2022-07-19 13:35:58'),
	(2010, 'INV-100002010', 2223, 18000, 2517900, 2289000, 310, 'Jalan G No. 47, Kel Pegadungan, Kec Kalideres, Kab Kota Jakarta Barat DKI Jakarta, 11830', '2019-07-20 12:17:50', 1, 'REG', '2022-07-19 20:11:00'),
	(2012, 'INV-100002012', 3707, 84000, 4057900, 3759000, 271, 'Jalan M No. 39, Kel Cimaung, Kec Cimaung, Kab Kabupaten Bandung Jawa Barat, 40374', '2019-07-20 13:36:13', 6, 'REG', '2022-07-19 04:45:20'),
	(2014, 'INV-100002014', 183, 21000, 784575, 792500, 308, 'Jalan W No. 36, Kel Jetis, Kec Nusawungu, Kab Kabupaten Cilacap Jawa Tengah, 53283', '2019-07-20 16:40:00', 1, 'REG', '2022-07-19 03:08:27'),
	(2016, 'INV-100002016', 6852, 147000, 2596000, 2360000, 308, 'Jalan Y No. 24, Kel Satriajaya, Kec Tambun Utara, Kab Kabupaten Bekasi Jawa Barat, 17510', '2019-07-20 13:21:32', 5, 'REG', '2022-07-19 09:20:09'),
	(2018, 'INV-100002018', 677, 21000, 4507250, 4120000, 312, 'Jalan C No. 29, Kel Kotakulon, Kec Garut Kota, Kab Kabupaten Garut Jawa Barat, 44112', '2019-07-20 14:48:25', 6, 'REG', '2022-07-19 01:16:30'),
	(2020, 'INV-100002020', 627, 27000, 2541000, 2310000, 355, 'Jalan E No. 26, Kel Bangsri, Kec Sukodono, Kab Kabupaten Sidoarjo Jawa Timur, 61258', '2019-07-21 14:50:32', 6, 'REG', '2022-07-20 19:50:06'),
	(2022, 'INV-100002022', 1245, 54000, 2791250, 2725000, 170, 'Jalan Q No. 149, Kel Ba\'engas, Kec Labang, Kab Kabupaten Bangkalan Jawa Timur, 69163', '2019-07-21 16:16:36', 2, 'REG', '2022-07-20 00:32:24'),
	(2024, 'INV-100002024', 1500, 42000, 3011250, 2825000, 358, 'Jalan H No. 148, Kel Karang Anyar, Kec Geyer, Kab Kabupaten Grobogan Jawa Tengah, 58172', '2019-07-21 09:18:00', 5, 'REG', '2022-07-20 21:50:59'),
	(2026, 'INV-100002026', 1808, 42000, 4834500, 4820000, 4, 'Jalan C No. 81, Kel Jatipura, Kec Susukan, Kab Kabupaten Cirebon Jawa Barat, 45166', '2019-07-21 13:39:31', 6, 'REG', '2022-07-20 09:27:50'),
	(2028, 'INV-100002028', 4100, 135000, 3355000, 3050000, 392, 'Jalan S No. 87, Kel Sumbersuko, Kec Sumbersuko, Kab Kabupaten Lumajang Jawa Timur, 67316', '2019-07-21 11:04:14', 4, 'REG', '2022-07-20 20:45:04'),
	(2030, 'INV-100002030', 537, 27000, 528000, 520000, 236, 'Jalan H No. 51, Kel Babadan, Kec Pangkur, Kab Kabupaten Ngawi Jawa Timur, 63282', '2019-07-23 12:16:13', 6, 'REG', '2022-07-22 00:35:47'),
	(2032, 'INV-100002032', 479, 27000, 385000, 350000, 249, 'Jalan L No. 121, Kel Ciluk, Kec Kauman, Kab Kabupaten Ponorogo Jawa Timur, 63451', '2019-07-23 12:32:13', 6, 'REG', '2022-07-22 02:44:53'),
	(2034, 'INV-100002034', 7552, 216000, 2046000, 1860000, 314, 'Jalan N No. 74, Kel Sawahan, Kec Lengkong, Kab Kabupaten Nganjuk Jawa Timur, 64393', '2019-07-23 10:05:11', 1, 'REG', '2022-07-22 23:09:00'),
	(2036, 'INV-100002036', 1710, 42000, 2816000, 2560000, 286, 'Jalan I No. 20, Kel Lesanpuro, Kec Kajoran, Kab Kabupaten Magelang Jawa Tengah, 56163', '2019-07-23 12:17:07', 3, 'REG', '2022-07-22 13:23:54'),
	(2038, 'INV-100002038', 1157, 54000, 3677850, 3638500, 57, 'Jalan N No. 30, Kel Jabung, Kec Jabung, Kab Kabupaten Malang Jawa Timur, 65155', '2019-07-23 10:57:37', 3, 'REG', '2022-07-22 00:09:24'),
	(2040, 'INV-100002040', 2352, 81000, 9548000, 8680000, 277, 'Jalan F No. 135, Kel Bakung, Kec Bakung, Kab Kabupaten Blitar Jawa Timur, 66163', '2019-07-24 15:36:12', 6, 'REG', '2022-07-23 13:21:48'),
	(2042, 'INV-100002042', 3952, 108000, 2318250, 2245000, 176, 'Jalan C No. 132, Kel Lorejo, Kec Bakung, Kab Kabupaten Blitar Jawa Timur, 66163', '2019-07-24 09:44:03', 1, 'REG', '2022-07-23 08:58:48'),
	(2044, 'INV-100002044', 6130, 147000, 5131500, 5040000, 73, 'Jalan W No. 44, Kel Gemantar, Kec Jumantono, Kab Kabupaten Karanganyar Jawa Tengah, 57782', '2019-07-24 09:57:51', 1, 'REG', '2022-07-23 06:54:56'),
	(2046, 'INV-100002046', 1400, 42000, 3011250, 2825000, 227, 'Jalan H No. 74, Kel Ngadimulyo, Kec Selomerto, Kab Kabupaten Wonosobo Jawa Tengah, 56361', '2019-07-24 15:04:45', 5, 'REG', '2022-07-23 09:53:00'),
	(2048, 'INV-100002048', 112, 27000, 264000, 260000, 305, 'Jalan K No. 115, Kel Tlogobendung, Kec Gresik, Kab Kabupaten Gresik Jawa Timur, 61113', '2019-07-24 15:32:34', 6, 'REG', '2022-07-23 12:11:27'),
	(2050, 'INV-100002050', 97, 21000, 363000, 330000, 314, 'Jalan U No. 51, Kel Jatiendah, Kec Cilengkrang, Kab Kabupaten Bandung Jawa Barat, 40616', '2019-07-24 12:21:26', 2, 'REG', '2022-07-23 12:29:32'),
	(2052, 'INV-100002052', 3583, 108000, 3379750, 3225000, 307, 'Jalan F No. 24, Kel Maguan, Kec Berbek, Kab Kabupaten Nganjuk Jawa Timur, 64473', '2019-07-24 10:58:37', 1, 'REG', '2022-07-23 16:42:30'),
	(2054, 'INV-100002054', 4732, 135000, 1903275, 1857500, 287, 'Jalan C No. 118, Kel Tapelan, Kec Ngraho, Kab Kabupaten Bojonegoro Jawa Timur, 62165', '2019-07-25 14:41:32', 2, 'REG', '2022-07-24 10:38:21'),
	(2056, 'INV-100002056', 940, 21000, 1237500, 1125000, 155, 'Jalan R No. 122, Kel Cigantang, Kec Mangkubumi, Kab Kota Tasikmalaya Jawa Barat, 46181', '2019-07-25 13:21:32', 2, 'REG', '2022-07-24 21:09:11'),
	(2058, 'INV-100002058', 6749, 147000, 1802900, 1689000, 456, 'Jalan I No. 121, Kel Tanjungsari, Kec Rajadesa, Kab Kabupaten Ciamis Jawa Barat, 46254', '2019-07-25 16:07:41', 3, 'REG', '2022-07-24 17:47:57'),
	(2060, 'INV-100002060', 1879, 42000, 2110625, 2007500, 423, 'Jalan C No. 81, Kel Jatipura, Kec Susukan, Kab Kabupaten Cirebon Jawa Barat, 45166', '2019-07-25 16:11:15', 5, 'REG', '2022-07-24 15:17:49'),
	(2062, 'INV-100002062', 907, 21000, 1870000, 1700000, 151, 'Jalan P No. 54, Kel Mekarmulya, Kec Telukjambe Barat, Kab Kabupaten Karawang Jawa Barat, 41361', '2019-07-25 11:57:29', 4, 'REG', '2022-07-24 15:41:33'),
	(2064, 'INV-100002064', 4515, 105000, 6149000, 5590000, 244, 'Jalan M No. 122, Kel Klepu, Kec Keling, Kab Kabupaten Jepara Jawa Tengah, 59454', '2019-07-26 16:35:39', 5, 'REG', '2022-07-25 13:24:01'),
	(2066, 'INV-100002066', 2453, 63000, 6752075, 6542500, 308, 'Jalan F No. 123, Kel Pringsurat, Kec Pringsurat, Kab Kabupaten Temanggung Jawa Tengah, 56272', '2019-07-26 16:07:21', 4, 'REG', '2022-07-25 04:55:01'),
	(2068, 'INV-100002068', 1107, 30000, 3168000, 2920000, 317, 'Jalan E No. 37, Kel Pematang, Kec Tigaraksa, Kab Kabupaten Tangerang Banten, 15720', '2019-07-26 13:52:50', 2, 'REG', '2022-07-25 12:36:47'),
	(2070, 'INV-100002070', 4130, 105000, 4136000, 4160000, 277, 'Jalan B No. 66, Kel Kendalagung, Kec Kragan, Kab Kabupaten Rembang Jawa Tengah, 59273', '2019-07-26 10:47:50', 2, 'REG', '2022-07-25 11:09:30'),
	(2072, 'INV-100002072', 902, 15000, 1263900, 1149000, 317, 'Jalan X No. 41, Kel Jeruktipis, Kec Kragilan, Kab Kabupaten Serang Banten, 42184', '2019-07-26 13:37:56', 5, 'REG', '2022-07-25 08:26:10'),
	(2074, 'INV-100002074', 1892, 42000, 1419000, 1290000, 423, 'Jalan G No. 126, Kel Citatah, Kec Cipatat, Kab Kabupaten Bandung Barat Jawa Barat, 40554', '2019-07-27 14:55:53', 6, 'REG', '2022-07-26 17:15:47'),
	(2076, 'INV-100002076', 1603, 54000, 1919500, 1745000, 39, 'Jalan A No. 32, Kel Suru (Seru), Kec Sooko, Kab Kabupaten Ponorogo Jawa Timur, 63482', '2019-07-27 13:03:42', 6, 'REG', '2022-07-26 12:50:55'),
	(2078, 'INV-100002078', 2385, 45000, 5302000, 5060000, 52, 'Jalan B No. 126, Kel Suka Manah, Kec Rajeg, Kab Kabupaten Tangerang Banten, 15540', '2019-07-27 13:48:46', 5, 'REG', '2022-07-26 22:32:15'),
	(2080, 'INV-100002080', 6750, 105000, 4042500, 4050000, 262, 'Jalan P No. 46, Kel Ciandur, Kec Saketi, Kab Kabupaten Pandeglang Banten, 42273', '2019-07-27 12:39:55', 1, 'REG', '2022-07-26 20:55:43'),
	(2082, 'INV-100002082', 160, 27000, 943250, 935000, 487, 'Jalan E No. 31, Kel Laden, Kec Pamekasan, Kab Kabupaten Pamekasan Jawa Timur, 69317', '2019-07-28 10:35:43', 5, 'REG', '2022-07-27 15:58:44'),
	(2084, 'INV-100002084', 1680, 42000, 1826000, 1660000, 287, 'Jalan Z No. 72, Kel Cigintung, Kec Kuningan, Kab Kabupaten Kuningan Jawa Barat, 45517', '2019-07-28 16:47:09', 5, 'REG', '2022-07-27 12:22:14'),
	(2086, 'INV-100002086', 1750, 42000, 2543750, 2425000, 286, 'Jalan R No. 99, Kel Limbangan Kulon, Kec Brebes, Kab Kabupaten Brebes Jawa Tengah, 52219', '2019-07-28 15:13:34', 6, 'REG', '2022-07-27 18:11:03'),
	(2088, 'INV-100002088', 248, 21000, 765325, 697500, 263, 'Jalan F No. 72, Kel Sukakarya, Kec Sukakarya, Kab Kabupaten Bekasi Jawa Barat, 17630', '2019-07-28 12:33:58', 2, 'REG', '2022-07-27 09:53:00'),
	(2090, 'INV-100002090', 2754, 81000, 5203000, 4730000, 318, 'Jalan W No. 120, Kel Dabung (Debung), Kec Geger, Kab Kabupaten Bangkalan Jawa Timur, 69152', '2019-07-28 16:59:09', 6, 'REG', '2022-07-27 21:57:48'),
	(2092, 'INV-100002092', 510, 21000, 1738000, 1580000, 356, 'Jalan J No. 22, Kel Pakunden, Kec Ngluwar, Kab Kabupaten Magelang Jawa Tengah, 56485', '2019-07-28 09:26:24', 4, 'REG', '2022-07-27 03:35:40'),
	(2094, 'INV-100002094', 1050, 54000, 2420000, 2200000, 393, 'Jalan Y No. 37, Kel Margomulyo, Kec Margomulyo, Kab Kabupaten Bojonegoro Jawa Timur, 62168', '2019-07-28 13:02:52', 1, 'REG', '2022-07-27 20:51:05'),
	(2096, 'INV-100002096', 1257, 42000, 3927000, 3570000, 186, 'Jalan Z No. 81, Kel Kalibening, Kec Dukun, Kab Kabupaten Magelang Jawa Tengah, 56482', '2019-07-30 10:54:15', 2, 'REG', '2022-07-29 22:47:48'),
	(2098, 'INV-100002098', 4860, 135000, 5142500, 5040000, 445, 'Jalan Q No. 112, Kel Suwaan, Kec Modung, Kab Kabupaten Bangkalan Jawa Timur, 69166', '2019-07-30 12:18:52', 5, 'REG', '2022-07-29 03:19:19'),
	(2100, 'INV-100002100', 390, 21000, 2370500, 2235000, 415, 'Jalan J No. 46, Kel Handapherang, Kec Cijeungjing, Kab Kabupaten Ciamis Jawa Barat, 46271', '2019-07-30 12:49:51', 1, 'REG', '2022-07-29 08:16:41'),
	(2102, 'INV-100002102', 3517, 108000, 338250, 307500, 278, 'Jalan O No. 39, Kel Bringin Nonggal, Kec Torjun, Kab Kabupaten Sampang Jawa Timur, 69271', '2019-07-30 13:41:59', 3, 'REG', '2022-07-29 18:08:50'),
	(2104, 'INV-100002104', 902, 21000, 1925000, 1750000, 232, 'Jalan U No. 82, Kel Klego, Kec Klego, Kab Kabupaten Boyolali Jawa Tengah, 57385', '2019-07-31 14:09:44', 4, 'REG', '2022-07-30 15:53:39'),
	(2106, 'INV-100002106', 1729, 30000, 2805000, 2630000, 327, 'Jalan Y No. 98, Kel Kaserangan, Kec Ciruas, Kab Kabupaten Serang Banten, 42182', '2019-07-31 10:40:35', 5, 'REG', '2022-07-30 10:37:59'),
	(2108, 'INV-100002108', 1360, 30000, 3250500, 2955000, 324, 'Jalan Z No. 124, Kel Cipondoh, Kec Cipondoh, Kab Kota Tangerang Banten, 15148', '2019-07-31 11:37:31', 6, 'REG', '2022-07-30 06:34:50'),
	(2110, 'INV-100002110', 644, 21000, 3355000, 3050000, 205, 'Jalan X No. 53, Kel Tegalrejo, Kec Bulu, Kab Kabupaten Temanggung Jawa Tengah, 56253', '2019-07-31 16:07:52', 1, 'REG', '2022-07-30 09:36:29'),
	(2112, 'INV-100002112', 1493, 54000, 4354900, 4034000, 291, 'Jalan B No. 35, Kel Banyulegi, Kec Dawar Blandong, Kab Kabupaten Mojokerto Jawa Timur, 61354', '2019-07-31 10:30:08', 1, 'REG', '2022-07-30 04:30:09'),
	(2114, 'INV-100002114', 3777, 108000, 2607000, 2445000, 296, 'Jalan P No. 72, Kel Wonorejo, Kec Lawang, Kab Kabupaten Malang Jawa Timur, 65216', '2019-07-31 10:57:19', 5, 'REG', '2022-07-30 20:21:52'),
	(2116, 'INV-100002116', 5623, 126000, 5060000, 5000000, 417, 'Jalan I No. 134, Kel Depok, Kec Toroh, Kab Kabupaten Grobogan Jawa Tengah, 58171', '2019-08-01 11:11:02', 1, 'REG', '2022-07-31 23:56:54'),
	(2118, 'INV-100002118', 315, 21000, 1036750, 1017500, 231, 'Jalan M No. 104, Kel Sukamanah, Kec Jonggol, Kab Kabupaten Bogor Jawa Barat, 16830', '2019-08-01 09:25:06', 1, 'REG', '2022-07-31 05:07:46'),
	(2120, 'INV-100002120', 772, 21000, 3388000, 3160000, 281, 'Jalan C No. 79, Kel Ciledug Kulon, Kec Ciledug, Kab Kabupaten Cirebon Jawa Barat, 45188', '2019-08-01 11:12:20', 1, 'REG', '2022-07-31 19:32:58'),
	(2122, 'INV-100002122', 5515, 126000, 5813500, 5485000, 278, 'Jalan X No. 95, Kel Tanjunganom, Kec Kaliwiro, Kab Kabupaten Wonosobo Jawa Tengah, 56364', '2019-08-01 12:49:01', 2, 'REG', '2022-07-31 15:58:27'),
	(2124, 'INV-100002124', 587, 27000, 2505250, 2277500, 317, 'Jalan P No. 76, Kel Garum, Kec Garum, Kab Kabupaten Blitar Jawa Timur, 66182', '2019-08-02 12:43:14', 2, 'REG', '2022-08-01 17:43:15'),
	(2126, 'INV-100002126', 4370, 105000, 2029500, 1925000, 312, 'Jalan I No. 66, Kel Bojong, Kec Karangtengah, Kab Kabupaten Cianjur Jawa Barat, 43281', '2019-08-02 13:52:00', 6, 'REG', '2022-08-01 20:36:36'),
	(2128, 'INV-100002128', 1527, 42000, 5090250, 4635000, 90, 'Jalan V No. 106, Kel Sukamukti, Kec Pataruman, Kab Kota Banjar Jawa Barat, 46323', '2019-08-02 16:29:09', 3, 'REG', '2022-08-01 06:11:54'),
	(2130, 'INV-100002130', 2963, 63000, 900075, 819500, 342, 'Jalan J No. 137, Kel Cikalongsari, Kec Jatisari, Kab Kabupaten Karawang Jawa Barat, 41374', '2019-08-02 15:37:18', 2, 'REG', '2022-08-01 03:59:56'),
	(2132, 'INV-100002132', 1992, 42000, 6185025, 5737500, 482, 'Jalan Q No. 59, Kel Bendungan, Kec Lebakwangi, Kab Kabupaten Kuningan Jawa Barat, 45574', '2019-08-02 11:42:07', 6, 'REG', '2022-08-01 19:15:12'),
	(2134, 'INV-100002134', 1587, 54000, 4264150, 3984000, 208, 'Jalan V No. 104, Kel Kesiman, Kec Trawas, Kab Kabupaten Mojokerto Jawa Timur, 61375', '2019-08-03 15:19:43', 6, 'REG', '2022-08-02 02:12:37'),
	(2136, 'INV-100002136', 1507, 54000, 2972750, 2710000, 282, 'Jalan V No. 122, Kel Candirejo, Kec Ponggok, Kab Kabupaten Blitar Jawa Timur, 66153', '2019-08-03 15:32:55', 4, 'REG', '2022-08-02 17:41:27'),
	(2138, 'INV-100002138', 640, 21000, 2970000, 3000000, 260, 'Jalan H No. 81, Kel Cibingbin, Kec Cibingbin, Kab Kabupaten Kuningan Jawa Barat, 45587', '2019-08-03 11:46:29', 6, 'REG', '2022-08-02 22:27:57'),
	(2140, 'INV-100002140', 1145, 42000, 1911250, 1845000, 296, 'Jalan B No. 54, Kel Kersagalih, Kec Jatiwaras, Kab Kabupaten Tasikmalaya Jawa Barat, 46185', '2019-08-03 09:49:09', 3, 'REG', '2022-08-02 08:24:12'),
	(2142, 'INV-100002142', 215, 21000, 308000, 280000, 295, 'Jalan J No. 137, Kel Cikalongsari, Kec Jatisari, Kab Kabupaten Karawang Jawa Barat, 41374', '2019-08-03 13:40:02', 6, 'REG', '2022-08-02 23:37:33'),
	(2144, 'INV-100002144', 2125, 63000, 6193000, 5630000, 262, 'Jalan X No. 40, Kel Bojongloa, Kec Kasomalang, Kab Kabupaten Subang Jawa Barat, 41283', '2019-08-03 13:21:22', 6, 'REG', '2022-08-02 09:30:29'),
	(2146, 'INV-100002146', 3952, 84000, 594000, 540000, 339, 'Jalan F No. 110, Kel Cikangkung, Kec Ciracap, Kab Kabupaten Sukabumi Jawa Barat, 43176', '2019-08-04 13:35:13', 2, 'REG', '2022-08-03 06:04:44'),
	(2148, 'INV-100002148', 4677, 105000, 3085500, 2805000, 2, 'Jalan R No. 98, Kel Sukarapih, Kec Sukarame, Kab Kabupaten Tasikmalaya Jawa Barat, 46461', '2019-08-04 09:26:17', 5, 'REG', '2022-08-03 01:27:11'),
	(2150, 'INV-100002150', 8450, 189000, 1971750, 1800000, 152, 'Jalan E No. 93, Kel Rabak, Kec Rumpin, Kab Kabupaten Bogor Jawa Barat, 16350', '2019-08-04 11:20:38', 4, 'REG', '2022-08-03 14:56:27'),
	(2152, 'INV-100002152', 1660, 42000, 5560500, 5280000, 407, 'Jalan A No. 44, Kel Jayamukti, Kec Blanakan, Kab Kabupaten Subang Jawa Barat, 41259', '2019-08-04 10:01:34', 5, 'REG', '2022-08-03 03:25:52'),
	(2154, 'INV-100002154', 629, 21000, 3063500, 2785000, 400, 'Jalan T No. 103, Kel Campuranom, Kec Bansari, Kab Kabupaten Temanggung Jawa Tengah, 56265', '2019-08-04 11:26:06', 3, 'REG', '2022-08-03 23:32:26'),
	(2156, 'INV-100002156', 4636, 135000, 837650, 769000, 326, 'Jalan H No. 40, Kel Sepanjang, Kec Gondanglegi, Kab Kabupaten Malang Jawa Timur, 65174', '2019-08-06 14:19:57', 1, 'REG', '2022-08-05 04:44:09'),
	(2158, 'INV-100002158', 1882, 54000, 3135000, 2890000, 294, 'Jalan F No. 43, Kel Kanigoro, Kec Kanigoro, Kab Kabupaten Blitar Jawa Timur, 66171', '2019-08-06 15:58:52', 3, 'REG', '2022-08-05 16:42:50'),
	(2160, 'INV-100002160', 107, 21000, 363000, 330000, 294, 'Jalan C No. 80, Kel Adiarsa, Kec Kertanegara, Kab Kabupaten Purbalingga Jawa Tengah, 53354', '2019-08-06 15:57:13', 4, 'REG', '2022-08-05 15:07:26'),
	(2162, 'INV-100002162', 2253, 81000, 3916000, 3560000, 258, 'Jalan N No. 46, Kel Lumbang Rejo, Kec Prigen, Kab Kabupaten Pasuruan Jawa Timur, 67157', '2019-08-06 10:56:15', 3, 'REG', '2022-08-05 02:35:41'),
	(2164, 'INV-100002164', 2248, 81000, 5709000, 5605000, 314, 'Jalan L No. 64, Kel Leran Wetan, Kec Palang, Kab Kabupaten Tuban Jawa Timur, 62391', '2019-08-06 09:10:28', 6, 'REG', '2022-08-05 05:37:06'),
	(2166, 'INV-100002166', 1402, 42000, 1900800, 1768000, 385, 'Jalan I No. 55, Kel Trengguli, Kec Wonosalam, Kab Kabupaten Demak Jawa Tengah, 59571', '2019-08-06 16:27:15', 5, 'REG', '2022-08-05 10:10:49'),
	(2168, 'INV-100002168', 5502, 162000, 5593500, 5410000, 176, 'Jalan T No. 21, Kel Pasanggrahan (Pesanggrahan), Kec Kwanyar, Kab Kabupaten Bangkalan Jawa Timur, 69163', '2019-08-06 10:07:11', 1, 'REG', '2022-08-05 05:07:10'),
	(2170, 'INV-100002170', 125, 21000, 200200, 182000, 18, 'Jalan E No. 52, Kel Pangkalan, Kec Karangrayung, Kab Kabupaten Grobogan Jawa Tengah, 58163', '2019-08-07 11:41:57', 6, 'REG', '2022-08-06 08:42:33'),
	(2172, 'INV-100002172', 2244, 63000, 5478275, 4982500, 59, 'Jalan A No. 33, Kel Jiken, Kec Jiken, Kab Kabupaten Blora Jawa Tengah, 58372', '2019-08-07 13:41:57', 5, 'REG', '2022-08-06 00:48:03'),
	(2174, 'INV-100002174', 1142, 54000, 3305500, 3150000, 306, 'Jalan Y No. 53, Kel Ngagel, Kec Wonokromo, Kab Kota Surabaya Jawa Timur, 60246', '2019-08-07 15:34:08', 6, 'REG', '2022-08-06 19:41:29'),
	(2176, 'INV-100002176', 5460, 162000, 3132250, 2960000, 294, 'Jalan M No. 73, Kel Plaosan, Kec Babat, Kab Kabupaten Lamongan Jawa Timur, 62271', '2019-08-07 14:54:40', 2, 'REG', '2022-08-06 02:18:59'),
	(2178, 'INV-100002178', 1530, 54000, 2519000, 2290000, 312, 'Jalan K No. 111, Kel Sidomakmur, Kec Widodaren, Kab Kabupaten Ngawi Jawa Timur, 63256', '2019-08-07 14:18:11', 2, 'REG', '2022-08-06 16:51:20'),
	(2180, 'INV-100002180', 2550, 63000, 2640000, 2400000, 280, 'Jalan Z No. 146, Kel Kenteng, Kec Nogosari, Kab Kabupaten Boyolali Jawa Tengah, 57378', '2019-08-08 10:50:38', 1, 'REG', '2022-08-07 09:41:59'),
	(2182, 'INV-100002182', 1352, 54000, 3817000, 3470000, 133, 'Jalan D No. 107, Kel Bangun, Kec Munjungan, Kab Kabupaten Trenggalek Jawa Timur, 66365', '2019-08-08 11:22:44', 5, 'REG', '2022-08-07 18:32:54'),
	(2184, 'INV-100002184', 1134, 42000, 3260950, 2987000, 165, 'Jalan T No. 73, Kel Sirnajati, Kec Cibarusah, Kab Kabupaten Bekasi Jawa Barat, 17340', '2019-08-08 09:21:47', 5, 'REG', '2022-08-07 18:46:59'),
	(2186, 'INV-100002186', 1749, 42000, 7924400, 7754000, 318, 'Jalan T No. 105, Kel Ngaglik, Kec Bulukerto, Kab Kabupaten Wonogiri Jawa Tengah, 57697', '2019-08-08 14:59:17', 3, 'REG', '2022-08-07 09:55:16'),
	(2188, 'INV-100002188', 907, 21000, 1353000, 1230000, 34, 'Jalan A No. 65, Kel Kali Baros, Kec Pekalongan Timur, Kab Kota Pekalongan Jawa Tengah, 51128', '2019-08-08 15:43:17', 3, 'REG', '2022-08-07 23:10:49'),
	(2190, 'INV-100002190', 4023, 135000, 4840000, 4700000, 503, 'Jalan C No. 122, Kel Batu Kalangan, Kec Proppo, Kab Kabupaten Pamekasan Jawa Timur, 69363', '2019-08-08 13:47:39', 1, 'REG', '2022-08-07 15:55:58'),
	(2192, 'INV-100002192', 5727, 126000, 6952000, 6645000, 296, 'Jalan E No. 52, Kel Pangkalan, Kec Karangrayung, Kab Kabupaten Grobogan Jawa Tengah, 58163', '2019-08-09 13:48:37', 6, 'REG', '2022-08-08 08:22:34'),
	(2194, 'INV-100002194', 1204, 54000, 1540000, 1400000, 268, 'Jalan T No. 32, Kel Suling Wetan, Kec Cermee, Kab Kabupaten Bondowoso Jawa Timur, 68286', '2019-08-09 14:31:37', 2, 'REG', '2022-08-08 15:43:11'),
	(2196, 'INV-100002196', 930, 21000, 5879500, 5720000, 298, 'Jalan Y No. 134, Kel Sikumpul, Kec Kalibening, Kab Kabupaten Banjarnegara Jawa Tengah, 53458', '2019-08-09 12:56:15', 2, 'REG', '2022-08-08 13:57:36'),
	(2198, 'INV-100002198', 1190, 30000, 2398000, 2180000, 266, 'Jalan J No. 107, Kel Cikadu, Kec Cibeber, Kab Kabupaten Lebak Banten, 42394', '2019-08-09 13:11:22', 1, 'REG', '2022-08-08 22:22:33'),
	(2200, 'INV-100002200', 102, 21000, 195800, 178000, 58, 'Jalan U No. 68, Kel Siasem, Kec Wanasari, Kab Kabupaten Brebes Jawa Tengah, 52252', '2019-08-10 13:09:54', 5, 'REG', '2022-08-09 08:52:17'),
	(2202, 'INV-100002202', 2035, 81000, 6597250, 6035000, 363, 'Jalan N No. 34, Kel Tertek, Kec Tulungagung, Kab Kabupaten Tulungagung Jawa Timur, 66216', '2019-08-10 14:02:04', 2, 'REG', '2022-08-09 07:03:28'),
	(2204, 'INV-100002204', 1200, 54000, 3245000, 2950000, 306, 'Jalan M No. 124, Kel Demuk, Kec Pucanglaban, Kab Kabupaten Tulungagung Jawa Timur, 66284', '2019-08-10 10:07:08', 2, 'REG', '2022-08-09 14:52:38'),
	(2206, 'INV-100002206', 1100, 42000, 4290000, 3900000, 451, 'Jalan Z No. 107, Kel Kamal, Kec Bulu, Kab Kabupaten Sukoharjo Jawa Tengah, 57563', '2019-08-10 14:12:07', 4, 'REG', '2022-08-09 07:51:01'),
	(2208, 'INV-100002208', 833, 21000, 3736700, 3397000, 349, 'Jalan F No. 82, Kel Kemuning, Kec Bejen, Kab Kabupaten Temanggung Jawa Tengah, 56258', '2019-08-11 12:20:19', 6, 'REG', '2022-08-10 13:14:37'),
	(2210, 'INV-100002210', 2630, 63000, 2527250, 2375000, 238, 'Jalan C No. 102, Kel Tlepok Kulon, Kec Grabag, Kab Kabupaten Purworejo Jawa Tengah, 54265', '2019-08-11 15:05:02', 3, 'REG', '2022-08-10 16:57:57'),
	(2212, 'INV-100002212', 6752, 147000, 5566000, 5500000, 261, 'Jalan Q No. 38, Kel Telukjambe, Kec Telukjambe Timur, Kab Kabupaten Karawang Jawa Barat, 41361', '2019-08-11 12:05:16', 5, 'REG', '2022-08-10 22:10:50'),
	(2214, 'INV-100002214', 4993, 105000, 3889050, 3660500, 287, 'Jalan X No. 101, Kel Munding, Kec Bergas, Kab Kabupaten Semarang Jawa Tengah, 50552', '2019-08-11 15:37:30', 6, 'REG', '2022-08-10 16:58:19'),
	(2216, 'INV-100002216', 2032, 63000, 4713775, 4612500, 231, 'Jalan E No. 117, Kel Tanjungsari, Kec Petanahan, Kab Kabupaten Kebumen Jawa Tengah, 54382', '2019-08-11 14:28:33', 5, 'REG', '2022-08-10 21:33:11'),
	(2218, 'INV-100002218', 6605, 147000, 5970250, 5840000, 292, 'Jalan A No. 123, Kel Cijeruk, Kec Cijeruk, Kab Kabupaten Bogor Jawa Barat, 16740', '2019-08-11 12:18:02', 2, 'REG', '2022-08-10 21:36:26'),
	(2220, 'INV-100002220', 1590, 42000, 4150575, 3975000, 368, 'Jalan H No. 89, Kel Leuwinanggung, Kec Tapos, Kab Kota Depok Jawa Barat, 16456', '2019-08-13 11:29:42', 6, 'REG', '2022-08-12 20:08:54'),
	(2222, 'INV-100002222', 237, 21000, 577500, 525000, 194, 'Jalan J No. 50, Kel Kebon Jeruk, Kec Andir, Kab Kota Bandung Jawa Barat, 40181', '2019-08-13 12:53:24', 1, 'REG', '2022-08-12 18:04:15'),
	(2224, 'INV-100002224', 3727, 84000, 1545500, 1560000, 408, 'Jalan U No. 24, Kel Karangasem, Kec Tanon, Kab Kabupaten Sragen Jawa Tengah, 57277', '2019-08-13 16:14:29', 5, 'REG', '2022-08-12 08:34:17'),
	(2226, 'INV-100002226', 522, 27000, 550000, 500000, 20, 'Jalan V No. 122, Kel Candirejo, Kec Ponggok, Kab Kabupaten Blitar Jawa Timur, 66153', '2019-08-13 15:27:28', 4, 'REG', '2022-08-12 23:25:40'),
	(2228, 'INV-100002228', 1872, 42000, 2222275, 2022500, 268, 'Jalan H No. 98, Kel Karanglayung, Kec Conggeang, Kab Kabupaten Sumedang Jawa Barat, 45391', '2019-08-14 11:46:53', 2, 'REG', '2022-08-13 21:48:18'),
	(2230, 'INV-100002230', 765, 21000, 1683000, 1550000, 245, 'Jalan Q No. 41, Kel Pusakasari, Kec Leles, Kab Kabupaten Cianjur Jawa Barat, 43273', '2019-08-14 09:01:55', 1, 'REG', '2022-08-13 13:51:28'),
	(2232, 'INV-100002232', 1017, 42000, 3740000, 3400000, 285, 'Jalan F No. 100, Kel Puguh, Kec Boja, Kab Kabupaten Kendal Jawa Tengah, 51381', '2019-08-14 14:28:31', 5, 'REG', '2022-08-13 04:31:30'),
	(2234, 'INV-100002234', 211, 21000, 917400, 924000, 301, 'Jalan K No. 72, Kel Kaliwedi Lor, Kec Kaliwedi, Kab Kabupaten Cirebon Jawa Barat, 45165', '2019-08-14 14:38:06', 6, 'REG', '2022-08-13 09:31:12'),
	(2236, 'INV-100002236', 5152, 36000, 1595000, 1490000, 187, 'Jalan E No. 64, Kel Kebon Manggis, Kec Matraman, Kab Kota Jakarta Timur DKI Jakarta, 13150', '2019-08-14 15:05:42', 6, 'REG', '2022-08-13 04:52:22'),
	(2238, 'INV-100002238', 4830, 75000, 5731000, 5250000, 70, 'Jalan B No. 23, Kel Jagabaya, Kec Warunggunung, Kab Kabupaten Lebak Banten, 42352', '2019-08-15 10:48:06', 1, 'REG', '2022-08-14 15:20:47'),
	(2240, 'INV-100002240', 2274, 63000, 3344000, 3040000, 371, 'Jalan K No. 93, Kel Karanggedang, Kec Bruno, Kab Kabupaten Purworejo Jawa Tengah, 54261', '2019-08-15 15:34:32', 1, 'REG', '2022-08-14 22:18:15'),
	(2242, 'INV-100002242', 4100, 105000, 2722500, 2750000, 242, 'Jalan O No. 33, Kel Tunggulrejo, Kec Jumantono, Kab Kabupaten Karanganyar Jawa Tengah, 57782', '2019-08-15 12:24:32', 1, 'REG', '2022-08-14 04:58:49'),
	(2244, 'INV-100002244', 1762, 42000, 5678750, 5565000, 157, 'Jalan D No. 103, Kel Sorogaten, Kec Tulung, Kab Kabupaten Klaten Jawa Tengah, 57482', '2019-08-15 09:44:48', 3, 'REG', '2022-08-14 07:35:39'),
	(2246, 'INV-100002246', 1054, 42000, 2211550, 2033000, 281, 'Jalan J No. 81, Kel Sumberagung, Kec Jaken, Kab Kabupaten Pati Jawa Tengah, 59184', '2019-08-15 13:10:09', 6, 'REG', '2022-08-14 10:21:10'),
	(2248, 'INV-100002248', 8200, 189000, 3465000, 3200000, 227, 'Jalan I No. 106, Kel Sukamukti, Kec Cikijing, Kab Kabupaten Majalengka Jawa Barat, 45466', '2019-08-15 11:32:11', 6, 'REG', '2022-08-14 00:13:29'),
	(2250, 'INV-100002250', 2080, 63000, 4878500, 4675000, 282, 'Jalan J No. 93, Kel Donorejo, Kec Kaligesing, Kab Kabupaten Purworejo Jawa Tengah, 54175', '2019-08-15 09:49:58', 6, 'REG', '2022-08-14 11:29:18'),
	(2252, 'INV-100002252', 4990, 135000, 8332500, 8100000, 309, 'Jalan N No. 30, Kel Jabung, Kec Jabung, Kab Kabupaten Malang Jawa Timur, 65155', '2019-08-16 12:17:40', 5, 'REG', '2022-08-15 00:00:53'),
	(2254, 'INV-100002254', 1132, 42000, 3212000, 2960000, 438, 'Jalan F No. 22, Kel Cikancra, Kec Cikalong, Kab Kabupaten Tasikmalaya Jawa Barat, 46195', '2019-08-16 13:26:12', 6, 'REG', '2022-08-15 04:32:49'),
	(2256, 'INV-100002256', 867, 21000, 4515500, 4105000, 114, 'Jalan C No. 133, Kel Cipendawa, Kec Pacet, Kab Kabupaten Cianjur Jawa Barat, 43253', '2019-08-16 16:44:11', 1, 'REG', '2022-08-15 08:07:27'),
	(2258, 'INV-100002258', 787, 27000, 3272500, 3270000, 119, 'Jalan A No. 32, Kel Suru (Seru), Kec Sooko, Kab Kabupaten Ponorogo Jawa Timur, 63482', '2019-08-16 15:40:58', 1, 'REG', '2022-08-15 19:33:24'),
	(2260, 'INV-100002260', 1630, 42000, 6105000, 5925000, 299, 'Jalan V No. 89, Kel Srebegan, Kec Ceper, Kab Kabupaten Klaten Jawa Tengah, 57465', '2019-08-16 16:18:31', 3, 'REG', '2022-08-15 21:31:36'),
	(2262, 'INV-100002262', 5790, 162000, 4543000, 4130000, 12, 'Jalan D No. 58, Kel Tiru Kidul, Kec Gurah, Kab Kabupaten Kediri Jawa Timur, 64181', '2019-08-16 11:08:20', 6, 'REG', '2022-08-15 05:51:59'),
	(2264, 'INV-100002264', 400, 27000, 2733500, 2485000, 323, 'Jalan F No. 102, Kel Kediren, Kec Kalitengah, Kab Kabupaten Lamongan Jawa Timur, 62255', '2019-08-17 14:10:32', 5, 'REG', '2022-08-16 08:10:43'),
	(2266, 'INV-100002266', 1288, 54000, 4257550, 3870500, 301, 'Jalan N No. 111, Kel Sumber Kembar, Kec Binangun, Kab Kabupaten Blitar Jawa Timur, 66193', '2019-08-17 11:24:22', 4, 'REG', '2022-08-16 20:47:17'),
	(2268, 'INV-100002268', 602, 21000, 1395900, 1309000, 272, 'Jalan J No. 46, Kel Patukrejo, Kec Bonorowo, Kab Kabupaten Kebumen Jawa Tengah, 54395', '2019-08-17 10:16:08', 2, 'REG', '2022-08-16 17:56:04'),
	(2270, 'INV-100002270', 1889, 42000, 5027000, 5060000, 308, 'Jalan R No. 100, Kel Simpang, Kec Pasirkuda, Kab Kabupaten Cianjur Jawa Barat, 43266', '2019-08-17 13:26:03', 3, 'REG', '2022-08-16 13:47:37'),
	(2272, 'INV-100002272', 580, 21000, 1361250, 1275000, 46, 'Jalan Q No. 106, Kel Peundeuy, Kec Peundeuy, Kab Kabupaten Garut Jawa Barat, 44178', '2019-08-18 11:54:12', 6, 'REG', '2022-08-17 04:16:48'),
	(2274, 'INV-100002274', 1945, 54000, 2981000, 2710000, 324, 'Jalan B No. 101, Kel Batuputih, Kec Kangayan, Kab Kabupaten Sumenep Jawa Timur, 69491', '2019-08-18 09:15:31', 6, 'REG', '2022-08-17 18:56:26'),
	(2276, 'INV-100002276', 1550, 42000, 5131500, 5150000, 494, 'Jalan H No. 29, Kel Sambi Rejo, Kec Prambanan, Kab Kabupaten Sleman DI Yogyakarta, 55572', '2019-08-18 09:19:27', 3, 'REG', '2022-08-17 00:33:47'),
	(2278, 'INV-100002278', 437, 21000, 3663000, 3330000, 285, 'Jalan F No. 54, Kel Buniwangi, Kec Geger Bitung, Kab Kabupaten Sukabumi Jawa Barat, 43197', '2019-08-18 09:08:27', 4, 'REG', '2022-08-17 04:42:28'),
	(2280, 'INV-100002280', 3757, 84000, 1559800, 1418000, 248, 'Jalan O No. 81, Kel Ngaran, Kec Kaligesing, Kab Kabupaten Purworejo Jawa Tengah, 54175', '2019-08-20 10:25:32', 6, 'REG', '2022-08-19 19:44:39'),
	(2282, 'INV-100002282', 1052, 42000, 3393500, 3410000, 268, 'Jalan J No. 82, Kel Kiara Pandak, Kec Sukajaya, Kab Kabupaten Bogor Jawa Barat, 16660', '2019-08-20 15:30:41', 4, 'REG', '2022-08-19 19:50:54'),
	(2284, 'INV-100002284', 4970, 75000, 2802250, 2660000, 243, 'Jalan U No. 24, Kel Sarua (Serua), Kec Ciputat, Kab Kota Tangerang Selatan Banten, 15414', '2019-08-20 14:55:29', 2, 'REG', '2022-08-19 18:44:02'),
	(2286, 'INV-100002286', 2646, 63000, 5460400, 5164000, 244, 'Jalan W No. 99, Kel Citanglar, Kec Surade, Kab Kabupaten Sukabumi Jawa Barat, 43179', '2019-08-20 13:14:16', 5, 'REG', '2022-08-19 17:00:24'),
	(2288, 'INV-100002288', 5152, 162000, 5973000, 5430000, 265, 'Jalan Q No. 123, Kel Lojajar, Kec Tenggarang, Kab Kabupaten Bondowoso Jawa Timur, 68281', '2019-08-20 10:21:26', 1, 'REG', '2022-08-19 04:33:29'),
	(2290, 'INV-100002290', 333, 21000, 1294700, 1267000, 385, 'Jalan D No. 77, Kel Tanjung, Kec Klego, Kab Kabupaten Boyolali Jawa Tengah, 57385', '2019-08-20 16:07:28', 5, 'REG', '2022-08-19 13:25:02'),
	(2292, 'INV-100002292', 6440, 105000, 5596250, 5175000, 177, 'Jalan U No. 124, Kel Cikarang, Kec Muncang, Kab Kabupaten Lebak Banten, 42364', '2019-08-21 15:29:33', 4, 'REG', '2022-08-20 00:46:36'),
	(2294, 'INV-100002294', 3280, 84000, 1237500, 1125000, 19, 'Jalan Z No. 46, Kel Tajur, Kec Citeureup, Kab Kabupaten Bogor Jawa Barat, 16810', '2019-08-21 14:59:47', 2, 'REG', '2022-08-20 02:19:45'),
	(2296, 'INV-100002296', 850, 21000, 4125000, 3950000, 468, 'Jalan T No. 114, Kel Widasari, Kec Widasari, Kab Kabupaten Indramayu Jawa Barat, 45271', '2019-08-21 13:28:34', 6, 'REG', '2022-08-20 21:33:35'),
	(2298, 'INV-100002298', 4793, 135000, 3190000, 2900000, 491, 'Jalan Y No. 106, Kel Pakuniran, Kec Pakuniran, Kab Kabupaten Probolinggo Jawa Timur, 67292', '2019-08-21 11:49:09', 1, 'REG', '2022-08-20 21:59:23'),
	(2300, 'INV-100002300', 1480, 42000, 5181000, 4900000, 315, 'Jalan H No. 106, Kel Sidakaton, Kec Tanjung, Kab Kabupaten Brebes Jawa Tengah, 52254', '2019-08-21 10:03:17', 2, 'REG', '2022-08-20 05:48:06'),
	(2302, 'INV-100002302', 1170, 42000, 3217500, 3000000, 228, 'Jalan B No. 50, Kel Puspasari, Kec Citeureup, Kab Kabupaten Bogor Jawa Barat, 16810', '2019-08-22 13:22:32', 3, 'REG', '2022-08-21 00:35:05'),
	(2304, 'INV-100002304', 4625, 105000, 1936000, 1760000, 298, 'Jalan Z No. 34, Kel Pakapasan Girang, Kec Hantara, Kab Kabupaten Kuningan Jawa Barat, 45564', '2019-08-22 15:17:44', 1, 'REG', '2022-08-21 20:33:54'),
	(2306, 'INV-100002306', 2797, 63000, 2942500, 2725000, 257, 'Jalan U No. 51, Kel Demakijo, Kec Karangnongko, Kab Kabupaten Klaten Jawa Tengah, 57483', '2019-08-22 13:43:08', 1, 'REG', '2022-08-21 17:14:21'),
	(2308, 'INV-100002308', 150, 21000, 968000, 960000, 62, 'Jalan D No. 76, Kel Kuwaru, Kec Kuwarasan, Kab Kabupaten Kebumen Jawa Tengah, 54366', '2019-08-22 13:41:20', 5, 'REG', '2022-08-21 15:29:36'),
	(2310, 'INV-100002310', 3475, 84000, 3003000, 2730000, 148, 'Jalan K No. 52, Kel Kubang, Kec Sukaresmi, Kab Kabupaten Cianjur Jawa Barat, 43254', '2019-08-22 15:28:32', 3, 'REG', '2022-08-21 11:09:55'),
	(2312, 'INV-100002312', 2423, 63000, 7700000, 7000000, 57, 'Jalan H No. 106, Kel Dlimas, Kec Ceper, Kab Kabupaten Klaten Jawa Tengah, 57465', '2019-08-22 15:52:25', 3, 'REG', '2022-08-21 07:25:17'),
	(2314, 'INV-100002314', 3682, 84000, 847000, 770000, 228, 'Jalan N No. 94, Kel Jayagiri, Kec Sindangbarang, Kab Kabupaten Cianjur Jawa Barat, 43272', '2019-08-23 12:29:45', 2, 'REG', '2022-08-22 13:51:58'),
	(2316, 'INV-100002316', 3050, 108000, 3058000, 2780000, 460, 'Jalan T No. 134, Kel Genengan, Kec Pakisaji, Kab Kabupaten Malang Jawa Timur, 65162', '2019-08-23 10:57:18', 6, 'REG', '2022-08-22 04:03:24'),
	(2318, 'INV-100002318', 2150, 63000, 5967500, 5700000, 267, 'Jalan P No. 86, Kel Alasmalang, Kec Kemranjen, Kab Kabupaten Banyumas Jawa Tengah, 53194', '2019-08-23 13:57:03', 2, 'REG', '2022-08-22 07:42:33'),
	(2320, 'INV-100002320', 1700, 42000, 7067500, 6700000, 260, 'Jalan Y No. 128, Kel Cibentang, Kec Bantarkawung, Kab Kabupaten Brebes Jawa Tengah, 52274', '2019-08-23 09:19:45', 4, 'REG', '2022-08-22 02:48:33'),
	(2322, 'INV-100002322', 120, 27000, 532400, 484000, 282, 'Jalan N No. 106, Kel Kepanjen, Kec Kepanjen, Kab Kabupaten Malang Jawa Timur, 65163', '2019-08-23 10:02:43', 1, 'REG', '2022-08-22 02:51:15'),
	(2324, 'INV-100002324', 10550, 165000, 4235000, 3850000, 245, 'Jalan K No. 142, Kel Benda Baru, Kec Pamulang, Kab Kota Tangerang Selatan Banten, 15418', '2019-08-23 09:34:37', 6, 'REG', '2022-08-22 18:01:27'),
	(2326, 'INV-100002326', 2320, 63000, 8959500, 8225000, 476, 'Jalan T No. 82, Kel Bagawat, Kec Selajambe, Kab Kabupaten Kuningan Jawa Barat, 45566', '2019-08-24 10:24:49', 5, 'REG', '2022-08-23 23:48:33'),
	(2328, 'INV-100002328', 5900, 162000, 4688750, 4375000, 331, 'Jalan C No. 148, Kel Patunjungan, Kec Paiton, Kab Kabupaten Probolinggo Jawa Timur, 67291', '2019-08-24 11:10:15', 1, 'REG', '2022-08-23 18:15:23'),
	(2330, 'INV-100002330', 4385, 75000, 1166000, 1060000, 404, 'Jalan V No. 100, Kel Padurenan (Pedurenan), Kec Karang Tengah, Kab Kota Tangerang Banten, 15159', '2019-08-24 14:58:32', 6, 'REG', '2022-08-23 16:51:56'),
	(2332, 'INV-100002332', 210, 21000, 429000, 390000, 412, 'Jalan H No. 31, Kel Bungkanel, Kec Karanganyar, Kab Kabupaten Purbalingga Jawa Tengah, 53354', '2019-08-24 09:37:10', 1, 'REG', '2022-08-23 03:24:09'),
	(2334, 'INV-100002334', 612, 21000, 902000, 860000, 461, 'Jalan T No. 40, Kel Sraten, Kec Tuntang, Kab Kabupaten Semarang Jawa Tengah, 50773', '2019-08-25 14:27:43', 3, 'REG', '2022-08-24 13:47:16'),
	(2336, 'INV-100002336', 4570, 105000, 748000, 680000, 309, 'Jalan F No. 145, Kel Kalimendong, Kec Leksono, Kab Kabupaten Wonosobo Jawa Tengah, 56362', '2019-08-25 10:54:14', 1, 'REG', '2022-08-24 19:23:12'),
	(2338, 'INV-100002338', 1834, 42000, 6212250, 5985000, 309, 'Jalan B No. 25, Kel Ciuyah, Kec Waled, Kab Kabupaten Cirebon Jawa Barat, 45187', '2019-08-25 12:21:03', 2, 'REG', '2022-08-24 01:12:59'),
	(2340, 'INV-100002340', 1132, 42000, 3723500, 3385000, 231, 'Jalan G No. 131, Kel Sawangan, Kec Gringsing, Kab Kabupaten Batang Jawa Tengah, 51281', '2019-08-25 09:15:17', 2, 'REG', '2022-08-24 23:13:10'),
	(2342, 'INV-100002342', 1343, 42000, 1080750, 1005000, 242, 'Jalan P No. 23, Kel Tegalrejo, Kec Ngadirejo, Kab Kabupaten Temanggung Jawa Tengah, 56255', '2019-08-27 13:43:14', 3, 'REG', '2022-08-26 08:55:44'),
	(2344, 'INV-100002344', 165, 27000, 462000, 420000, 401, 'Jalan Z No. 48, Kel Kaliglagah, Kec Sumber Baru, Kab Kabupaten Jember Jawa Timur, 68156', '2019-08-27 10:29:43', 4, 'REG', '2022-08-26 09:54:17'),
	(2346, 'INV-100002346', 1285, 42000, 3993000, 3630000, 250, 'Jalan K No. 64, Kel Petung, Kec Jatiyoso, Kab Kabupaten Karanganyar Jawa Tengah, 57785', '2019-08-27 12:14:34', 3, 'REG', '2022-08-26 00:42:09'),
	(2348, 'INV-100002348', 1657, 42000, 2763750, 2520000, 422, 'Jalan N No. 77, Kel Kertabesuki, Kec Wanasari, Kab Kabupaten Brebes Jawa Tengah, 52252', '2019-08-27 10:33:59', 4, 'REG', '2022-08-26 21:02:13'),
	(2350, 'INV-100002350', 646, 27000, 506550, 460500, 50, 'Jalan A No. 57, Kel Mlorah, Kec Rejoso, Kab Kabupaten Nganjuk Jawa Timur, 64453', '2019-08-27 16:10:15', 2, 'REG', '2022-08-26 13:26:21'),
	(2352, 'INV-100002352', 1713, 42000, 3203750, 3065000, 141, 'Jalan N No. 48, Kel Tambakaji, Kec Ngaliyan, Kab Kota Semarang Jawa Tengah, 50185', '2019-08-27 09:31:45', 5, 'REG', '2022-08-26 04:59:48'),
	(2354, 'INV-100002354', 4252, 105000, 1133000, 1030000, 249, 'Jalan L No. 74, Kel Kertosari, Kec Singorojo, Kab Kabupaten Kendal Jawa Tengah, 51382', '2019-08-27 09:53:19', 3, 'REG', '2022-08-26 06:57:31'),
	(2356, 'INV-100002356', 73, 27000, 52250, 47500, 264, 'Jalan Z No. 65, Kel Gonggang, Kec Poncol, Kab Kabupaten Magetan Jawa Timur, 63362', '2019-08-28 09:05:24', 3, 'REG', '2022-08-27 19:41:30'),
	(2358, 'INV-100002358', 1440, 54000, 3203750, 3025000, 229, 'Jalan G No. 140, Kel Gintungan, Kec Kembangbahu, Kab Kabupaten Lamongan Jawa Timur, 62282', '2019-08-28 14:29:36', 2, 'REG', '2022-08-27 11:23:33'),
	(2360, 'INV-100002360', 3130, 84000, 7191250, 6825000, 262, 'Jalan O No. 111, Kel Cimaranten, Kec Cipicung, Kab Kabupaten Kuningan Jawa Barat, 45592', '2019-08-28 15:30:06', 6, 'REG', '2022-08-27 13:25:54'),
	(2362, 'INV-100002362', 1294, 42000, 2538250, 2307500, 451, 'Jalan H No. 53, Kel Tempuran, Kec Demak, Kab Kabupaten Demak Jawa Tengah, 59517', '2019-08-28 13:27:18', 1, 'REG', '2022-08-27 15:00:37'),
	(2364, 'INV-100002364', 5175, 162000, 5586900, 5404000, 138, 'Jalan P No. 53, Kel Gelang, Kec Sumber Baru, Kab Kabupaten Jember Jawa Timur, 68156', '2019-08-28 15:27:41', 2, 'REG', '2022-08-27 21:15:45'),
	(2366, 'INV-100002366', 1902, 54000, 5346000, 4860000, 261, 'Jalan V No. 107, Kel Wage, Kec Taman, Kab Kabupaten Sidoarjo Jawa Timur, 61257', '2019-08-28 13:31:03', 3, 'REG', '2022-08-27 04:23:08'),
	(2368, 'INV-100002368', 5852, 126000, 4900500, 4830000, 475, 'Jalan H No. 129, Kel Loram Kulon, Kec Jati, Kab Kabupaten Kudus Jawa Tengah, 59344', '2019-08-29 14:02:22', 4, 'REG', '2022-08-28 22:44:51'),
	(2370, 'INV-100002370', 930, 27000, 3822500, 3475000, 331, 'Jalan Y No. 114, Kel Tanjung, Kec Tambakrejo, Kab Kabupaten Bojonegoro Jawa Timur, 62166', '2019-08-29 16:04:09', 4, 'REG', '2022-08-28 10:37:35'),
	(2372, 'INV-100002372', 150, 21000, 693000, 630000, 241, 'Jalan D No. 132, Kel Trajumas, Kec Kandangserang, Kab Kabupaten Pekalongan Jawa Tengah, 51163', '2019-08-29 11:30:11', 6, 'REG', '2022-08-28 02:47:10'),
	(2374, 'INV-100002374', 544, 21000, 2224750, 2030000, 297, 'Jalan T No. 65, Kel Pageruyung, Kec Pagerruyung, Kab Kabupaten Kendal Jawa Tengah, 51361', '2019-08-29 12:07:15', 1, 'REG', '2022-08-28 15:00:32'),
	(2376, 'INV-100002376', 1402, 42000, 3036000, 2760000, 229, 'Jalan O No. 68, Kel Ngening, Kec Batangan, Kab Kabupaten Pati Jawa Tengah, 59186', '2019-08-29 09:05:44', 2, 'REG', '2022-08-28 13:33:53'),
	(2378, 'INV-100002378', 2487, 63000, 4735500, 4430000, 303, 'Jalan K No. 112, Kel Pamotan, Kec Kalipucang, Kab Kabupaten Pangandaran Jawa Barat, 46397', '2019-08-29 12:34:20', 2, 'REG', '2022-08-28 00:31:13'),
	(2380, 'INV-100002380', 335, 21000, 3349500, 3370000, 127, 'Jalan R No. 28, Kel Ciporos, Kec Karangpucung, Kab Kabupaten Cilacap Jawa Tengah, 53255', '2019-08-29 12:53:19', 3, 'REG', '2022-08-28 11:40:02'),
	(2382, 'INV-100002382', 523, 27000, 2877325, 2617500, 40, 'Jalan A No. 55, Kel Ngumpul, Kec Bagor, Kab Kabupaten Nganjuk Jawa Timur, 64461', '2019-08-30 15:06:14', 4, 'REG', '2022-08-29 21:31:47'),
	(2384, 'INV-100002384', 4725, 105000, 1694000, 1540000, 373, 'Jalan V No. 71, Kel Walitelon Utara, Kec Temanggung, Kab Kabupaten Temanggung Jawa Tengah, 56229', '2019-08-30 16:36:15', 2, 'REG', '2022-08-29 08:52:15'),
	(2386, 'INV-100002386', 2522, 81000, 7518500, 7160000, 233, 'Jalan R No. 49, Kel Poreh, Kec Lenteng, Kab Kabupaten Sumenep Jawa Timur, 69461', '2019-08-30 16:56:13', 4, 'REG', '2022-08-29 23:36:10'),
	(2388, 'INV-100002388', 4380, 105000, 3432000, 3120000, 308, 'Jalan G No. 143, Kel Sukamanah, Kec Cipedes, Kab Kota Tasikmalaya Jawa Barat, 46131', '2019-08-30 16:25:27', 4, 'REG', '2022-08-29 22:00:11'),
	(2390, 'INV-100002390', 2515, 63000, 858000, 820000, 307, 'Jalan H No. 113, Kel Bulak Lor, Kec Jatibarang, Kab Kabupaten Indramayu Jawa Barat, 45273', '2019-08-31 13:16:05', 5, 'REG', '2022-08-30 11:50:33'),
	(2392, 'INV-100002392', 5022, 126000, 2539900, 2309000, 276, 'Jalan V No. 46, Kel Bantar Kulon, Kec Lebakbarang, Kab Kabupaten Pekalongan Jawa Tengah, 51183', '2019-08-31 11:52:09', 4, 'REG', '2022-08-30 12:58:24'),
	(2394, 'INV-100002394', 520, 21000, 4210800, 4180500, 306, 'Jalan P No. 108, Kel Pasirhalang, Kec Sukaraja, Kab Kabupaten Sukabumi Jawa Barat, 43192', '2019-08-31 09:44:06', 4, 'REG', '2022-08-30 23:53:15'),
	(2396, 'INV-100002396', 1953, 42000, 6308500, 6050000, 324, 'Jalan M No. 139, Kel Kaponan, Kec Pakis, Kab Kabupaten Magelang Jawa Tengah, 56193', '2019-08-31 15:05:39', 6, 'REG', '2022-08-30 22:09:09'),
	(2398, 'INV-100002398', 2135, 63000, 4323000, 3930000, 511, 'Jalan K No. 96, Kel Garung Lor, Kec Kaliwungu, Kab Kabupaten Kudus Jawa Tengah, 59332', '2019-08-31 10:01:31', 3, 'REG', '2022-08-30 17:46:55'),
	(2400, 'INV-100002400', 980, 21000, 6308500, 6110000, 62, 'Jalan C No. 107, Kel Karangturi, Kec Semarang Timur, Kab Kota Semarang Jawa Tengah, 50124', '2019-08-31 15:59:45', 4, 'REG', '2022-08-30 20:55:38'),
	(2402, 'INV-100002402', 1123, 30000, 2640000, 2400000, 82, 'Jalan B No. 90, Kel Karawaci, Kec Karawaci, Kab Kota Tangerang Banten, 15115', '2019-09-01 14:13:55', 3, 'REG', '2022-08-31 23:08:04'),
	(2404, 'INV-100002404', 962, 27000, 2634500, 2540000, 240, 'Jalan Y No. 127, Kel Rongdalem (Rongdalam), Kec Omben, Kab Kabupaten Sampang Jawa Timur, 69291', '2019-09-01 13:29:17', 3, 'REG', '2022-08-31 06:18:04'),
	(2406, 'INV-100002406', 3624, 84000, 876700, 797000, 9, 'Jalan N No. 34, Kel Timbangsari, Kec Lebakbarang, Kab Kabupaten Pekalongan Jawa Tengah, 51183', '2019-09-01 13:15:19', 5, 'REG', '2022-08-31 19:46:37'),
	(2408, 'INV-100002408', 1055, 42000, 1457500, 1405000, 231, 'Jalan J No. 150, Kel Mojosimo, Kec Gajah, Kab Kabupaten Demak Jawa Tengah, 59581', '2019-09-01 09:33:34', 3, 'REG', '2022-08-31 08:09:05'),
	(2410, 'INV-100002410', 4733, 105000, 1958550, 1780500, 262, 'Jalan F No. 82, Kel Kemuning, Kec Bejen, Kab Kabupaten Temanggung Jawa Tengah, 56258', '2019-09-03 16:47:23', 2, 'REG', '2022-09-02 17:50:18'),
	(2412, 'INV-100002412', 3607, 84000, 1023000, 930000, 297, 'Jalan I No. 100, Kel Winduraja, Kec Kawali, Kab Kabupaten Ciamis Jawa Barat, 46253', '2019-09-03 11:20:53', 1, 'REG', '2022-09-02 05:20:58'),
	(2414, 'INV-100002414', 1600, 42000, 7491000, 7085000, 289, 'Jalan T No. 124, Kel Gombang, Kec Cawas, Kab Kabupaten Klaten Jawa Tengah, 57463', '2019-09-03 09:57:00', 4, 'REG', '2022-09-02 16:51:30'),
	(2416, 'INV-100002416', 2100, 81000, 4730000, 4300000, 452, 'Jalan P No. 93, Kel Plaosan, Kec Krucil, Kab Kabupaten Probolinggo Jawa Timur, 67288', '2019-09-03 12:59:41', 2, 'REG', '2022-09-02 12:16:49'),
	(2418, 'INV-100002418', 1057, 42000, 4438500, 4380000, 246, 'Jalan N No. 49, Kel Cikurubuk, Kec Buahdua, Kab Kabupaten Sumedang Jawa Barat, 45392', '2019-09-03 16:33:06', 3, 'REG', '2022-09-02 13:58:22'),
	(2420, 'INV-100002420', 3372, 84000, 4172300, 4118000, 106, 'Jalan M No. 39, Kel Bendungan, Kec Tretep, Kab Kabupaten Temanggung Jawa Tengah, 56259', '2019-09-03 11:09:49', 5, 'REG', '2022-09-02 11:40:15'),
	(2422, 'INV-100002422', 1784, 42000, 3822500, 3475000, 479, 'Jalan X No. 127, Kel Tegal Panggung, Kec Danurejan, Kab Kota Yogyakarta DI Yogyakarta, 55212', '2019-09-04 09:17:29', 4, 'REG', '2022-09-03 07:43:55'),
	(2424, 'INV-100002424', 685, 27000, 2651000, 2410000, 100, 'Jalan D No. 124, Kel Sukorejo, Kec Bungah, Kab Kabupaten Gresik Jawa Timur, 61152', '2019-09-04 15:39:57', 2, 'REG', '2022-09-03 06:44:54'),
	(2426, 'INV-100002426', 4230, 105000, 1936000, 1800000, 294, 'Jalan L No. 75, Kel Bajangrejo, Kec Banyuurip, Kab Kabupaten Purworejo Jawa Tengah, 54171', '2019-09-04 11:57:25', 4, 'REG', '2022-09-03 19:38:57'),
	(2428, 'INV-100002428', 3280, 84000, 1702250, 1685000, 303, 'Jalan X No. 89, Kel Tambahsari, Kec Limbangan, Kab Kabupaten Kendal Jawa Tengah, 51383', '2019-09-04 12:58:36', 1, 'REG', '2022-09-03 02:16:02'),
	(2430, 'INV-100002430', 5250, 126000, 4468750, 4175000, 292, 'Jalan X No. 32, Kel Pleret, Kec Panjatan, Kab Kabupaten Kulon Progo DI Yogyakarta, 55655', '2019-09-05 12:53:05', 3, 'REG', '2022-09-04 08:05:15'),
	(2432, 'INV-100002432', 3837, 84000, 4697000, 4320000, 277, 'Jalan W No. 140, Kel Srikamulyan, Kec Tirtajaya, Kab Kabupaten Karawang Jawa Barat, 41357', '2019-09-05 14:03:28', 2, 'REG', '2022-09-04 21:34:23'),
	(2434, 'INV-100002434', 655, 21000, 2376000, 2160000, 133, 'Jalan M No. 29, Kel Rengging, Kec Pecangaan, Kab Kabupaten Jepara Jawa Tengah, 59462', '2019-09-05 11:05:40', 4, 'REG', '2022-09-04 16:37:17'),
	(2436, 'INV-100002436', 804, 21000, 2929300, 2863000, 284, 'Jalan O No. 77, Kel Pakuncen, Kec Wirobrajan, Kab Kota Yogyakarta DI Yogyakarta, 55253', '2019-09-05 13:46:00', 3, 'REG', '2022-09-04 11:25:01'),
	(2438, 'INV-100002438', 1550, 54000, 4867500, 4750000, 325, 'Jalan G No. 94, Kel Kaligede, Kec Senori, Kab Kabupaten Tuban Jawa Timur, 62365', '2019-09-05 09:55:27', 2, 'REG', '2022-09-04 20:16:12'),
	(2440, 'INV-100002440', 4194, 105000, 3019500, 2745000, 305, 'Jalan K No. 68, Kel Sawangan, Kec Kuwarasan, Kab Kabupaten Kebumen Jawa Tengah, 54366', '2019-09-06 09:41:38', 5, 'REG', '2022-09-05 23:18:10'),
	(2442, 'INV-100002442', 6384, 189000, 6506500, 6060000, 112, 'Jalan U No. 22, Kel Paringan, Kec Jenangan, Kab Kabupaten Ponorogo Jawa Timur, 63492', '2019-09-06 15:22:45', 2, 'REG', '2022-09-05 22:05:09'),
	(2444, 'INV-100002444', 1642, 42000, 5599000, 5415000, 229, 'Jalan T No. 121, Kel Legok, Kec Bantarkawung, Kab Kabupaten Brebes Jawa Tengah, 52274', '2019-09-06 11:19:39', 3, 'REG', '2022-09-05 09:37:02'),
	(2446, 'INV-100002446', 3602, 108000, 696850, 633500, 323, 'Jalan G No. 29, Kel Campurejo, Kec Bojonegoro, Kab Kabupaten Bojonegoro Jawa Timur, 62119', '2019-09-06 10:45:20', 1, 'REG', '2022-09-05 14:36:06'),
	(2448, 'INV-100002448', 3285, 84000, 1270500, 1225000, 308, 'Jalan V No. 33, Kel Nglarangan, Kec Tretep, Kab Kabupaten Temanggung Jawa Tengah, 56259', '2019-09-06 10:42:55', 5, 'REG', '2022-09-05 08:54:36'),
	(2450, 'INV-100002450', 1200, 54000, 3960000, 3600000, 282, 'Jalan G No. 49, Kel Klepek, Kec Sukosewu, Kab Kabupaten Bojonegoro Jawa Timur, 62183', '2019-09-06 16:18:28', 1, 'REG', '2022-09-05 12:37:26'),
	(2452, 'INV-100002452', 165, 21000, 770000, 700000, 68, 'Jalan Y No. 130, Kel Tetel, Kec Pengadegan, Kab Kabupaten Purbalingga Jawa Tengah, 53393', '2019-09-06 12:36:06', 6, 'REG', '2022-09-05 20:27:41'),
	(2454, 'INV-100002454', 4000, 108000, 2310000, 2100000, 154, 'Jalan X No. 30, Kel Alas Tengah, Kec Paiton, Kab Kabupaten Probolinggo Jawa Timur, 67291', '2019-09-07 10:05:28', 6, 'REG', '2022-09-06 16:32:04'),
	(2456, 'INV-100002456', 873, 21000, 2090000, 1900000, 112, 'Jalan H No. 111, Kel Sarimukti, Kec Pasirwangi, Kab Kabupaten Garut Jawa Barat, 44161', '2019-09-07 09:17:10', 5, 'REG', '2022-09-06 21:44:33'),
	(2458, 'INV-100002458', 2289, 63000, 2277000, 2070000, 166, 'Jalan U No. 54, Kel Sukanagara, Kec Cisompet, Kab Kabupaten Garut Jawa Barat, 44174', '2019-09-07 16:08:04', 6, 'REG', '2022-09-06 22:03:01'),
	(2460, 'INV-100002460', 2172, 63000, 4807000, 4410000, 144, 'Jalan X No. 137, Kel Kabandungan, Kec Kabandungan, Kab Kabupaten Sukabumi Jawa Barat, 43368', '2019-09-07 11:43:37', 4, 'REG', '2022-09-06 08:55:55'),
	(2462, 'INV-100002462', 3238, 108000, 2084500, 1895000, 310, 'Jalan F No. 33, Kel Dermo, Kec Benjeng, Kab Kabupaten Gresik Jawa Timur, 61172', '2019-09-08 13:44:20', 3, 'REG', '2022-09-07 23:17:33'),
	(2464, 'INV-100002464', 1722, 42000, 3639900, 3309000, 247, 'Jalan U No. 149, Kel Kalangbancar, Kec Geyer, Kab Kabupaten Grobogan Jawa Tengah, 58172', '2019-09-08 09:35:04', 5, 'REG', '2022-09-07 15:33:59'),
	(2466, 'INV-100002466', 2327, 81000, 379500, 345000, 279, 'Jalan S No. 62, Kel Karang Tengah, Kec Bagor, Kab Kabupaten Nganjuk Jawa Timur, 64461', '2019-09-08 10:50:56', 4, 'REG', '2022-09-07 03:24:07'),
	(2468, 'INV-100002468', 5450, 126000, 3789500, 3520000, 313, 'Jalan N No. 50, Kel Bayur Lor, Kec Cilamaya Kulon, Kab Kabupaten Karawang Jawa Barat, 41384', '2019-09-08 13:10:22', 2, 'REG', '2022-09-07 14:13:08'),
	(2470, 'INV-100002470', 7423, 168000, 2930400, 2714000, 403, 'Jalan I No. 71, Kel Bulusari, Kec Gandrungmangu, Kab Kabupaten Cilacap Jawa Tengah, 53254', '2019-09-08 15:51:19', 2, 'REG', '2022-09-07 00:10:21'),
	(2472, 'INV-100002472', 172, 27000, 734250, 687500, 176, 'Jalan S No. 134, Kel Pakel, Kec Pakel, Kab Kabupaten Tulungagung Jawa Timur, 66273', '2019-09-08 12:37:28', 2, 'REG', '2022-09-07 00:58:12'),
	(2474, 'INV-100002474', 923, 21000, 589050, 535500, 368, 'Jalan S No. 89, Kel Jaya Bakti, Kec Cabangbungin, Kab Kabupaten Bekasi Jawa Barat, 17720', '2019-09-08 10:58:45', 1, 'REG', '2022-09-07 07:54:16'),
	(2476, 'INV-100002476', 2317, 81000, 10208000, 9655000, 122, 'Jalan E No. 37, Kel Rosep, Kec Blega, Kab Kabupaten Bangkalan Jawa Timur, 69174', '2019-09-10 11:36:08', 4, 'REG', '2022-09-09 21:53:45'),
	(2478, 'INV-100002478', 1262, 42000, 2772000, 2520000, 203, 'Jalan S No. 89, Kel Jaya Bakti, Kec Cabangbungin, Kab Kabupaten Bekasi Jawa Barat, 17720', '2019-09-10 12:46:36', 5, 'REG', '2022-09-09 09:03:36'),
	(2480, 'INV-100002480', 1842, 42000, 3608000, 3500000, 300, 'Jalan U No. 123, Kel Cikeusal Lor, Kec Ketanggungan, Kab Kabupaten Brebes Jawa Tengah, 52263', '2019-09-10 11:26:02', 4, 'REG', '2022-09-09 01:26:37'),
	(2482, 'INV-100002482', 795, 27000, 2607000, 2370000, 262, 'Jalan L No. 117, Kel Banjarsari, Kec Cerme, Kab Kabupaten Gresik Jawa Timur, 61171', '2019-09-10 16:29:54', 5, 'REG', '2022-09-09 18:21:00'),
	(2484, 'INV-100002484', 330, 21000, 2791250, 2575000, 315, 'Jalan Y No. 53, Kel Giyanti, Kec Rowokele, Kab Kabupaten Kebumen Jawa Tengah, 54472', '2019-09-10 16:45:28', 6, 'REG', '2022-09-09 07:48:19'),
	(2486, 'INV-100002486', 1682, 54000, 6908000, 6320000, 252, 'Jalan E No. 124, Kel Badung, Kec Proppo, Kab Kabupaten Pamekasan Jawa Timur, 69363', '2019-09-10 09:04:26', 3, 'REG', '2022-09-09 08:50:58'),
	(2488, 'INV-100002488', 4902, 105000, 4141500, 4090000, 35, 'Jalan B No. 134, Kel Dukuhmaja, Kec Songgom, Kab Kabupaten Brebes Jawa Tengah, 52266', '2019-09-10 13:21:32', 3, 'REG', '2022-09-09 23:38:35'),
	(2490, 'INV-100002490', 3832, 108000, 1870000, 1850000, 187, 'Jalan X No. 73, Kel Kedungbocok, Kec Tarik, Kab Kabupaten Sidoarjo Jawa Timur, 61265', '2019-09-11 09:43:53', 3, 'REG', '2022-09-10 22:15:00'),
	(2492, 'INV-100002492', 160, 21000, 946000, 860000, 276, 'Jalan R No. 149, Kel Kosambibatu, Kec Cilebar, Kab Kabupaten Karawang Jawa Barat, 41353', '2019-09-11 15:36:44', 1, 'REG', '2022-09-10 01:56:04'),
	(2494, 'INV-100002494', 183, 21000, 534325, 487500, 347, 'Jalan W No. 81, Kel Sirnamekar, Kec Tegalbuleud, Kab Kabupaten Sukabumi Jawa Barat, 43186', '2019-09-11 11:30:31', 2, 'REG', '2022-09-10 12:39:03'),
	(2496, 'INV-100002496', 1503, 42000, 4646400, 4224000, 403, 'Jalan N No. 113, Kel Karangmalang, Kec Ketanggungan, Kab Kabupaten Brebes Jawa Tengah, 52263', '2019-09-11 10:04:45', 4, 'REG', '2022-09-10 18:55:11'),
	(2498, 'INV-100002498', 1560, 42000, 5569575, 5065000, 254, 'Jalan N No. 77, Kel Sindangwangi, Kec Sindangwangi, Kab Kabupaten Majalengka Jawa Barat, 45474', '2019-09-11 13:20:47', 5, 'REG', '2022-09-10 00:43:58'),
	(2500, 'INV-100002500', 885, 21000, 1166000, 1060000, 279, 'Jalan R No. 65, Kel Greges, Kec Tembarak, Kab Kabupaten Temanggung Jawa Tengah, 56261', '2019-09-12 15:25:57', 5, 'REG', '2022-09-11 21:06:58'),
	(2502, 'INV-100002502', 1860, 54000, 6187500, 5625000, 238, 'Jalan S No. 51, Kel Moncek Tengah, Kec Lenteng, Kab Kabupaten Sumenep Jawa Timur, 69461', '2019-09-12 11:02:55', 5, 'REG', '2022-09-11 02:28:03'),
	(2504, 'INV-100002504', 807, 21000, 2455750, 2280000, 239, 'Jalan I No. 90, Kel Cangkuang, Kec Cangkuang, Kab Kabupaten Bandung Jawa Barat, 40238', '2019-09-12 14:37:31', 2, 'REG', '2022-09-11 19:28:12'),
	(2506, 'INV-100002506', 102, 21000, 185900, 169000, 427, 'Jalan H No. 38, Kel Lambangjaya, Kec Tambun Selatan, Kab Kabupaten Bekasi Jawa Barat, 17510', '2019-09-12 16:44:20', 5, 'REG', '2022-09-11 15:07:54'),
	(2508, 'INV-100002508', 970, 21000, 1394250, 1355000, 50, 'Jalan S No. 148, Kel Gebangsari, Kec Tambak, Kab Kabupaten Banyumas Jawa Tengah, 53196', '2019-09-12 10:10:57', 4, 'REG', '2022-09-11 23:40:55'),
	(2510, 'INV-100002510', 537, 27000, 2634500, 2395000, 73, 'Jalan K No. 23, Kel Tamanan, Kec Trenggalek, Kab Kabupaten Trenggalek Jawa Timur, 66312', '2019-09-12 14:01:19', 1, 'REG', '2022-09-11 17:48:58'),
	(2512, 'INV-100002512', 880, 27000, 1094500, 995000, 222, 'Jalan J No. 50, Kel Ngangkatan, Kec Rejoso, Kab Kabupaten Nganjuk Jawa Timur, 64453', '2019-09-13 12:24:19', 4, 'REG', '2022-09-12 07:59:17'),
	(2514, 'INV-100002514', 1705, 54000, 5434000, 5140000, 451, 'Jalan V No. 21, Kel Tanjungsepreh, Kec Maospati, Kab Kabupaten Magetan Jawa Timur, 63392', '2019-09-13 09:58:03', 2, 'REG', '2022-09-12 19:28:20'),
	(2516, 'INV-100002516', 720, 21000, 2062500, 1875000, 232, 'Jalan L No. 117, Kel Dowan, Kec Gunem, Kab Kabupaten Rembang Jawa Tengah, 59263', '2019-09-13 16:54:26', 6, 'REG', '2022-09-12 00:18:26'),
	(2518, 'INV-100002518', 664, 27000, 4335375, 3942500, 267, 'Jalan U No. 44, Kel Kasreman, Kec Kandangan, Kab Kabupaten Kediri Jawa Timur, 64294', '2019-09-13 15:00:43', 4, 'REG', '2022-09-12 09:13:24'),
	(2520, 'INV-100002520', 1462, 42000, 6176500, 6040000, 270, 'Jalan M No. 74, Kel Bangunsari, Kec Pagerruyung, Kab Kabupaten Kendal Jawa Tengah, 51361', '2019-09-13 15:02:49', 2, 'REG', '2022-09-12 20:09:16'),
	(2522, 'INV-100002522', 1500, 42000, 9053000, 8930000, 279, 'Jalan P No. 124, Kel Gajah Mungkur, Kec Gajah Mungkur, Kab Kota Semarang Jawa Tengah, 50232', '2019-09-14 11:37:36', 4, 'REG', '2022-09-13 21:56:41'),
	(2524, 'INV-100002524', 1633, 54000, 5559950, 5092000, 213, 'Jalan G No. 20, Kel Bangpendah, Kec Galis, Kab Kabupaten Bangkalan Jawa Timur, 69173', '2019-09-14 15:31:07', 3, 'REG', '2022-09-13 09:03:28'),
	(2526, 'INV-100002526', 3240, 84000, 1285075, 1219500, 479, 'Jalan D No. 78, Kel Widarasari, Kec Kramat Mulya, Kab Kabupaten Kuningan Jawa Barat, 45553', '2019-09-14 13:31:24', 4, 'REG', '2022-09-13 05:42:18'),
	(2528, 'INV-100002528', 1085, 54000, 1402500, 1295000, 114, 'Jalan E No. 78, Kel Bangkok, Kec Gurah, Kab Kabupaten Kediri Jawa Timur, 64181', '2019-09-14 13:29:14', 4, 'REG', '2022-09-13 02:23:02'),
	(2530, 'INV-100002530', 1170, 54000, 3498000, 3380000, 424, 'Jalan J No. 58, Kel Padike, Kec Talango, Kab Kabupaten Sumenep Jawa Timur, 69481', '2019-09-14 10:22:46', 5, 'REG', '2022-09-13 03:42:33'),
	(2532, 'INV-100002532', 702, 21000, 3118500, 3150000, 312, 'Jalan S No. 74, Kel Kasepuhan, Kec Batang, Kab Kabupaten Batang Jawa Tengah, 51214', '2019-09-14 09:34:12', 2, 'REG', '2022-09-13 16:30:03'),
	(2534, 'INV-100002534', 2080, 63000, 6765000, 6150000, 266, 'Jalan X No. 139, Kel Jungke, Kec Karanganyar, Kab Kabupaten Karanganyar Jawa Tengah, 57713', '2019-09-15 10:51:42', 1, 'REG', '2022-09-14 13:42:03'),
	(2536, 'INV-100002536', 5597, 126000, 5282750, 4880000, 304, 'Jalan T No. 70, Kel Sijeruk, Kec Banjarmangu, Kab Kabupaten Banjarnegara Jawa Tengah, 53452', '2019-09-15 14:04:55', 3, 'REG', '2022-09-14 06:51:42'),
	(2538, 'INV-100002538', 4449, 75000, 1668150, 1679000, 249, 'Jalan Y No. 114, Kel Palanyar, Kec Cipeucang, Kab Kabupaten Pandeglang Banten, 42272', '2019-09-15 13:45:00', 6, 'REG', '2022-09-14 22:06:48'),
	(2540, 'INV-100002540', 1872, 42000, 3718000, 3380000, 271, 'Jalan A No. 80, Kel Tegalwaru, Kec Tegal Waru, Kab Kabupaten Purwakarta Jawa Barat, 41165', '2019-09-15 09:25:24', 5, 'REG', '2022-09-14 17:48:11'),
	(2542, 'INV-100002542', 3714, 84000, 3770800, 3478000, 462, 'Jalan J No. 150, Kel Palasari, Kec Ciater, Kab Kabupaten Subang Jawa Barat, 41251', '2019-09-15 12:04:22', 1, 'REG', '2022-09-14 23:35:42'),
	(2544, 'INV-100002544', 1750, 42000, 1925000, 1750000, 77, 'Jalan I No. 98, Kel Bojong, Kec Kemang, Kab Kabupaten Bogor Jawa Barat, 16310', '2019-09-15 10:29:59', 1, 'REG', '2022-09-14 02:08:55'),
	(2546, 'INV-100002546', 607, 21000, 1012000, 920000, 326, 'Jalan Q No. 60, Kel Sindangasih, Kec Karangtengah, Kab Kabupaten Cianjur Jawa Barat, 43281', '2019-09-17 11:51:56', 1, 'REG', '2022-09-16 13:17:48'),
	(2548, 'INV-100002548', 2484, 63000, 899250, 867500, 179, 'Jalan V No. 46, Kel Bantar Kulon, Kec Lebakbarang, Kab Kabupaten Pekalongan Jawa Tengah, 51183', '2019-09-17 10:43:09', 2, 'REG', '2022-09-16 18:22:57'),
	(2550, 'INV-100002550', 1900, 42000, 7548750, 6975000, 237, 'Jalan E No. 117, Kel Tanjungsari, Kec Petanahan, Kab Kabupaten Kebumen Jawa Tengah, 54382', '2019-09-17 14:23:25', 1, 'REG', '2022-09-16 08:13:34'),
	(2552, 'INV-100002552', 1699, 54000, 3602500, 3275000, 293, 'Jalan P No. 140, Kel Ranuyoso, Kec Ranuyoso, Kab Kabupaten Lumajang Jawa Timur, 67357', '2019-09-17 14:29:37', 3, 'REG', '2022-09-16 09:45:10'),
	(2554, 'INV-100002554', 1274, 42000, 5105375, 4967500, 234, 'Jalan Q No. 55, Kel Talun, Kec Sumedang Utara, Kab Kabupaten Sumedang Jawa Barat, 45321', '2019-09-17 15:03:12', 1, 'REG', '2022-09-16 22:20:06'),
	(2556, 'INV-100002556', 823, 15000, 1155000, 1125000, 315, 'Jalan Y No. 73, Kel Bojongkoneng, Kec Gunung Kencana, Kab Kabupaten Lebak Banten, 42354', '2019-09-17 12:36:47', 3, 'REG', '2022-09-16 23:39:18'),
	(2558, 'INV-100002558', 1020, 42000, 3366000, 3385000, 307, 'Jalan W No. 141, Kel Peniron, Kec Pejagoan, Kab Kabupaten Kebumen Jawa Tengah, 54361', '2019-09-17 14:29:20', 6, 'REG', '2022-09-16 22:30:11'),
	(2560, 'INV-100002560', 4585, 135000, 1001000, 910000, 342, 'Jalan X No. 38, Kel Pelalangan, Kec Cermee, Kab Kabupaten Bondowoso Jawa Timur, 68286', '2019-09-18 14:14:47', 1, 'REG', '2022-09-17 16:04:50'),
	(2562, 'INV-100002562', 10400, 231000, 5362500, 5200000, 399, 'Jalan O No. 86, Kel Umbulsari, Kec Windusari, Kab Kabupaten Magelang Jawa Tengah, 56152', '2019-09-18 09:32:46', 2, 'REG', '2022-09-17 23:18:25'),
	(2564, 'INV-100002564', 3593, 84000, 1216325, 1107500, 470, 'Jalan F No. 106, Kel Purwasari, Kec Wanareja, Kab Kabupaten Cilacap Jawa Tengah, 53265', '2019-09-18 14:17:37', 3, 'REG', '2022-09-17 03:27:32'),
	(2566, 'INV-100002566', 907, 21000, 4147000, 4095000, 284, 'Jalan L No. 35, Kel Pakem Binangun, Kec Pakem, Kab Kabupaten Sleman DI Yogyakarta, 55582', '2019-09-18 09:15:38', 4, 'REG', '2022-09-17 06:06:39'),
	(2568, 'INV-100002568', 3272, 108000, 2649900, 2459000, 364, 'Jalan K No. 49, Kel Wonorejo, Kec Ngadiluwih, Kab Kabupaten Kediri Jawa Timur, 64171', '2019-09-18 13:34:44', 2, 'REG', '2022-09-17 21:19:27'),
	(2570, 'INV-100002570', 1535, 42000, 2332000, 2120000, 267, 'Jalan M No. 73, Kel Grinting, Kec Bulakamba, Kab Kabupaten Brebes Jawa Tengah, 52253', '2019-09-18 10:57:48', 4, 'REG', '2022-09-17 16:45:04'),
	(2572, 'INV-100002572', 9430, 270000, 5131500, 4790000, 322, 'Jalan X No. 115, Kel Ketawang, Kec Dolopo, Kab Kabupaten Madiun Jawa Timur, 63174', '2019-09-19 15:51:31', 3, 'REG', '2022-09-18 21:16:41'),
	(2574, 'INV-100002574', 4655, 135000, 2029500, 1970000, 286, 'Jalan A No. 23, Kel Bujur Barat, Kec Batumarmar, Kab Kabupaten Pamekasan Jawa Timur, 69354', '2019-09-19 13:39:51', 6, 'REG', '2022-09-18 23:19:53'),
	(2576, 'INV-100002576', 923, 27000, 400400, 364000, 264, 'Jalan W No. 56, Kel Sempol, Kec Sempol, Kab Kabupaten Bondowoso Jawa Timur, 68288', '2019-09-19 13:18:44', 5, 'REG', '2022-09-18 20:13:30'),
	(2578, 'INV-100002578', 850, 27000, 3223825, 2972500, 502, 'Jalan F No. 129, Kel Semen, Kec Nguntoronadi, Kab Kabupaten Magetan Jawa Timur, 63383', '2019-09-19 11:05:57', 4, 'REG', '2022-09-18 17:55:28'),
	(2580, 'INV-100002580', 4372, 135000, 3267275, 2972500, 483, 'Jalan T No. 125, Kel Duwet, Kec Panarukan, Kab Kabupaten Situbondo Jawa Timur, 68351', '2019-09-19 11:26:00', 4, 'REG', '2022-09-18 20:49:52'),
	(2582, 'INV-100002582', 107, 27000, 198000, 180000, 498, 'Jalan M No. 144, Kel Asembakor, Kec Kraksaan, Kab Kabupaten Probolinggo Jawa Timur, 67282', '2019-09-19 13:53:17', 5, 'REG', '2022-09-18 08:21:11'),
	(2584, 'INV-100002584', 1153, 54000, 1826550, 1660500, 468, 'Jalan C No. 147, Kel Bangunmulyo, Kec Pakel, Kab Kabupaten Tulungagung Jawa Timur, 66273', '2019-09-19 09:54:53', 5, 'REG', '2022-09-18 03:54:49'),
	(2586, 'INV-100002586', 3522, 108000, 344850, 313500, 365, 'Jalan P No. 148, Kel Suru, Kec Dawar Blandong, Kab Kabupaten Mojokerto Jawa Timur, 61354', '2019-09-20 12:17:36', 2, 'REG', '2022-09-19 15:47:38'),
	(2588, 'INV-100002588', 1257, 54000, 3206500, 2915000, 239, 'Jalan D No. 142, Kel Tegangser Daya, Kec Pasean, Kab Kabupaten Pamekasan Jawa Timur, 69356', '2019-09-20 12:31:54', 6, 'REG', '2022-09-19 03:53:57'),
	(2590, 'INV-100002590', 1020, 42000, 1633500, 1525000, 317, 'Jalan C No. 74, Kel Sabdodadi, Kec Bantul, Kab Kabupaten Bantul DI Yogyakarta, 55715', '2019-09-20 09:56:35', 4, 'REG', '2022-09-19 03:12:02'),
	(2592, 'INV-100002592', 2644, 45000, 3001625, 2917500, 316, 'Jalan Q No. 54, Kel Kalang Anyar, Kec Taktakan, Kab Kota Serang Banten, 42162', '2019-09-20 12:36:12', 1, 'REG', '2022-09-19 14:45:01'),
	(2594, 'INV-100002594', 417, 27000, 1606000, 1460000, 316, 'Jalan W No. 31, Kel Berbek, Kec Berbek, Kab Kabupaten Nganjuk Jawa Timur, 64473', '2019-09-20 09:33:19', 4, 'REG', '2022-09-19 15:29:15'),
	(2596, 'INV-100002596', 1320, 42000, 2876500, 2615000, 383, 'Jalan G No. 56, Kel Purwodadi, Kec Purwodadi, Kab Kabupaten Grobogan Jawa Tengah, 58111', '2019-09-20 14:18:53', 6, 'REG', '2022-09-19 05:13:13'),
	(2598, 'INV-100002598', 1415, 42000, 4169000, 3810000, 149, 'Jalan R No. 150, Kel Ploso, Kec Jumapolo, Kab Kabupaten Karanganyar Jawa Tengah, 57783', '2019-09-20 10:57:13', 4, 'REG', '2022-09-19 00:36:54'),
	(2600, 'INV-100002600', 330, 27000, 1677500, 1525000, 453, 'Jalan D No. 119, Kel Karanglangit, Kec Lamongan, Kab Kabupaten Lamongan Jawa Timur, 62218', '2019-09-20 13:07:22', 3, 'REG', '2022-09-19 05:07:55'),
	(2602, 'INV-100002602', 1215, 42000, 3019500, 2745000, 204, 'Jalan B No. 75, Kel Sukaraharja, Kec Kadupandak, Kab Kabupaten Cianjur Jawa Barat, 43268', '2019-09-21 13:54:52', 5, 'REG', '2022-09-20 02:45:13'),
	(2604, 'INV-100002604', 2819, 63000, 6898375, 6272500, 319, 'Jalan W No. 138, Kel Baleadi, Kec Sukolilo, Kab Kabupaten Pati Jawa Tengah, 59172', '2019-09-21 13:01:16', 5, 'REG', '2022-09-20 17:26:00'),
	(2606, 'INV-100002606', 1652, 42000, 2013000, 1975000, 314, 'Jalan K No. 52, Kel Kubang, Kec Sukaresmi, Kab Kabupaten Cianjur Jawa Barat, 43254', '2019-09-21 11:20:57', 2, 'REG', '2022-09-20 22:22:31'),
	(2608, 'INV-100002608', 230, 27000, 1127500, 1025000, 317, 'Jalan M No. 49, Kel Kauman, Kec Mojoagung, Kab Kabupaten Jombang Jawa Timur, 61482', '2019-09-21 14:08:57', 4, 'REG', '2022-09-20 11:34:28'),
	(2610, 'INV-100002610', 3603, 108000, 3879700, 3802000, 300, 'Jalan H No. 111, Kel Dadapkuning, Kec Cerme, Kab Kabupaten Gresik Jawa Timur, 61171', '2019-09-21 15:55:04', 4, 'REG', '2022-09-20 02:26:58'),
	(2612, 'INV-100002612', 4785, 105000, 1892000, 1810000, 289, 'Jalan V No. 44, Kel Krebet, Kec Masaran, Kab Kabupaten Sragen Jawa Tengah, 57282', '2019-09-21 12:17:02', 5, 'REG', '2022-09-20 21:30:40'),
	(2614, 'INV-100002614', 5895, 162000, 5384775, 4972500, 484, 'Jalan H No. 133, Kel Hargoretno, Kec Kerek, Kab Kabupaten Tuban Jawa Timur, 62356', '2019-09-21 09:27:44', 3, 'REG', '2022-09-20 17:58:17'),
	(2616, 'INV-100002616', 1144, 54000, 4692050, 4595000, 419, 'Jalan E No. 149, Kel Tambakboyo, Kec Tambakboyo, Kab Kabupaten Tuban Jawa Timur, 62353', '2019-09-22 12:03:24', 6, 'REG', '2022-09-21 11:13:53'),
	(2618, 'INV-100002618', 4865, 135000, 1966250, 1825000, 145, 'Jalan F No. 90, Kel Besuki, Kec Panggul, Kab Kabupaten Trenggalek Jawa Timur, 66364', '2019-09-22 10:33:05', 1, 'REG', '2022-09-21 11:57:24'),
	(2620, 'INV-100002620', 5173, 162000, 7739050, 7360500, 254, 'Jalan Q No. 76, Kel Mojoroto, Kec Mojoroto, Kab Kota Kediri Jawa Timur, 64112', '2019-09-22 12:20:46', 2, 'REG', '2022-09-21 21:31:48'),
	(2622, 'INV-100002622', 3252, 60000, 2079000, 1890000, 3, 'Jalan J No. 77, Kel Jawilan, Kec Jawilan, Kab Kabupaten Serang Banten, 42177', '2019-09-22 09:41:41', 4, 'REG', '2022-09-21 21:36:10'),
	(2624, 'INV-100002624', 1690, 42000, 4204750, 4025000, 247, 'Jalan W No. 87, Kel Sirnagalih, Kec Sindangbarang, Kab Kabupaten Cianjur Jawa Barat, 43272', '2019-09-22 13:46:34', 4, 'REG', '2022-09-21 19:49:46'),
	(2626, 'INV-100002626', 312, 15000, 966900, 879000, 254, 'Jalan R No. 102, Kel Mekarjaya, Kec Panggarangan, Kab Kabupaten Lebak Banten, 42392', '2019-09-22 15:38:15', 5, 'REG', '2022-09-21 18:12:28'),
	(2628, 'INV-100002628', 1100, 42000, 5197500, 5050000, 258, 'Jalan L No. 133, Kel Aglik, Kec Grabag, Kab Kabupaten Purworejo Jawa Tengah, 54265', '2019-09-22 15:43:05', 3, 'REG', '2022-09-21 04:42:03'),
	(2630, 'INV-100002630', 670, 21000, 3448500, 3135000, 234, 'Jalan U No. 114, Kel Sawahbesar, Kec Gayamsari, Kab Kota Semarang Jawa Tengah, 50163', '2019-09-24 10:23:25', 6, 'REG', '2022-09-23 10:58:23'),
	(2632, 'INV-100002632', 10432, 231000, 5516500, 5140000, 94, 'Jalan C No. 28, Kel Menjer, Kec Garung, Kab Kabupaten Wonosobo Jawa Tengah, 56353', '2019-09-24 16:35:58', 2, 'REG', '2022-09-23 09:51:48'),
	(2634, 'INV-100002634', 1352, 54000, 2618000, 2580000, 113, 'Jalan B No. 29, Kel Gempolkurung, Kec Menganti, Kab Kabupaten Gresik Jawa Timur, 61174', '2019-09-24 13:07:15', 2, 'REG', '2022-09-23 18:54:34'),
	(2636, 'INV-100002636', 3905, 84000, 3069000, 2790000, 12, 'Jalan I No. 58, Kel Muntilan, Kec Muntilan, Kab Kabupaten Magelang Jawa Tengah, 56411', '2019-09-24 16:22:50', 6, 'REG', '2022-09-23 07:59:39'),
	(2638, 'INV-100002638', 1650, 42000, 2548700, 2317000, 239, 'Jalan R No. 44, Kel Pasanggrahan, Kec Maja, Kab Kabupaten Majalengka Jawa Barat, 45461', '2019-09-24 16:57:24', 6, 'REG', '2022-09-23 11:00:15'),
	(2640, 'INV-100002640', 4540, 105000, 1925000, 1750000, 362, 'Jalan P No. 32, Kel Bismo, Kec Blado, Kab Kabupaten Batang Jawa Tengah, 51255', '2019-09-25 13:45:38', 4, 'REG', '2022-09-24 13:58:22'),
	(2642, 'INV-100002642', 1855, 42000, 7661500, 7240000, 292, 'Jalan B No. 144, Kel Penanggungan, Kec Gabus, Kab Kabupaten Pati Jawa Tengah, 59173', '2019-09-25 15:59:25', 6, 'REG', '2022-09-24 12:41:25'),
	(2644, 'INV-100002644', 1035, 42000, 4433000, 4120000, 260, 'Jalan P No. 53, Kel Sukamulya, Kec Cihaurbeuti, Kab Kabupaten Ciamis Jawa Barat, 46262', '2019-09-25 10:04:01', 3, 'REG', '2022-09-24 19:54:24'),
	(2646, 'INV-100002646', 1385, 42000, 2563000, 2330000, 302, 'Jalan H No. 79, Kel Sekarjalak, Kec Margoyoso, Kab Kabupaten Pati Jawa Tengah, 59154', '2019-09-25 13:22:32', 6, 'REG', '2022-09-24 08:41:00'),
	(2648, 'INV-100002648', 272, 21000, 2742300, 2768000, 253, 'Jalan D No. 32, Kel Setiamekar, Kec Tambun Selatan, Kab Kabupaten Bekasi Jawa Barat, 17510', '2019-09-25 12:03:45', 2, 'REG', '2022-09-24 18:12:17'),
	(2650, 'INV-100002650', 1782, 42000, 2497000, 2270000, 504, 'Jalan E No. 147, Kel Ngemplak Simongan, Kec Semarang Barat, Kab Kota Semarang Jawa Tengah, 50148', '2019-09-25 16:22:28', 6, 'REG', '2022-09-24 07:13:00'),
	(2652, 'INV-100002652', 4553, 105000, 3163050, 2950500, 470, 'Jalan D No. 66, Kel Kiarapedes, Kec Kiarapedes, Kab Kabupaten Purwakarta Jawa Barat, 41175', '2019-09-25 10:34:10', 2, 'REG', '2022-09-24 21:59:43'),
	(2654, 'INV-100002654', 1355, 42000, 6831000, 6860000, 113, 'Jalan V No. 58, Kel Nglobar, Kec Purwodadi, Kab Kabupaten Grobogan Jawa Tengah, 58114', '2019-09-26 09:28:29', 3, 'REG', '2022-09-25 12:56:52'),
	(2656, 'INV-100002656', 769, 27000, 962500, 875000, 62, 'Jalan V No. 135, Kel Lebaksari, Kec Wonorejo, Kab Kabupaten Pasuruan Jawa Timur, 67173', '2019-09-26 15:58:17', 2, 'REG', '2022-09-25 07:59:33'),
	(2658, 'INV-100002658', 107, 27000, 195800, 178000, 252, 'Jalan R No. 84, Kel Jeruk, Kec Bandar, Kab Kabupaten Pacitan Jawa Timur, 63583', '2019-09-26 11:36:24', 1, 'REG', '2022-09-25 21:07:54'),
	(2660, 'INV-100002660', 4700, 105000, 6022500, 5550000, 253, 'Jalan Z No. 59, Kel Sobayan, Kec Pedan, Kab Kabupaten Klaten Jawa Tengah, 57468', '2019-09-26 16:46:11', 4, 'REG', '2022-09-25 16:28:44'),
	(2662, 'INV-100002662', 1680, 42000, 1468500, 1410000, 229, 'Jalan Q No. 31, Kel Karang Anyar, Kec Wadaslintang, Kab Kabupaten Wonosobo Jawa Tengah, 56365', '2019-09-26 12:02:42', 3, 'REG', '2022-09-25 17:37:24'),
	(2664, 'INV-100002664', 670, 21000, 2697750, 2475000, 285, 'Jalan A No. 81, Kel Damaran, Kec Kudus Kota, Kab Kabupaten Kudus Jawa Tengah, 59316', '2019-09-27 15:44:05', 4, 'REG', '2022-09-26 20:43:09'),
	(2666, 'INV-100002666', 2044, 81000, 6534550, 5945000, 276, 'Jalan D No. 75, Kel Doroampel, Kec Sumbergempol, Kab Kabupaten Tulungagung Jawa Timur, 66291', '2019-09-27 11:17:52', 2, 'REG', '2022-09-26 02:22:59'),
	(2668, 'INV-100002668', 894, 27000, 2599850, 2363500, 29, 'Jalan Q No. 42, Kel Talang, Kec Rejoso, Kab Kabupaten Nganjuk Jawa Timur, 64453', '2019-09-27 13:48:04', 2, 'REG', '2022-09-26 20:16:32'),
	(2670, 'INV-100002670', 1050, 54000, 1650000, 1500000, 293, 'Jalan E No. 99, Kel Sonokwijenan, Kec Sukomanunggal, Kab Kota Surabaya Jawa Timur, 60189', '2019-09-27 12:27:08', 6, 'REG', '2022-09-26 15:29:57'),
	(2672, 'INV-100002672', 1000, 27000, 2420000, 2200000, 65, 'Jalan A No. 113, Kel Gadungan, Kec Wates, Kab Kabupaten Kediri Jawa Timur, 64174', '2019-09-27 09:39:35', 2, 'REG', '2022-09-26 06:45:37'),
	(2674, 'INV-100002674', 1253, 54000, 5373500, 5160000, 327, 'Jalan B No. 37, Kel Bangilan, Kec Panggungrejo, Kab Kota Pasuruan Jawa Timur, 67111', '2019-09-27 16:44:34', 4, 'REG', '2022-09-26 20:30:39'),
	(2676, 'INV-100002676', 5200, 162000, 6600000, 6000000, 191, 'Jalan T No. 21, Kel Pasanggrahan (Pesanggrahan), Kec Kwanyar, Kab Kabupaten Bangkalan Jawa Timur, 69163', '2019-09-27 09:35:11', 6, 'REG', '2022-09-26 12:19:02'),
	(2678, 'INV-100002678', 907, 21000, 1299650, 1294000, 316, 'Jalan O No. 107, Kel Sindangkerta, Kec Lohbener, Kab Kabupaten Indramayu Jawa Barat, 45252', '2019-09-28 11:40:32', 5, 'REG', '2022-09-27 04:33:18'),
	(2680, 'INV-100002680', 1200, 42000, 4867500, 4750000, 311, 'Jalan Y No. 143, Kel Wonosari, Kec Kebumen, Kab Kabupaten Kebumen Jawa Tengah, 54317', '2019-09-28 10:21:45', 1, 'REG', '2022-09-27 05:04:38'),
	(2682, 'INV-100002682', 5617, 162000, 6385500, 5805000, 256, 'Jalan W No. 93, Kel Karanglo, Kec Kunir, Kab Kabupaten Lumajang Jawa Timur, 67383', '2019-09-28 11:34:38', 6, 'REG', '2022-09-27 20:01:38'),
	(2684, 'INV-100002684', 160, 21000, 643500, 625000, 289, 'Jalan P No. 68, Kel Klinting, Kec Somagede, Kab Kabupaten Banyumas Jawa Tengah, 53193', '2019-09-28 12:34:10', 4, 'REG', '2022-09-27 21:03:01'),
	(2686, 'INV-100002686', 1352, 30000, 4653000, 4700000, 334, 'Jalan Z No. 48, Kel Malang Nengah, Kec Pagedangan, Kab Kabupaten Tangerang Banten, 15330', '2019-09-28 12:14:56', 4, 'REG', '2022-09-27 16:12:41'),
	(2688, 'INV-100002688', 955, 21000, 2004750, 2025000, 191, 'Jalan G No. 140, Kel Haurgeulis, Kec Bantarujeg, Kab Kabupaten Majalengka Jawa Barat, 45464', '2019-09-29 09:35:35', 4, 'REG', '2022-09-28 17:57:19'),
	(2690, 'INV-100002690', 3042, 84000, 2437875, 2362500, 372, 'Jalan S No. 26, Kel Kagok, Kec Banjaran, Kab Kabupaten Majalengka Jawa Barat, 45468', '2019-09-29 15:15:41', 2, 'REG', '2022-09-28 10:46:29'),
	(2692, 'INV-100002692', 267, 27000, 1823250, 1657500, 61, 'Jalan Q No. 65, Kel Kedawung, Kec Padang, Kab Kabupaten Lumajang Jawa Timur, 67352', '2019-09-29 12:21:42', 1, 'REG', '2022-09-28 15:51:25'),
	(2694, 'INV-100002694', 3252, 84000, 3613500, 3610000, 351, 'Jalan E No. 21, Kel Bandorasa Wetan, Kec Cilimus, Kab Kabupaten Kuningan Jawa Barat, 45556', '2019-09-29 12:41:50', 5, 'REG', '2022-09-28 16:28:36'),
	(2696, 'INV-100002696', 2192, 63000, 5478000, 5280000, 251, 'Jalan E No. 103, Kel Mulyasari, Kec Tamansari, Kab Kota Tasikmalaya Jawa Barat, 46196', '2019-09-29 11:38:12', 1, 'REG', '2022-09-28 14:22:29'),
	(2698, 'INV-100002698', 782, 27000, 2016300, 1833000, 316, 'Jalan U No. 149, Kel Carat, Kec Gempol, Kab Kabupaten Pasuruan Jawa Timur, 67155', '2019-09-29 11:56:58', 1, 'REG', '2022-09-28 17:00:36'),
	(2700, 'INV-100002700', 697, 27000, 3118500, 2835000, 268, 'Jalan V No. 102, Kel Kaliombo, Kec Kediri Kota, Kab Kota Kediri Jawa Timur, 64126', '2019-09-29 09:57:12', 1, 'REG', '2022-09-28 01:58:03'),
	(2702, 'INV-100002702', 1280, 42000, 4620000, 4200000, 297, 'Jalan Y No. 87, Kel Clapar, Kec Karanggayam, Kab Kabupaten Kebumen Jawa Tengah, 54365', '2019-09-29 11:26:50', 5, 'REG', '2022-09-28 13:38:10'),
	(2704, 'INV-100002704', 1920, 54000, 5104000, 4640000, 402, 'Jalan N No. 29, Kel Bandungrejo, Kec Plumpang, Kab Kabupaten Tuban Jawa Timur, 62382', '2019-10-01 13:36:54', 1, 'REG', '2022-09-30 23:04:23'),
	(2706, 'INV-100002706', 6497, 147000, 2157100, 2088500, 161, 'Jalan L No. 109, Kel Sambeng, Kec Bantarbolang, Kab Kabupaten Pemalang Jawa Tengah, 52352', '2019-10-01 15:29:48', 2, 'REG', '2022-09-30 04:43:03'),
	(2708, 'INV-100002708', 1924, 42000, 3872000, 3520000, 98, 'Jalan M No. 128, Kel Pakalongan, Kec Sodonghilir, Kab Kabupaten Tasikmalaya Jawa Barat, 46473', '2019-10-01 15:24:50', 1, 'REG', '2022-09-30 07:58:05'),
	(2710, 'INV-100002710', 1400, 42000, 6710000, 6700000, 258, 'Jalan J No. 80, Kel Lulut, Kec Klapanunggal, Kab Kabupaten Bogor Jawa Barat, 16710', '2019-10-01 15:55:08', 2, 'REG', '2022-09-30 17:25:43'),
	(2712, 'INV-100002712', 2455, 63000, 1331000, 1300000, 313, 'Jalan W No. 122, Kel Kutosari, Kec Karanganyar, Kab Kabupaten Pekalongan Jawa Tengah, 51182', '2019-10-02 14:06:06', 6, 'REG', '2022-10-01 14:54:07'),
	(2714, 'INV-100002714', 1623, 42000, 7047700, 6407000, 265, 'Jalan J No. 129, Kel Kalijambe, Kec Bener, Kab Kabupaten Purworejo Jawa Tengah, 54183', '2019-10-02 12:37:50', 1, 'REG', '2022-10-01 23:52:14'),
	(2716, 'INV-100002716', 97, 27000, 858000, 860000, 282, 'Jalan Q No. 113, Kel Jabon, Kec Banyakan, Kab Kabupaten Kediri Jawa Timur, 64157', '2019-10-02 12:58:38', 5, 'REG', '2022-10-01 20:21:05'),
	(2718, 'INV-100002718', 54, 21000, 107250, 105000, 315, 'Jalan R No. 80, Kel Randudongkal, Kec Randudongkal, Kab Kabupaten Pemalang Jawa Tengah, 52353', '2019-10-02 11:50:40', 2, 'REG', '2022-10-01 07:25:25'),
	(2720, 'INV-100002720', 7105, 168000, 2706000, 2460000, 281, 'Jalan G No. 98, Kel Cemeng, Kec Sambung Macan, Kab Kabupaten Sragen Jawa Tengah, 57253', '2019-10-02 15:08:34', 4, 'REG', '2022-10-01 07:27:42'),
	(2722, 'INV-100002722', 1880, 42000, 9564500, 8970000, 78, 'Jalan O No. 113, Kel Widodaren, Kec Petarukan, Kab Kabupaten Pemalang Jawa Tengah, 52362', '2019-10-02 15:13:42', 6, 'REG', '2022-10-01 06:25:45'),
	(2724, 'INV-100002724', 1340, 42000, 4587000, 4170000, 480, 'Jalan N No. 32, Kel Jiworejo, Kec Jiken, Kab Kabupaten Blora Jawa Tengah, 58372', '2019-10-03 14:38:40', 6, 'REG', '2022-10-02 03:41:03'),
	(2726, 'INV-100002726', 272, 27000, 1824900, 1659000, 151, 'Jalan M No. 80, Kel Marengan Daya, Kec Kota Sumenep, Kab Kabupaten Sumenep Jawa Timur, 69417', '2019-10-03 09:06:18', 1, 'REG', '2022-10-02 06:52:37'),
	(2728, 'INV-100002728', 8225, 189000, 2444750, 2245000, 392, 'Jalan Z No. 61, Kel Cilampuyang, Kec Malangbong, Kab Kabupaten Garut Jawa Barat, 44188', '2019-10-03 13:00:43', 3, 'REG', '2022-10-02 02:29:18'),
	(2730, 'INV-100002730', 1230, 42000, 9592000, 9320000, 91, 'Jalan Q No. 20, Kel Paninggaran, Kec Paninggaran, Kab Kabupaten Pekalongan Jawa Tengah, 51164', '2019-10-03 13:37:35', 3, 'REG', '2022-10-02 13:46:49'),
	(2732, 'INV-100002732', 1215, 54000, 4321900, 4304000, 323, 'Jalan Z No. 119, Kel Luworo, Kec Pilangkenceng, Kab Kabupaten Madiun Jawa Timur, 63154', '2019-10-04 16:49:09', 6, 'REG', '2022-10-03 09:02:56'),
	(2734, 'INV-100002734', 802, 27000, 1252900, 1214000, 242, 'Jalan D No. 34, Kel Suciharjo, Kec Parengan, Kab Kabupaten Tuban Jawa Timur, 62366', '2019-10-04 14:22:42', 3, 'REG', '2022-10-03 12:38:40'),
	(2736, 'INV-100002736', 3880, 108000, 5731000, 5250000, 308, 'Jalan M No. 52, Kel Nogosari, Kec Pacet, Kab Kabupaten Mojokerto Jawa Timur, 61374', '2019-10-04 14:11:03', 6, 'REG', '2022-10-03 07:43:03'),
	(2738, 'INV-100002738', 1122, 54000, 3639900, 3309000, 317, 'Jalan Q No. 106, Kel Bener, Kec Saradan, Kab Kabupaten Madiun Jawa Timur, 63155', '2019-10-04 10:39:00', 2, 'REG', '2022-10-03 01:38:22'),
	(2740, 'INV-100002740', 2427, 63000, 4427500, 4160000, 172, 'Jalan G No. 75, Kel Kedalon, Kec Batangan, Kab Kabupaten Pati Jawa Tengah, 59186', '2019-10-04 10:36:31', 2, 'REG', '2022-10-03 20:40:06'),
	(2742, 'INV-100002742', 1355, 54000, 1525700, 1387000, 180, 'Jalan U No. 22, Kel Paringan, Kec Jenangan, Kab Kabupaten Ponorogo Jawa Timur, 63492', '2019-10-04 09:28:26', 3, 'REG', '2022-10-03 15:11:13'),
	(2744, 'INV-100002744', 671, 21000, 2979625, 2717500, 126, 'Jalan V No. 135, Kel Barengkok, Kec Jasinga, Kab Kabupaten Bogor Jawa Barat, 16670', '2019-10-05 12:33:12', 6, 'REG', '2022-10-04 05:15:51'),
	(2746, 'INV-100002746', 1596, 30000, 3894825, 3867500, 440, 'Jalan D No. 35, Kel Pete, Kec Tigaraksa, Kab Kabupaten Tangerang Banten, 15720', '2019-10-05 12:18:34', 3, 'REG', '2022-10-04 07:15:54'),
	(2748, 'INV-100002748', 630, 21000, 3212000, 2920000, 226, 'Jalan E No. 24, Kel Protomulyo, Kec Kaliwungu Selatan, Kab Kabupaten Kendal Jawa Tengah, 51372', '2019-10-05 12:12:30', 4, 'REG', '2022-10-04 06:38:07'),
	(2750, 'INV-100002750', 330, 21000, 1892000, 1720000, 242, 'Jalan U No. 33, Kel Kemlakagede, Kec Tengah Tani, Kab Kabupaten Cirebon Jawa Barat, 45153', '2019-10-05 10:39:58', 4, 'REG', '2022-10-04 11:40:20'),
	(2752, 'INV-100002752', 850, 21000, 5637500, 5450000, 307, 'Jalan O No. 114, Kel Mekarwangi, Kec Bojongloa Kidul, Kab Kota Bandung Jawa Barat, 40237', '2019-10-05 14:48:45', 3, 'REG', '2022-10-04 02:12:53'),
	(2754, 'INV-100002754', 1455, 54000, 4989050, 4680500, 270, 'Jalan C No. 65, Kel Sumber Waru, Kec Waru, Kab Kabupaten Pamekasan Jawa Timur, 69353', '2019-10-05 13:53:01', 3, 'REG', '2022-10-04 19:53:33'),
	(2756, 'INV-100002756', 6800, 147000, 1677500, 1650000, 275, 'Jalan R No. 132, Kel Padanaan, Kec Paseh, Kab Kabupaten Sumedang Jawa Barat, 45381', '2019-10-06 11:35:32', 2, 'REG', '2022-10-05 08:04:31'),
	(2758, 'INV-100002758', 580, 27000, 1815000, 1650000, 178, 'Jalan V No. 49, Kel Lembor, Kec Brondong, Kab Kabupaten Lamongan Jawa Timur, 62263', '2019-10-06 11:55:44', 1, 'REG', '2022-10-05 06:27:10'),
	(2760, 'INV-100002760', 1550, 42000, 2860000, 2600000, 287, 'Jalan C No. 116, Kel Kepuh, Kec Lemahsugih, Kab Kabupaten Majalengka Jawa Barat, 45465', '2019-10-06 15:28:29', 4, 'REG', '2022-10-05 02:09:56'),
	(2762, 'INV-100002762', 1933, 54000, 6809000, 6190000, 87, 'Jalan F No. 75, Kel Tegalweru, Kec Dau, Kab Kabupaten Malang Jawa Timur, 65151', '2019-10-06 14:08:43', 1, 'REG', '2022-10-05 03:39:12'),
	(2764, 'INV-100002764', 1003, 30000, 3021700, 2747000, 94, 'Jalan C No. 124, Kel Ciwarna, Kec Mancak, Kab Kabupaten Serang Banten, 42165', '2019-10-06 13:11:29', 2, 'REG', '2022-10-05 16:20:45'),
	(2766, 'INV-100002766', 607, 27000, 858000, 780000, 315, 'Jalan Y No. 40, Kel Kladi, Kec Cermee, Kab Kabupaten Bondowoso Jawa Timur, 68286', '2019-10-06 16:35:38', 6, 'REG', '2022-10-05 19:51:11'),
	(2768, 'INV-100002768', 1163, 42000, 2822325, 2567500, 288, 'Jalan I No. 28, Kel Rahayu, Kec Padureso, Kab Kabupaten Kebumen Jawa Tengah, 54394', '2019-10-08 14:02:58', 4, 'REG', '2022-10-07 12:11:32'),
	(2770, 'INV-100002770', 3030, 84000, 3157000, 2870000, 226, 'Jalan U No. 25, Kel Golat, Kec Panumbangan, Kab Kabupaten Ciamis Jawa Barat, 46263', '2019-10-08 09:14:00', 2, 'REG', '2022-10-07 18:21:15'),
	(2772, 'INV-100002772', 1451, 54000, 3790875, 3592500, 312, 'Jalan C No. 138, Kel Wonokarto, Kec Ngadirojo, Kab Kabupaten Pacitan Jawa Timur, 63572', '2019-10-08 11:44:22', 2, 'REG', '2022-10-07 17:45:35'),
	(2774, 'INV-100002774', 917, 21000, 583000, 530000, 293, 'Jalan F No. 50, Kel Gambirmanis, Kec Pracimantoro, Kab Kabupaten Wonogiri Jawa Tengah, 57664', '2019-10-08 11:51:22', 5, 'REG', '2022-10-07 03:29:43'),
	(2776, 'INV-100002776', 1580, 42000, 3616250, 3325000, 144, 'Jalan Y No. 25, Kel Karangtalun, Kec Ngluwar, Kab Kabupaten Magelang Jawa Tengah, 56485', '2019-10-08 13:06:02', 3, 'REG', '2022-10-07 09:17:18'),
	(2778, 'INV-100002778', 1500, 54000, 3987500, 3950000, 398, 'Jalan E No. 47, Kel Plumbungan (Pelumbungan), Kec Kebon Agung, Kab Kabupaten Pacitan Jawa Timur, 63561', '2019-10-08 10:50:53', 1, 'REG', '2022-10-07 05:03:29'),
	(2780, 'INV-100002780', 4617, 105000, 2425500, 2280000, 82, 'Jalan U No. 126, Kel Cipayung, Kec Cipayung, Kab Kota Depok Jawa Barat, 16437', '2019-10-09 11:17:23', 2, 'REG', '2022-10-08 16:55:04'),
	(2782, 'INV-100002782', 4280, 135000, 6982250, 6475000, 190, 'Jalan S No. 115, Kel Opo Opo, Kec Krejengan, Kab Kabupaten Probolinggo Jawa Timur, 67284', '2019-10-09 11:09:02', 1, 'REG', '2022-10-08 03:17:10'),
	(2784, 'INV-100002784', 1382, 42000, 1606000, 1460000, 37, 'Jalan F No. 110, Kel Karangawader, Kec Penawangan, Kab Kabupaten Grobogan Jawa Tengah, 58161', '2019-10-09 14:28:46', 6, 'REG', '2022-10-08 23:50:04'),
	(2786, 'INV-100002786', 870, 21000, 1089000, 990000, 278, 'Jalan A No. 96, Kel Karangtengah, Kec Kemangkon, Kab Kabupaten Purbalingga Jawa Tengah, 53381', '2019-10-09 10:09:45', 6, 'REG', '2022-10-08 09:52:25'),
	(2788, 'INV-100002788', 796, 27000, 1014750, 922500, 272, 'Jalan Q No. 59, Kel Puncu, Kec Puncu, Kab Kabupaten Kediri Jawa Timur, 64292', '2019-10-09 14:01:32', 2, 'REG', '2022-10-08 23:44:33'),
	(2790, 'INV-100002790', 1172, 42000, 816750, 750000, 263, 'Jalan W No. 111, Kel Jonggrangan, Kec Klaten Utara, Kab Kabupaten Klaten Jawa Tengah, 57435', '2019-10-10 13:01:31', 2, 'REG', '2022-10-09 06:07:57'),
	(2792, 'INV-100002792', 782, 21000, 2244000, 2130000, 308, 'Jalan J No. 70, Kel Leuweunggajah, Kec Ciledug, Kab Kabupaten Cirebon Jawa Barat, 45188', '2019-10-10 14:39:06', 4, 'REG', '2022-10-09 12:09:37'),
	(2794, 'INV-100002794', 1185, 42000, 3503500, 3185000, 345, 'Jalan Z No. 48, Kel Cibeusi, Kec Jatinangor, Kab Kabupaten Sumedang Jawa Barat, 45363', '2019-10-10 14:10:41', 6, 'REG', '2022-10-09 19:20:51'),
	(2796, 'INV-100002796', 617, 21000, 1331000, 1210000, 347, 'Jalan X No. 104, Kel Babalan Kidul, Kec Bojong, Kab Kabupaten Pekalongan Jawa Tengah, 51156', '2019-10-10 09:36:38', 2, 'REG', '2022-10-09 06:26:43'),
	(2798, 'INV-100002798', 5032, 126000, 1809500, 1810000, 325, 'Jalan K No. 131, Kel Tegalyoso, Kec Klaten Selatan, Kab Kabupaten Klaten Jawa Tengah, 57424', '2019-10-10 11:51:12', 6, 'REG', '2022-10-09 15:10:07'),
	(2800, 'INV-100002800', 180, 21000, 343200, 312000, 227, 'Jalan Q No. 96, Kel Tegalontar, Kec Sragi, Kab Kabupaten Pekalongan Jawa Tengah, 51155', '2019-10-10 14:35:45', 6, 'REG', '2022-10-09 08:17:14'),
	(2802, 'INV-100002802', 9795, 270000, 4059000, 3690000, 416, 'Jalan E No. 102, Kel Bandungsari, Kec Sukodadi, Kab Kabupaten Lamongan Jawa Timur, 62253', '2019-10-10 13:50:15', 2, 'REG', '2022-10-09 01:18:42'),
	(2804, 'INV-100002804', 1723, 42000, 1080200, 982000, 305, 'Jalan S No. 39, Kel Pamalayan, Kec Cijeungjing, Kab Kabupaten Ciamis Jawa Barat, 46271', '2019-10-11 13:47:51', 1, 'REG', '2022-10-10 11:44:29'),
	(2806, 'INV-100002806', 2601, 63000, 7903500, 7850000, 274, 'Jalan A No. 87, Kel Cileuksa, Kec Sukajaya, Kab Kabupaten Bogor Jawa Barat, 16660', '2019-10-11 14:27:41', 5, 'REG', '2022-10-10 14:09:02'),
	(2808, 'INV-100002808', 570, 27000, 2079000, 1890000, 283, 'Jalan C No. 86, Kel Banjaran, Kec Driyorejo, Kab Kabupaten Gresik Jawa Timur, 61177', '2019-10-11 11:42:21', 6, 'REG', '2022-10-10 17:56:02'),
	(2810, 'INV-100002810', 732, 21000, 1468500, 1450000, 316, 'Jalan E No. 24, Kel Sirnajaya, Kec Tanggeung, Kab Kabupaten Cianjur Jawa Barat, 43267', '2019-10-11 16:32:38', 1, 'REG', '2022-10-10 07:56:43'),
	(2812, 'INV-100002812', 1402, 42000, 3036000, 2760000, 180, 'Jalan Z No. 33, Kel Wonosido, Kec Lebakbarang, Kab Kabupaten Pekalongan Jawa Tengah, 51183', '2019-10-11 12:14:28', 4, 'REG', '2022-10-10 06:48:00'),
	(2814, 'INV-100002814', 4999, 105000, 2662000, 2460000, 270, 'Jalan H No. 119, Kel Tanjungsukur, Kec Rajadesa, Kab Kabupaten Ciamis Jawa Barat, 46254', '2019-10-11 14:59:00', 5, 'REG', '2022-10-10 02:17:50'),
	(2816, 'INV-100002816', 708, 27000, 583000, 530000, 132, 'Jalan Y No. 118, Kel Ketegan, Kec Rejoso, Kab Kabupaten Pasuruan Jawa Timur, 67181', '2019-10-11 14:23:00', 6, 'REG', '2022-10-10 07:41:55'),
	(2818, 'INV-100002818', 5484, 126000, 1795750, 1680000, 183, 'Jalan O No. 86, Kel Umbulsari, Kec Windusari, Kab Kabupaten Magelang Jawa Tengah, 56152', '2019-10-12 14:36:35', 6, 'REG', '2022-10-11 11:16:31'),
	(2820, 'INV-100002820', 163, 27000, 337700, 307000, 250, 'Jalan G No. 50, Kel Buddi, Kec Arjasa, Kab Kabupaten Sumenep Jawa Timur, 69491', '2019-10-12 09:43:48', 2, 'REG', '2022-10-11 13:04:48'),
	(2822, 'INV-100002822', 952, 21000, 2409000, 2190000, 251, 'Jalan L No. 141, Kel Tamansari, Kec Pangkalan, Kab Kabupaten Karawang Jawa Barat, 41362', '2019-10-12 11:04:45', 1, 'REG', '2022-10-11 16:00:40'),
	(2824, 'INV-100002824', 333, 15000, 897325, 817500, 237, 'Jalan P No. 127, Kel Ranca Bango, Kec Rajeg, Kab Kabupaten Tangerang Banten, 15540', '2019-10-12 11:30:13', 6, 'REG', '2022-10-11 07:05:11'),
	(2826, 'INV-100002826', 867, 21000, 1202300, 1115500, 270, 'Jalan R No. 77, Kel Banaran, Kec Grogol, Kab Kabupaten Sukoharjo Jawa Tengah, 57552', '2019-10-12 15:09:17', 3, 'REG', '2022-10-11 09:07:13'),
	(2828, 'INV-100002828', 1047, 42000, 2307800, 2098000, 254, 'Jalan L No. 150, Kel Kepudang, Kec Binangun, Kab Kabupaten Cilacap Jawa Tengah, 53281', '2019-10-12 16:52:50', 5, 'REG', '2022-10-11 07:37:37'),
	(2830, 'INV-100002830', 6078, 105000, 3652550, 3445500, 414, 'Jalan T No. 72, Kel Lamaran, Kec Binuang, Kab Kabupaten Serang Banten, 42196', '2019-10-12 09:46:21', 4, 'REG', '2022-10-11 18:50:44'),
	(2832, 'INV-100002832', 1572, 30000, 6161100, 6038500, 45, 'Jalan E No. 91, Kel Caringin, Kec Legok, Kab Kabupaten Tangerang Banten, 15820', '2019-10-13 10:55:44', 5, 'REG', '2022-10-12 05:54:52'),
	(2834, 'INV-100002834', 4653, 105000, 821700, 747000, 7, 'Jalan L No. 143, Kel Linggamekar, Kec Cilimus, Kab Kabupaten Kuningan Jawa Barat, 45556', '2019-10-13 16:15:18', 2, 'REG', '2022-10-12 08:26:00'),
	(2836, 'INV-100002836', 1195, 54000, 1991000, 1900000, 172, 'Jalan A No. 149, Kel Purwodadi, Kec Ringinrejo, Kab Kabupaten Kediri Jawa Timur, 64176', '2019-10-13 14:30:17', 5, 'REG', '2022-10-12 17:24:21'),
	(2838, 'INV-100002838', 1407, 42000, 3179000, 2890000, 457, 'Jalan A No. 104, Kel Krasak, Kec Jatibarang, Kab Kabupaten Indramayu Jawa Barat, 45273', '2019-10-13 16:54:06', 5, 'REG', '2022-10-12 11:14:15'),
	(2840, 'INV-100002840', 4500, 105000, 6957500, 6550000, 289, 'Jalan T No. 110, Kel Banyumudal, Kec Sapuran, Kab Kabupaten Wonosobo Jawa Tengah, 56373', '2019-10-13 14:25:11', 3, 'REG', '2022-10-12 01:22:49'),
	(2842, 'INV-100002842', 5652, 126000, 3302750, 3255000, 243, 'Jalan Z No. 124, Kel Telarsari, Kec Jatisari, Kab Kabupaten Karawang Jawa Barat, 41374', '2019-10-13 12:26:11', 5, 'REG', '2022-10-12 22:08:09'),
	(2844, 'INV-100002844', 2980, 63000, 1716000, 1610000, 228, 'Jalan B No. 96, Kel Pekalongan, Kec Bojongsari, Kab Kabupaten Purbalingga Jawa Tengah, 53362', '2019-10-15 16:26:23', 6, 'REG', '2022-10-14 07:52:12'),
	(2846, 'INV-100002846', 1750, 42000, 3602500, 3275000, 312, 'Jalan N No. 67, Kel Cihoe (Cihowe), Kec Ciseeng, Kab Kabupaten Bogor Jawa Barat, 16120', '2019-10-15 09:41:14', 6, 'REG', '2022-10-14 23:14:04'),
	(2848, 'INV-100002848', 1050, 54000, 2543750, 2425000, 480, 'Jalan V No. 109, Kel Sidobogem, Kec Sugio, Kab Kabupaten Lamongan Jawa Timur, 62256', '2019-10-15 16:34:17', 4, 'REG', '2022-10-14 14:26:04'),
	(2850, 'INV-100002850', 4582, 105000, 2431000, 2210000, 469, 'Jalan H No. 54, Kel Wonoboyo, Kec Wonogiri, Kab Kabupaten Wonogiri Jawa Tengah, 57615', '2019-10-15 13:46:40', 4, 'REG', '2022-10-14 04:16:10'),
	(2852, 'INV-100002852', 5100, 162000, 2420000, 2250000, 27, 'Jalan I No. 42, Kel Pagak, Kec Pagak, Kab Kabupaten Malang Jawa Timur, 65168', '2019-10-15 13:50:53', 2, 'REG', '2022-10-14 00:41:15'),
	(2854, 'INV-100002854', 1322, 54000, 4185775, 4132500, 378, 'Jalan X No. 120, Kel Wringinanom, Kec Sambit, Kab Kabupaten Ponorogo Jawa Timur, 63474', '2019-10-15 11:18:18', 5, 'REG', '2022-10-14 18:49:09'),
	(2856, 'INV-100002856', 623, 27000, 2492325, 2267500, 274, 'Jalan M No. 101, Kel Kutorejo, Kec Pandaan, Kab Kabupaten Pasuruan Jawa Timur, 67156', '2019-10-16 14:26:09', 3, 'REG', '2022-10-15 17:20:37'),
	(2858, 'INV-100002858', 522, 21000, 1056000, 1040000, 284, 'Jalan B No. 99, Kel Karangreja, Kec Suranenggala, Kab Kabupaten Cirebon Jawa Barat, 45152', '2019-10-16 10:44:39', 1, 'REG', '2022-10-15 05:27:58'),
	(2860, 'INV-100002860', 1708, 42000, 2673000, 2545000, 246, 'Jalan J No. 101, Kel Sukapura, Kec Rawamerta, Kab Kabupaten Karawang Jawa Barat, 41382', '2019-10-16 11:19:26', 2, 'REG', '2022-10-15 16:37:12'),
	(2862, 'INV-100002862', 2793, 63000, 6369000, 6140000, 244, 'Jalan G No. 53, Kel Pundensari, Kec Purwodadi, Kab Kabupaten Purworejo Jawa Tengah, 54173', '2019-10-16 10:52:57', 3, 'REG', '2022-10-15 04:05:09'),
	(2864, 'INV-100002864', 2450, 63000, 5032500, 4850000, 305, 'Jalan K No. 106, Kel Sirnajaya, Kec Sukaraja, Kab Kabupaten Tasikmalaya Jawa Barat, 46183', '2019-10-16 11:01:36', 2, 'REG', '2022-10-15 02:24:24'),
	(2866, 'INV-100002866', 180, 21000, 352550, 320500, 249, 'Jalan E No. 104, Kel Tambaksari, Kec Wanareja, Kab Kabupaten Cilacap Jawa Tengah, 53265', '2019-10-16 12:24:06', 6, 'REG', '2022-10-15 11:56:38'),
	(2868, 'INV-100002868', 4050, 105000, 3382500, 3125000, 30, 'Jalan R No. 88, Kel Adiwarno, Kec Selomerto, Kab Kabupaten Wonosobo Jawa Tengah, 56361', '2019-10-16 14:25:59', 6, 'REG', '2022-10-15 23:42:50'),
	(2870, 'INV-100002870', 4654, 75000, 7931000, 7730000, 376, 'Jalan X No. 94, Kel Jayamekar, Kec Jiput, Kab Kabupaten Pandeglang Banten, 42263', '2019-10-17 09:18:25', 5, 'REG', '2022-10-16 01:29:03'),
	(2872, 'INV-100002872', 1000, 21000, 5989500, 5720000, 452, 'Jalan N No. 66, Kel Candisari, Kec Secang, Kab Kabupaten Magelang Jawa Tengah, 56195', '2019-10-17 15:51:51', 1, 'REG', '2022-10-16 06:33:24'),
	(2874, 'INV-100002874', 1732, 30000, 6116000, 5975000, 32, 'Jalan N No. 67, Kel Cempaka, Kec Cisoka, Kab Kabupaten Tangerang Banten, 15730', '2019-10-17 16:00:30', 3, 'REG', '2022-10-16 14:06:54'),
	(2876, 'INV-100002876', 1223, 42000, 2805000, 2550000, 270, 'Jalan J No. 52, Kel Kebonbaru, Kec Kejaksan, Kab Kota Cirebon Jawa Barat, 45121', '2019-10-17 14:20:19', 2, 'REG', '2022-10-16 19:50:25'),
	(2878, 'INV-100002878', 932, 21000, 3814250, 3545000, 233, 'Jalan D No. 72, Kel Srobyong, Kec Mlonggo, Kab Kabupaten Jepara Jawa Tengah, 59452', '2019-10-17 11:21:14', 1, 'REG', '2022-10-16 07:59:23'),
	(2880, 'INV-100002880', 5202, 162000, 2120800, 1928000, 229, 'Jalan W No. 99, Kel Sengguruh, Kec Kepanjen, Kab Kabupaten Malang Jawa Timur, 65163', '2019-10-18 09:02:40', 3, 'REG', '2022-10-17 05:37:27'),
	(2882, 'INV-100002882', 2855, 81000, 4474250, 4155000, 284, 'Jalan Q No. 76, Kel Jembul, Kec Jatirejo, Kab Kabupaten Mojokerto Jawa Timur, 61373', '2019-10-18 12:14:59', 1, 'REG', '2022-10-17 03:15:56'),
	(2884, 'INV-100002884', 1030, 54000, 2679875, 2512500, 276, 'Jalan S No. 39, Kel Purworejo, Kec Ngunut, Kab Kabupaten Tulungagung Jawa Timur, 66292', '2019-10-18 14:23:24', 5, 'REG', '2022-10-17 09:53:22'),
	(2886, 'INV-100002886', 1720, 42000, 5808000, 5280000, 301, 'Jalan S No. 121, Kel Karangtalun, Kec Bobotsari, Kab Kabupaten Purbalingga Jawa Tengah, 53353', '2019-10-18 09:58:24', 6, 'REG', '2022-10-17 15:36:39'),
	(2888, 'INV-100002888', 1044, 54000, 1815275, 1652500, 24, 'Jalan H No. 91, Kel Jarin, Kec Pademawu, Kab Kabupaten Pamekasan Jawa Timur, 69323', '2019-10-18 14:24:38', 6, 'REG', '2022-10-17 18:35:57'),
	(2890, 'INV-100002890', 1075, 42000, 682000, 620000, 452, 'Jalan L No. 56, Kel Pegagan Lor, Kec Kapetakan, Kab Kabupaten Cirebon Jawa Barat, 45152', '2019-10-18 12:52:50', 3, 'REG', '2022-10-17 11:07:24'),
	(2892, 'INV-100002892', 992, 21000, 2598750, 2440000, 231, 'Jalan C No. 29, Kel Kotakulon, Kec Garut Kota, Kab Kabupaten Garut Jawa Barat, 44112', '2019-10-19 14:52:35', 1, 'REG', '2022-10-18 23:30:39'),
	(2894, 'INV-100002894', 3587, 108000, 1199000, 1090000, 248, 'Jalan V No. 21, Kel Tanjungsepreh, Kec Maospati, Kab Kabupaten Magetan Jawa Timur, 63392', '2019-10-19 13:35:45', 5, 'REG', '2022-10-18 10:45:18'),
	(2896, 'INV-100002896', 13300, 294000, 3657500, 3450000, 315, 'Jalan Q No. 133, Kel Nglora, Kec Sapto Sari, Kab Kabupaten Gunung Kidul DI Yogyakarta, 55871', '2019-10-19 11:33:36', 1, 'REG', '2022-10-18 13:08:38'),
	(2898, 'INV-100002898', 1853, 54000, 4004000, 3640000, 257, 'Jalan E No. 45, Kel Simorejo, Kec Kanor, Kab Kabupaten Bojonegoro Jawa Timur, 62193', '2019-10-19 13:36:47', 4, 'REG', '2022-10-18 10:50:21'),
	(2900, 'INV-100002900', 357, 21000, 2235750, 2070000, 305, 'Jalan W No. 39, Kel Sukahaji, Kec Sukawening, Kab Kabupaten Garut Jawa Barat, 44184', '2019-10-19 12:12:59', 6, 'REG', '2022-10-18 11:09:07'),
	(2902, 'INV-100002902', 2154, 45000, 5049000, 5100000, 239, 'Jalan L No. 20, Kel Umbulan, Kec Cikeusik, Kab Kabupaten Pandeglang Banten, 42286', '2019-10-19 11:47:31', 2, 'REG', '2022-10-18 14:59:10'),
	(2904, 'INV-100002904', 5262, 162000, 1732500, 1575000, 467, 'Jalan Z No. 23, Kel Tamanan, Kec Tamanan, Kab Kabupaten Bondowoso Jawa Timur, 68263', '2019-10-20 11:00:28', 6, 'REG', '2022-10-19 19:57:39'),
	(2906, 'INV-100002906', 778, 21000, 726000, 660000, 251, 'Jalan Z No. 103, Kel Tubanan, Kec Kembang, Kab Kabupaten Jepara Jawa Tengah, 59453', '2019-10-20 09:50:22', 6, 'REG', '2022-10-19 12:32:49'),
	(2908, 'INV-100002908', 1115, 54000, 1240250, 1235000, 1, 'Jalan N No. 69, Kel Jatirejo, Kec Diwek, Kab Kabupaten Jombang Jawa Timur, 61471', '2019-10-20 15:12:05', 4, 'REG', '2022-10-19 21:48:31'),
	(2910, 'INV-100002910', 1737, 42000, 4730000, 4300000, 159, 'Jalan N No. 134, Kel Wonoboyo, Kec Jogonalan, Kab Kabupaten Klaten Jawa Tengah, 57452', '2019-10-20 16:51:37', 2, 'REG', '2022-10-19 19:31:08'),
	(2912, 'INV-100002912', 160, 21000, 635250, 615000, 308, 'Jalan I No. 66, Kel Bojong, Kec Karangtengah, Kab Kabupaten Cianjur Jawa Barat, 43281', '2019-10-22 09:16:49', 4, 'REG', '2022-10-21 11:20:51'),
	(2914, 'INV-100002914', 1400, 54000, 4908750, 4525000, 254, 'Jalan E No. 75, Kel Tenggun Daya, Kec Klampis, Kab Kabupaten Bangkalan Jawa Timur, 69153', '2019-10-22 16:46:08', 3, 'REG', '2022-10-21 20:06:16'),
	(2916, 'INV-100002916', 4575, 135000, 1811700, 1647000, 302, 'Jalan H No. 76, Kel Sidokumpul, Kec Bangilan, Kab Kabupaten Tuban Jawa Timur, 62364', '2019-10-22 11:21:28', 4, 'REG', '2022-10-21 12:43:21'),
	(2918, 'INV-100002918', 777, 21000, 6308500, 6060000, 290, 'Jalan Y No. 26, Kel Cicadas, Kec Gunung Putri, Kab Kabupaten Bogor Jawa Barat, 16964', '2019-10-22 09:33:53', 2, 'REG', '2022-10-21 19:45:07'),
	(2920, 'INV-100002920', 5000, 105000, 2695000, 2450000, 228, 'Jalan A No. 128, Kel Mertelu, Kec Gedang Sari, Kab Kabupaten Gunung Kidul DI Yogyakarta, 55863', '2019-10-22 09:56:27', 1, 'REG', '2022-10-21 12:05:45'),
	(2922, 'INV-100002922', 973, 21000, 1831500, 1740000, 463, 'Jalan A No. 91, Kel Ponowaren, Kec Tawangsari, Kab Kabupaten Sukoharjo Jawa Tengah, 57561', '2019-10-22 16:49:11', 6, 'REG', '2022-10-21 03:20:15'),
	(2924, 'INV-100002924', 4710, 135000, 1982750, 1825000, 69, 'Jalan I No. 52, Kel Janti, Kec Tulangan, Kab Kabupaten Sidoarjo Jawa Timur, 61273', '2019-10-22 13:36:26', 5, 'REG', '2022-10-21 14:33:53'),
	(2926, 'INV-100002926', 5349, 126000, 4265250, 3877500, 228, 'Jalan J No. 110, Kel Trasan, Kec Juwiring, Kab Kabupaten Klaten Jawa Tengah, 57472', '2019-10-23 09:45:27', 5, 'REG', '2022-10-22 18:16:43'),
	(2928, 'INV-100002928', 5070, 126000, 3426500, 3340000, 39, 'Jalan C No. 37, Kel Temulus, Kec Randublatung, Kab Kabupaten Blora Jawa Tengah, 58382', '2019-10-23 15:56:28', 4, 'REG', '2022-10-22 07:04:05'),
	(2930, 'INV-100002930', 3352, 84000, 4272950, 3942000, 255, 'Jalan P No. 70, Kel Lengkong, Kec Batangan, Kab Kabupaten Pati Jawa Tengah, 59186', '2019-10-23 15:46:01', 4, 'REG', '2022-10-22 09:54:52'),
	(2932, 'INV-100002932', 4027, 105000, 5244250, 4775000, 280, 'Jalan Z No. 72, Kel Cigintung, Kec Kuningan, Kab Kabupaten Kuningan Jawa Barat, 45517', '2019-10-23 16:32:50', 4, 'REG', '2022-10-22 01:54:21'),
	(2934, 'INV-100002934', 3952, 84000, 1012000, 920000, 263, 'Jalan W No. 92, Kel Gunungwangi, Kec Kaligesing, Kab Kabupaten Purworejo Jawa Tengah, 54175', '2019-10-23 09:09:48', 3, 'REG', '2022-10-22 07:20:33'),
	(2936, 'INV-100002936', 9150, 210000, 3863750, 3675000, 271, 'Jalan Q No. 28, Kel Sokogelap, Kec Kemiri, Kab Kabupaten Purworejo Jawa Tengah, 54262', '2019-10-23 14:00:11', 5, 'REG', '2022-10-22 00:12:23'),
	(2938, 'INV-100002938', 2132, 81000, 4864750, 4685000, 58, 'Jalan A No. 42, Kel Kertosari, Kec Pasrujambe/Pasujambe, Kab Kabupaten Lumajang Jawa Timur, 67361', '2019-10-24 12:12:43', 1, 'REG', '2022-10-23 21:06:38'),
	(2940, 'INV-100002940', 5872, 126000, 8201050, 7943000, 95, 'Jalan Q No. 70, Kel Sawitan, Kec Mungkid, Kab Kabupaten Magelang Jawa Tengah, 56511', '2019-10-24 11:56:56', 5, 'REG', '2022-10-23 09:33:20'),
	(2942, 'INV-100002942', 2540, 63000, 1463000, 1380000, 377, 'Jalan G No. 100, Kel Beji, Kec Ngawen, Kab Kabupaten Gunung Kidul DI Yogyakarta, 55853', '2019-10-24 14:41:40', 6, 'REG', '2022-10-23 04:45:31'),
	(2944, 'INV-100002944', 917, 27000, 1347500, 1245000, 175, 'Jalan H No. 95, Kel Bajang, Kec Balong, Kab Kabupaten Ponorogo Jawa Timur, 63461', '2019-10-24 12:45:52', 2, 'REG', '2022-10-23 08:02:49'),
	(2946, 'INV-100002946', 1375, 42000, 2018500, 1910000, 496, 'Jalan A No. 80, Kel Sumberejo, Kec Bonang, Kab Kabupaten Demak Jawa Tengah, 59552', '2019-10-24 15:12:49', 3, 'REG', '2022-10-23 18:36:27'),
	(2948, 'INV-100002948', 1252, 42000, 1289750, 1285000, 327, 'Jalan I No. 140, Kel Tanjung, Kec Nguter, Kab Kabupaten Sukoharjo Jawa Tengah, 57571', '2019-10-24 09:10:01', 2, 'REG', '2022-10-23 02:26:43'),
	(2950, 'INV-100002950', 172, 27000, 804375, 732500, 244, 'Jalan S No. 24, Kel Toyoresmi, Kec Ngasem, Kab Kabupaten Kediri Jawa Timur, 64182', '2019-10-24 11:41:14', 1, 'REG', '2022-10-23 01:04:37'),
	(2952, 'INV-100002952', 1590, 42000, 6050000, 5500000, 313, 'Jalan H No. 68, Kel Cimahi, Kec Cimahi Tengah, Kab Kota Cimahi Jawa Barat, 40525', '2019-10-25 12:44:53', 6, 'REG', '2022-10-24 18:42:00'),
	(2954, 'INV-100002954', 1435, 54000, 4587000, 4170000, 327, 'Jalan X No. 31, Kel Patihan, Kec Manguharjo, Kab Kota Madiun Jawa Timur, 63123', '2019-10-25 10:26:11', 2, 'REG', '2022-10-24 16:39:53'),
	(2956, 'INV-100002956', 5800, 162000, 5472500, 5350000, 80, 'Jalan B No. 54, Kel Ploso, Kec Ploso, Kab Kabupaten Jombang Jawa Timur, 61453', '2019-10-25 14:05:01', 3, 'REG', '2022-10-24 00:47:08'),
	(2958, 'INV-100002958', 555, 21000, 568700, 557000, 22, 'Jalan H No. 74, Kel Ngadimulyo, Kec Selomerto, Kab Kabupaten Wonosobo Jawa Tengah, 56361', '2019-10-25 13:46:01', 5, 'REG', '2022-10-24 10:19:44'),
	(2960, 'INV-100002960', 1250, 42000, 5423000, 5255000, 283, 'Jalan S No. 69, Kel Tirtomoyo, Kec Tirtomoyo, Kab Kabupaten Wonogiri Jawa Tengah, 57672', '2019-10-25 09:57:35', 2, 'REG', '2022-10-24 16:56:12'),
	(2962, 'INV-100002962', 5649, 162000, 2733500, 2525000, 473, 'Jalan P No. 81, Kel Surabayan, Kec Sukodadi, Kab Kabupaten Lamongan Jawa Timur, 62253', '2019-10-25 13:30:04', 5, 'REG', '2022-10-24 06:32:38'),
	(2964, 'INV-100002964', 1379, 42000, 715000, 650000, 496, 'Jalan P No. 104, Kel Kebonrejo, Kec Candimulyo, Kab Kabupaten Magelang Jawa Tengah, 56191', '2019-10-26 12:01:33', 3, 'REG', '2022-10-25 15:25:22'),
	(2966, 'INV-100002966', 1600, 54000, 5359750, 4895000, 249, 'Jalan V No. 100, Kel Tanjung Jati, Kec Kamal, Kab Kabupaten Bangkalan Jawa Timur, 69162', '2019-10-26 10:54:17', 6, 'REG', '2022-10-25 09:26:06'),
	(2968, 'INV-100002968', 1275, 42000, 2944700, 2677000, 252, 'Jalan N No. 87, Kel Jaten, Kec Jaten, Kab Kabupaten Karanganyar Jawa Tengah, 57731', '2019-10-26 14:47:31', 2, 'REG', '2022-10-25 20:25:49'),
	(2970, 'INV-100002970', 6132, 147000, 3797750, 3675000, 289, 'Jalan I No. 146, Kel Karangsentul, Kec Padamara, Kab Kabupaten Purbalingga Jawa Tengah, 53372', '2019-10-26 12:44:48', 6, 'REG', '2022-10-25 16:39:12'),
	(2972, 'INV-100002972', 5530, 126000, 1584000, 1440000, 265, 'Jalan T No. 34, Kel Pasanggrahan, Kec Kasomalang, Kab Kabupaten Subang Jawa Barat, 41283', '2019-10-26 11:45:08', 3, 'REG', '2022-10-25 20:46:26'),
	(2974, 'INV-100002974', 892, 27000, 1765500, 1750000, 500, 'Jalan D No. 148, Kel Nambangrejo, Kec Sukorejo, Kab Kabupaten Ponorogo Jawa Timur, 63453', '2019-10-26 16:47:59', 3, 'REG', '2022-10-25 23:45:59'),
	(2976, 'INV-100002976', 3807, 108000, 2293500, 2310000, 512, 'Jalan S No. 94, Kel Pamotan, Kec Dampit, Kab Kabupaten Malang Jawa Timur, 65181', '2019-10-27 11:44:45', 3, 'REG', '2022-10-26 15:00:10'),
	(2978, 'INV-100002978', 5122, 126000, 3902250, 3625000, 195, 'Jalan X No. 124, Kel Mulyajaya, Kec Cimahi, Kab Kabupaten Kuningan Jawa Barat, 45582', '2019-10-27 15:59:16', 6, 'REG', '2022-10-26 09:46:47'),
	(2980, 'INV-100002980', 2559, 63000, 1449800, 1318000, 482, 'Jalan X No. 115, Kel Sayung, Kec Sayung, Kab Kabupaten Demak Jawa Tengah, 59563', '2019-10-27 15:53:45', 3, 'REG', '2022-10-26 21:33:58'),
	(2982, 'INV-100002982', 2646, 81000, 6941550, 6960500, 78, 'Jalan J No. 48, Kel Kebaman, Kec Srono, Kab Kabupaten Banyuwangi Jawa Timur, 68471', '2019-10-27 12:30:15', 6, 'REG', '2022-10-26 11:10:05'),
	(2984, 'INV-100002984', 5735, 126000, 3649250, 3405000, 226, 'Jalan N No. 129, Kel Janten, Kec Temon, Kab Kabupaten Kulon Progo DI Yogyakarta, 55654', '2019-10-27 16:07:31', 6, 'REG', '2022-10-26 09:38:15'),
	(2986, 'INV-100002986', 725, 27000, 2223650, 2099000, 228, 'Jalan T No. 120, Kel Gembongan, Kec Ponggok, Kab Kabupaten Blitar Jawa Timur, 66153', '2019-10-29 13:33:20', 1, 'REG', '2022-10-28 16:51:06'),
	(2988, 'INV-100002988', 2173, 63000, 3822500, 3550000, 297, 'Jalan V No. 60, Kel Terusan, Kec Sindang, Kab Kabupaten Indramayu Jawa Barat, 45224', '2019-10-29 14:24:38', 2, 'REG', '2022-10-28 06:54:52'),
	(2990, 'INV-100002990', 5190, 162000, 4873000, 4430000, 238, 'Jalan M No. 52, Kel Tinalan, Kec Pesantren, Kab Kota Kediri Jawa Timur, 64132', '2019-10-29 12:05:03', 3, 'REG', '2022-10-28 20:22:01'),
	(2992, 'INV-100002992', 4910, 30000, 7287500, 7075000, 411, 'Jalan C No. 98, Kel Kebon Sirih, Kec Menteng, Kab Kota Jakarta Pusat DKI Jakarta, 10340', '2019-10-29 09:15:36', 3, 'REG', '2022-10-28 08:07:08'),
	(2994, 'INV-100002994', 1810, 42000, 2678500, 2435000, 70, 'Jalan U No. 82, Kel Klego, Kec Klego, Kab Kabupaten Boyolali Jawa Tengah, 57385', '2019-10-29 14:44:39', 4, 'REG', '2022-10-28 08:46:20'),
	(2996, 'INV-100002996', 1552, 54000, 5841000, 5900000, 104, 'Jalan C No. 38, Kel Pesawahan, Kec Tiris, Kab Kabupaten Probolinggo Jawa Timur, 67287', '2019-10-29 16:24:29', 2, 'REG', '2022-10-28 22:39:06'),
	(2998, 'INV-100002998', 769, 15000, 1441000, 1455000, 314, 'Jalan L No. 58, Kel Pakuluran, Kec Koroncong, Kab Kabupaten Pandeglang Banten, 42251', '2019-10-30 15:50:26', 1, 'REG', '2022-10-29 17:49:55'),
	(3000, 'INV-100003000', 500, 27000, 4565000, 4150000, 182, 'Jalan Y No. 139, Kel Arjasa, Kec Arjasa, Kab Kabupaten Jember Jawa Timur, 68191', '2019-10-30 10:45:16', 4, 'REG', '2022-10-29 18:52:39'),
	(3002, 'INV-100003002', 5552, 126000, 4148375, 3772500, 312, 'Jalan I No. 98, Kel Bojong, Kec Kemang, Kab Kabupaten Bogor Jawa Barat, 16310', '2019-10-30 14:11:35', 5, 'REG', '2022-10-29 20:56:19'),
	(3004, 'INV-100003004', 897, 27000, 5412000, 4960000, 302, 'Jalan X No. 56, Kel Klekehan (Klekean), Kec Botolinggo, Kab Kabupaten Bondowoso Jawa Timur, 68285', '2019-10-30 14:40:31', 3, 'REG', '2022-10-29 02:14:21'),
	(3006, 'INV-100003006', 93, 15000, 114400, 104000, 294, 'Jalan T No. 110, Kel Pabuaran, Kec Pabuaran, Kab Kabupaten Serang Banten, 42163', '2019-10-30 12:18:54', 6, 'REG', '2022-10-29 22:38:59'),
	(3008, 'INV-100003008', 864, 27000, 4018850, 3653500, 320, 'Jalan Q No. 59, Kel Mangunrejo, Kec Ngadiluwih, Kab Kabupaten Kediri Jawa Timur, 64171', '2019-10-30 13:09:54', 3, 'REG', '2022-10-29 21:39:12'),
	(3010, 'INV-100003010', 1872, 42000, 2681250, 2525000, 441, 'Jalan L No. 131, Kel Sindanglaut, Kec Lemahabang, Kab Kabupaten Cirebon Jawa Barat, 45183', '2019-10-31 11:51:12', 4, 'REG', '2022-10-30 09:55:00'),
	(3012, 'INV-100003012', 2657, 81000, 2073500, 1885000, 75, 'Jalan T No. 101, Kel Tolang, Kec Banyuates, Kab Kabupaten Sampang Jawa Timur, 69263', '2019-10-31 11:00:46', 5, 'REG', '2022-10-30 05:31:48'),
	(3014, 'INV-100003014', 1330, 42000, 6968500, 6750000, 262, 'Jalan F No. 107, Kel Mertasari, Kec Purwonegoro, Kab Kabupaten Banjarnegara Jawa Tengah, 53472', '2019-10-31 16:47:31', 2, 'REG', '2022-10-30 05:36:07'),
	(3016, 'INV-100003016', 775, 21000, 866800, 788000, 464, 'Jalan J No. 137, Kel Cikalongsari, Kec Jatisari, Kab Kabupaten Karawang Jawa Barat, 41374', '2019-10-31 15:11:37', 4, 'REG', '2022-10-30 14:54:39'),
	(3018, 'INV-100003018', 1739, 42000, 8249725, 7826000, 211, 'Jalan M No. 129, Kel Kendalrejo, Kec Petarukan, Kab Kabupaten Pemalang Jawa Tengah, 52362', '2019-10-31 13:06:59', 5, 'REG', '2022-10-30 03:45:12'),
	(3020, 'INV-100003020', 3337, 84000, 8992500, 8500000, 290, 'Jalan U No. 99, Kel Kaibon, Kec Ambal, Kab Kabupaten Kebumen Jawa Tengah, 54392', '2019-10-31 15:02:38', 6, 'REG', '2022-10-30 07:47:29'),
	(3022, 'INV-100003022', 380, 21000, 1782000, 1620000, 270, 'Jalan D No. 42, Kel Kentengsari, Kec Candiroto, Kab Kabupaten Temanggung Jawa Tengah, 56257', '2019-11-01 16:17:35', 4, 'REG', '2022-10-31 23:53:00'),
	(3024, 'INV-100003024', 980, 21000, 973500, 925000, 242, 'Jalan T No. 103, Kel Gedongkiwo, Kec Mantrijeron, Kab Kota Yogyakarta DI Yogyakarta, 55142', '2019-11-01 09:36:40', 5, 'REG', '2022-10-31 11:24:46'),
	(3026, 'INV-100003026', 469, 21000, 272250, 247500, 280, 'Jalan C No. 146, Kel Manggungan, Kec Trisi/Terisi, Kab Kabupaten Indramayu Jawa Barat, 45262', '2019-11-01 13:35:23', 3, 'REG', '2022-10-31 12:53:43'),
	(3028, 'INV-100003028', 795, 27000, 2717000, 2470000, 448, 'Jalan P No. 118, Kel Banjarwati, Kec Paciran, Kab Kabupaten Lamongan Jawa Timur, 62264', '2019-11-01 13:23:29', 5, 'REG', '2022-10-31 12:32:30'),
	(3030, 'INV-100003030', 5320, 126000, 6094000, 5540000, 398, 'Jalan L No. 22, Kel Tegalsari, Kec Garung, Kab Kabupaten Wonosobo Jawa Tengah, 56353', '2019-11-01 14:24:36', 6, 'REG', '2022-10-31 01:03:39'),
	(3032, 'INV-100003032', 777, 27000, 2253900, 2049000, 102, 'Jalan F No. 36, Kel Pojoksari, Kec Sukomoro, Kab Kabupaten Magetan Jawa Timur, 63391', '2019-11-01 13:28:43', 6, 'REG', '2022-10-31 09:38:06'),
	(3034, 'INV-100003034', 570, 21000, 1683000, 1530000, 261, 'Jalan T No. 142, Kel Kalimulya, Kec Cilodong, Kab Kota Depok Jawa Barat, 16413', '2019-11-01 09:33:17', 3, 'REG', '2022-10-31 00:46:43'),
	(3036, 'INV-100003036', 2352, 63000, 5868500, 5660000, 388, 'Jalan J No. 137, Kel Cikalongsari, Kec Jatisari, Kab Kabupaten Karawang Jawa Barat, 41374', '2019-11-02 11:18:02', 4, 'REG', '2022-11-01 17:42:30'),
	(3038, 'INV-100003038', 1123, 54000, 3547500, 3550000, 322, 'Jalan A No. 107, Kel Sedayu, Kec Turen, Kab Kabupaten Malang Jawa Timur, 65175', '2019-11-02 12:24:34', 5, 'REG', '2022-11-01 08:35:35'),
	(3040, 'INV-100003040', 9700, 210000, 2640000, 2400000, 321, 'Jalan T No. 28, Kel Pasir Panjang, Kec Salem, Kab Kabupaten Brebes Jawa Tengah, 52275', '2019-11-02 13:54:17', 4, 'REG', '2022-11-01 22:03:20'),
	(3042, 'INV-100003042', 1537, 42000, 7727500, 7550000, 316, 'Jalan W No. 140, Kel Kandangserang, Kec Kandangserang, Kab Kabupaten Pekalongan Jawa Tengah, 51163', '2019-11-02 09:21:35', 2, 'REG', '2022-11-01 08:11:09'),
	(3044, 'INV-100003044', 1557, 42000, 8503000, 7730000, 262, 'Jalan F No. 59, Kel Kalimojosari, Kec Doro, Kab Kabupaten Pekalongan Jawa Tengah, 51191', '2019-11-02 15:01:41', 1, 'REG', '2022-11-01 05:40:02'),
	(3046, 'INV-100003046', 2078, 63000, 2854500, 2670000, 497, 'Jalan Y No. 36, Kel Surawangi, Kec Jatiwangi, Kab Kabupaten Majalengka Jawa Barat, 45454', '2019-11-03 10:51:18', 5, 'REG', '2022-11-02 12:52:41'),
	(3048, 'INV-100003048', 262, 27000, 1039500, 985000, 252, 'Jalan A No. 52, Kel Rejoagung, Kec Ploso, Kab Kabupaten Jombang Jawa Timur, 61453', '2019-11-03 16:29:28', 1, 'REG', '2022-11-02 10:48:08'),
	(3050, 'INV-100003050', 1944, 54000, 1754500, 1595000, 441, 'Jalan F No. 130, Kel Balung Kulon, Kec Balung, Kab Kabupaten Jember Jawa Timur, 68161', '2019-11-03 14:59:30', 5, 'REG', '2022-11-02 22:38:23'),
	(3052, 'INV-100003052', 1723, 42000, 4455000, 4490000, 387, 'Jalan E No. 101, Kel Tajur, Kec Bogor Timur - Kota, Kab Kota Bogor Jawa Barat, 16141', '2019-11-03 14:45:59', 3, 'REG', '2022-11-02 07:50:26'),
	(3054, 'INV-100003054', 9303, 150000, 4328500, 4010000, 308, 'Jalan A No. 33, Kel Kelapa Indah, Kec Tangerang, Kab Kota Tangerang Banten, 15117', '2019-11-03 13:56:27', 5, 'REG', '2022-11-02 14:02:19'),
	(3056, 'INV-100003056', 1785, 54000, 4182750, 3990000, 229, 'Jalan Z No. 58, Kel Selorejo, Kec Sambeng, Kab Kabupaten Lamongan Jawa Timur, 62284', '2019-11-03 13:02:48', 3, 'REG', '2022-11-02 06:27:20'),
	(3058, 'INV-100003058', 9330, 270000, 7133500, 6810000, 324, 'Jalan O No. 62, Kel Sukorejo, Kec Sudimoro, Kab Kabupaten Pacitan Jawa Timur, 63573', '2019-11-05 10:00:33', 6, 'REG', '2022-11-04 21:51:35'),
	(3060, 'INV-100003060', 4952, 105000, 1276000, 1160000, 321, 'Jalan X No. 26, Kel Jembrak, Kec Pabelan, Kab Kabupaten Semarang Jawa Tengah, 50771', '2019-11-05 13:43:54', 3, 'REG', '2022-11-04 03:46:02'),
	(3062, 'INV-100003062', 4750, 135000, 4042500, 4000000, 278, 'Jalan T No. 69, Kel Beluk Ares, Kec Ambunten, Kab Kabupaten Sumenep Jawa Timur, 69455', '2019-11-05 11:35:04', 5, 'REG', '2022-11-04 16:56:36'),
	(3064, 'INV-100003064', 1090, 42000, 2475000, 2250000, 315, 'Jalan Y No. 107, Kel Sukaraharja, Kec Cibeber, Kab Kabupaten Cianjur Jawa Barat, 43262', '2019-11-05 14:52:54', 5, 'REG', '2022-11-04 14:21:03'),
	(3066, 'INV-100003066', 1305, 30000, 3311000, 3010000, 20, 'Jalan C No. 43, Kel Lebaksitu, Kec Lebakgedong, Kab Kabupaten Lebak Banten, 42372', '2019-11-05 10:18:00', 2, 'REG', '2022-11-04 17:00:28'),
	(3068, 'INV-100003068', 3510, 108000, 3360500, 3280000, 221, 'Jalan I No. 150, Kel Bulusari, Kec Gempol, Kab Kabupaten Pasuruan Jawa Timur, 67155', '2019-11-05 11:36:26', 6, 'REG', '2022-11-04 03:45:59'),
	(3070, 'INV-100003070', 2078, 63000, 7341400, 7089000, 163, 'Jalan I No. 31, Kel Kebogadung, Kec Jatibarang, Kab Kabupaten Brebes Jawa Tengah, 52261', '2019-11-06 14:14:08', 6, 'REG', '2022-11-05 21:23:48'),
	(3072, 'INV-100003072', 1692, 42000, 3899500, 3620000, 52, 'Jalan L No. 117, Kel Dowan, Kec Gunem, Kab Kabupaten Rembang Jawa Tengah, 59263', '2019-11-06 10:52:59', 6, 'REG', '2022-11-05 10:36:41'),
	(3074, 'INV-100003074', 602, 21000, 3265900, 3009000, 241, 'Jalan S No. 69, Kel Tirtomoyo, Kec Tirtomoyo, Kab Kabupaten Wonogiri Jawa Tengah, 57672', '2019-11-06 15:33:45', 6, 'REG', '2022-11-05 12:37:15'),
	(3076, 'INV-100003076', 405, 21000, 3121250, 3135000, 228, 'Jalan L No. 27, Kel Troso, Kec Pecangaan, Kab Kabupaten Jepara Jawa Tengah, 59462', '2019-11-06 14:01:18', 6, 'REG', '2022-11-05 18:34:13'),
	(3078, 'INV-100003078', 702, 21000, 1386000, 1260000, 250, 'Jalan B No. 97, Kel Ciluar, Kec Bogor Utara - Kota, Kab Kota Bogor Jawa Barat, 16156', '2019-11-06 09:16:31', 6, 'REG', '2022-11-05 06:54:16'),
	(3080, 'INV-100003080', 5650, 126000, 2640000, 2400000, 248, 'Jalan Q No. 119, Kel Bantarpanjang, Kec Cimanggu, Kab Kabupaten Cilacap Jawa Tengah, 53256', '2019-11-06 16:38:21', 3, 'REG', '2022-11-05 05:42:14'),
	(3082, 'INV-100003082', 5000, 105000, 3245000, 2950000, 484, 'Jalan D No. 65, Kel Cendana, Kec Banjarnegara, Kab Kabupaten Banjarnegara Jawa Tengah, 53418', '2019-11-07 12:08:31', 4, 'REG', '2022-11-06 17:59:05'),
	(3084, 'INV-100003084', 1524, 42000, 7555350, 7013500, 379, 'Jalan Q No. 67, Kel Manyeti, Kec Dawuan, Kab Kabupaten Subang Jawa Barat, 41271', '2019-11-07 16:16:10', 5, 'REG', '2022-11-06 00:35:42'),
	(3086, 'INV-100003086', 4252, 135000, 1936000, 1760000, 434, 'Jalan I No. 54, Kel Angon Angon, Kec Arjasa, Kab Kabupaten Sumenep Jawa Timur, 69491', '2019-11-07 16:07:31', 3, 'REG', '2022-11-06 12:02:21'),
	(3088, 'INV-100003088', 5272, 90000, 4216850, 3958500, 56, 'Jalan S No. 88, Kel Citeureup, Kec Panimbang, Kab Kabupaten Pandeglang Banten, 42281', '2019-11-07 10:50:46', 2, 'REG', '2022-11-06 17:40:04'),
	(3090, 'INV-100003090', 3207, 108000, 4226750, 3925000, 341, 'Jalan M No. 54, Kel Jagir, Kec Wonokromo, Kab Kota Surabaya Jawa Timur, 60244', '2019-11-07 16:58:59', 6, 'REG', '2022-11-06 17:20:57'),
	(3092, 'INV-100003092', 715, 21000, 1037850, 943500, 278, 'Jalan M No. 97, Kel Sukamaju, Kec Sukatani, Kab Kabupaten Purwakarta Jawa Barat, 41167', '2019-11-07 16:41:43', 4, 'REG', '2022-11-06 23:40:41'),
	(3094, 'INV-100003094', 771, 21000, 3249400, 3044000, 324, 'Jalan W No. 122, Kel Kebonan, Kec Karanggede, Kab Kabupaten Boyolali Jawa Tengah, 57381', '2019-11-07 15:42:36', 3, 'REG', '2022-11-06 12:22:02'),
	(3096, 'INV-100003096', 4580, 75000, 3671250, 3605000, 305, 'Jalan R No. 127, Kel Batukuda, Kec Mancak, Kab Kabupaten Serang Banten, 42165', '2019-11-08 09:02:54', 1, 'REG', '2022-11-07 20:16:22'),
	(3098, 'INV-100003098', 2473, 81000, 3905000, 3550000, 269, 'Jalan D No. 94, Kel Kepuhkembeng, Kec Peterongan, Kab Kabupaten Jombang Jawa Timur, 61481', '2019-11-08 10:33:26', 6, 'REG', '2022-11-07 18:53:54'),
	(3100, 'INV-100003100', 2306, 63000, 2678500, 2510000, 199, 'Jalan B No. 147, Kel Sindangbarang, Kec Panumbangan, Kab Kabupaten Ciamis Jawa Barat, 46263', '2019-11-08 13:23:15', 5, 'REG', '2022-11-07 06:49:26'),
	(3102, 'INV-100003102', 1560, 42000, 4163500, 3985000, 234, 'Jalan V No. 70, Kel Bulusari, Kec Gandrungmangu, Kab Kabupaten Cilacap Jawa Tengah, 53254', '2019-11-08 13:54:39', 2, 'REG', '2022-11-07 01:10:26'),
	(3104, 'INV-100003104', 1080, 42000, 4787750, 4375000, 126, 'Jalan W No. 141, Kel Peniron, Kec Pejagoan, Kab Kabupaten Kebumen Jawa Tengah, 54361', '2019-11-09 12:22:18', 5, 'REG', '2022-11-08 15:52:02'),
	(3106, 'INV-100003106', 6800, 147000, 2565750, 2445000, 30, 'Jalan U No. 85, Kel Pamoyanan, Kec Cicendo, Kab Kota Bandung Jawa Barat, 40173', '2019-11-09 10:09:38', 6, 'REG', '2022-11-08 10:48:24'),
	(3108, 'INV-100003108', 2007, 63000, 4735500, 4630000, 89, 'Jalan H No. 124, Kel Wanatawang, Kec Songgom, Kab Kabupaten Brebes Jawa Tengah, 52266', '2019-11-09 14:03:07', 6, 'REG', '2022-11-08 00:46:46'),
	(3110, 'INV-100003110', 1993, 42000, 3852750, 3525000, 233, 'Jalan O No. 111, Kel Cimaranten, Kec Cipicung, Kab Kabupaten Kuningan Jawa Barat, 45592', '2019-11-09 15:25:14', 1, 'REG', '2022-11-08 14:17:14'),
	(3112, 'INV-100003112', 2102, 63000, 7045500, 6780000, 295, 'Jalan T No. 64, Kel Mojolegi, Kec Teras, Kab Kabupaten Boyolali Jawa Tengah, 57372', '2019-11-09 14:09:49', 6, 'REG', '2022-11-08 17:54:33'),
	(3114, 'INV-100003114', 1482, 54000, 3597000, 3310000, 253, 'Jalan D No. 107, Kel Margosuko, Kec Bancar, Kab Kabupaten Tuban Jawa Timur, 62354', '2019-11-09 09:58:04', 5, 'REG', '2022-11-08 14:09:49'),
	(3116, 'INV-100003116', 1872, 42000, 2502500, 2275000, 257, 'Jalan T No. 71, Kel Bumirejo, Kec Karangawen, Kab Kabupaten Demak Jawa Tengah, 59566', '2019-11-10 10:14:01', 3, 'REG', '2022-11-09 01:28:09'),
	(3118, 'INV-100003118', 763, 21000, 6818900, 6524000, 408, 'Jalan M No. 118, Kel Cintakarya, Kec Sindangkerta, Kab Kabupaten Bandung Barat Jawa Barat, 40563', '2019-11-10 09:25:31', 6, 'REG', '2022-11-09 23:52:49'),
	(3120, 'INV-100003120', 4450, 135000, 3602500, 3350000, 351, 'Jalan K No. 114, Kel Payudan Karangsokon, Kec Guluk Guluk, Kab Kabupaten Sumenep Jawa Timur, 69463', '2019-11-10 10:10:45', 1, 'REG', '2022-11-09 10:02:07'),
	(3122, 'INV-100003122', 5200, 162000, 1787500, 1625000, 291, 'Jalan B No. 146, Kel Bunajih, Kec Labang, Kab Kabupaten Bangkalan Jawa Timur, 69163', '2019-11-10 09:15:57', 3, 'REG', '2022-11-09 09:25:56'),
	(3124, 'INV-100003124', 2532, 63000, 952600, 888500, 255, 'Jalan N No. 46, Kel Patikraja, Kec Patikraja, Kab Kabupaten Banyumas Jawa Tengah, 53171', '2019-11-10 15:19:06', 3, 'REG', '2022-11-09 15:47:13'),
	(3126, 'INV-100003126', 3270, 84000, 1221000, 1160000, 49, 'Jalan T No. 131, Kel Cipetir, Kec Kadudampit, Kab Kabupaten Sukabumi Jawa Barat, 43153', '2019-11-12 09:16:46', 5, 'REG', '2022-11-11 19:57:43'),
	(3128, 'INV-100003128', 5880, 162000, 1864500, 1770000, 313, 'Jalan R No. 111, Kel Mlokorejo, Kec Puger, Kab Kabupaten Jember Jawa Timur, 68164', '2019-11-12 13:56:14', 3, 'REG', '2022-11-11 06:03:42'),
	(3130, 'INV-100003130', 2455, 81000, 1111000, 1100000, 325, 'Jalan B No. 149, Kel Nanggungan, Kec Kayen Kidul, Kab Kabupaten Kediri Jawa Timur, 64183', '2019-11-12 09:36:44', 3, 'REG', '2022-11-11 02:49:01'),
	(3132, 'INV-100003132', 8269, 189000, 4984375, 4532500, 271, 'Jalan M No. 117, Kel Wirun, Kec Kutoarjo, Kab Kabupaten Purworejo Jawa Tengah, 54212', '2019-11-12 13:31:56', 6, 'REG', '2022-11-11 08:21:14'),
	(3134, 'INV-100003134', 4759, 75000, 2040500, 1980000, 282, 'Jalan D No. 90, Kel Cirarab, Kec Legok, Kab Kabupaten Tangerang Banten, 15820', '2019-11-13 12:15:54', 3, 'REG', '2022-11-12 11:44:30'),
	(3136, 'INV-100003136', 1470, 54000, 3778500, 3435000, 424, 'Jalan Y No. 100, Kel Krengih, Kec Rembang, Kab Kabupaten Pasuruan Jawa Timur, 67152', '2019-11-13 13:17:06', 4, 'REG', '2022-11-12 08:35:20'),
	(3138, 'INV-100003138', 940, 27000, 825000, 750000, 382, 'Jalan S No. 82, Kel Ketandan, Kec Lengkong, Kab Kabupaten Nganjuk Jawa Timur, 64393', '2019-11-13 13:30:52', 4, 'REG', '2022-11-12 06:06:34'),
	(3140, 'INV-100003140', 740, 27000, 1622500, 1550000, 366, 'Jalan A No. 125, Kel Banyoneng Dajah (Bayoneng), Kec Geger, Kab Kabupaten Bangkalan Jawa Timur, 69152', '2019-11-13 13:07:59', 3, 'REG', '2022-11-12 04:55:41'),
	(3142, 'INV-100003142', 4517, 105000, 837375, 762500, 87, 'Jalan A No. 121, Kel Cikembang, Kec Caringin, Kab Kabupaten Sukabumi Jawa Barat, 43154', '2019-11-13 11:31:05', 3, 'REG', '2022-11-12 20:21:53'),
	(3144, 'INV-100003144', 7578, 216000, 3361325, 3057500, 9, 'Jalan B No. 67, Kel Kediren, Kec Lembeyan, Kab Kabupaten Magetan Jawa Timur, 63372', '2019-11-14 15:51:19', 3, 'REG', '2022-11-13 01:45:41'),
	(3146, 'INV-100003146', 1149, 54000, 4013350, 4013500, 244, 'Jalan Z No. 108, Kel Kedungsumur, Kec Pakuniran, Kab Kabupaten Probolinggo Jawa Timur, 67292', '2019-11-14 13:24:12', 1, 'REG', '2022-11-13 12:28:07'),
	(3148, 'INV-100003148', 1524, 12000, 3462800, 3148000, 307, 'Jalan E No. 25, Kel Kemanggisan, Kec Palmerah, Kab Kota Jakarta Barat DKI Jakarta, 11480', '2019-11-14 10:27:40', 4, 'REG', '2022-11-13 16:29:22'),
	(3150, 'INV-100003150', 1530, 54000, 9977000, 9720000, 294, 'Jalan Y No. 125, Kel Sukokerto, Kec Pajarakan, Kab Kabupaten Probolinggo Jawa Timur, 67281', '2019-11-14 10:31:34', 3, 'REG', '2022-11-13 12:31:24'),
	(3152, 'INV-100003152', 1823, 42000, 8167500, 8250000, 236, 'Jalan Q No. 46, Kel Kepakisan, Kec Batur, Kab Kabupaten Banjarnegara Jawa Tengah, 53456', '2019-11-14 16:54:55', 5, 'REG', '2022-11-13 03:06:35'),
	(3154, 'INV-100003154', 1530, 54000, 4054050, 4010500, 134, 'Jalan X No. 92, Kel Kerek, Kec Ngawi, Kab Kabupaten Ngawi Jawa Timur, 63218', '2019-11-14 10:53:52', 5, 'REG', '2022-11-13 23:34:26'),
	(3156, 'INV-100003156', 2532, 63000, 6798000, 6180000, 329, 'Jalan C No. 96, Kel Gunungtiga, Kec Belik, Kab Kabupaten Pemalang Jawa Tengah, 52356', '2019-11-15 09:49:56', 6, 'REG', '2022-11-14 07:58:04'),
	(3158, 'INV-100003158', 1623, 54000, 7562500, 7100000, 154, 'Jalan N No. 28, Kel Pucang Sari, Kec Purwodadi, Kab Kabupaten Pasuruan Jawa Timur, 67163', '2019-11-15 16:26:20', 4, 'REG', '2022-11-14 15:18:11'),
	(3160, 'INV-100003160', 4585, 105000, 682000, 620000, 437, 'Jalan L No. 39, Kel Danasri, Kec Nusawungu, Kab Kabupaten Cilacap Jawa Tengah, 53283', '2019-11-15 14:04:21', 6, 'REG', '2022-11-14 15:51:08'),
	(3162, 'INV-100003162', 4820, 105000, 5159000, 5140000, 437, 'Jalan B No. 95, Kel Srengseng, Kec Pagerbarang, Kab Kabupaten Tegal Jawa Tengah, 52462', '2019-11-15 13:39:04', 3, 'REG', '2022-11-14 21:01:57'),
	(3164, 'INV-100003164', 1030, 42000, 1166000, 1100000, 321, 'Jalan M No. 49, Kel Suriamukti, Kec Surian, Kab Kabupaten Sumedang Jawa Barat, 45393', '2019-11-15 15:03:28', 5, 'REG', '2022-11-14 18:51:26'),
	(3166, 'INV-100003166', 7642, 168000, 4108500, 3860000, 252, 'Jalan E No. 114, Kel Ciputat, Kec Ciawigebang, Kab Kabupaten Kuningan Jawa Barat, 45591', '2019-11-16 10:38:45', 1, 'REG', '2022-11-15 05:18:17'),
	(3168, 'INV-100003168', 310, 27000, 1485000, 1440000, 244, 'Jalan X No. 62, Kel Kalisat, Kec Bungkal, Kab Kabupaten Ponorogo Jawa Timur, 63462', '2019-11-16 14:30:29', 5, 'REG', '2022-11-15 06:11:22'),
	(3170, 'INV-100003170', 3504, 108000, 1463000, 1330000, 254, 'Jalan L No. 136, Kel Gebyog, Kec Karangrejo, Kab Kabupaten Magetan Jawa Timur, 63395', '2019-11-16 13:50:25', 2, 'REG', '2022-11-15 16:23:08'),
	(3172, 'INV-100003172', 730, 21000, 1826000, 1660000, 40, 'Jalan C No. 93, Kel Sidaharja, Kec Lakbok, Kab Kabupaten Ciamis Jawa Barat, 46385', '2019-11-16 13:26:34', 3, 'REG', '2022-11-15 21:40:01'),
	(3174, 'INV-100003174', 1667, 42000, 4419250, 4095000, 401, 'Jalan L No. 117, Kel Danaraja, Kec Banyumas, Kab Kabupaten Banyumas Jawa Tengah, 53192', '2019-11-16 12:50:27', 2, 'REG', '2022-11-15 22:51:53'),
	(3176, 'INV-100003176', 1083, 42000, 1036200, 982000, 51, 'Jalan B No. 105, Kel Genuksari, Kec Genuk, Kab Kota Semarang Jawa Tengah, 50231', '2019-11-16 10:47:21', 1, 'REG', '2022-11-15 09:50:37'),
	(3178, 'INV-100003178', 907, 27000, 1529000, 1480000, 340, 'Jalan H No. 124, Kel Sidomukti, Kec Kembangbahu, Kab Kabupaten Lamongan Jawa Timur, 62282', '2019-11-16 12:09:01', 3, 'REG', '2022-11-15 03:02:35'),
	(3180, 'INV-100003180', 1167, 42000, 3005750, 2732500, 139, 'Jalan T No. 107, Kel Cijantung, Kec Sukatani, Kab Kabupaten Purwakarta Jawa Barat, 41167', '2019-11-17 13:43:59', 2, 'REG', '2022-11-16 16:09:29'),
	(3182, 'INV-100003182', 374, 15000, 3184500, 2895000, 259, 'Jalan B No. 95, Kel Hegarmanah, Kec Cibeber, Kab Kabupaten Lebak Banten, 42394', '2019-11-17 11:23:27', 3, 'REG', '2022-11-16 08:32:42'),
	(3184, 'INV-100003184', 2620, 63000, 2673000, 2430000, 228, 'Jalan G No. 102, Kel Campuranom, Kec Bansari, Kab Kabupaten Temanggung Jawa Tengah, 56265', '2019-11-17 10:27:21', 4, 'REG', '2022-11-16 13:14:50'),
	(3186, 'INV-100003186', 3780, 84000, 5648500, 5185000, 246, 'Jalan A No. 133, Kel Tugu, Kec Cimanggis, Kab Kota Depok Jawa Barat, 16451', '2019-11-17 13:32:21', 6, 'REG', '2022-11-16 01:18:56'),
	(3188, 'INV-100003188', 1272, 54000, 4075500, 3785000, 236, 'Jalan L No. 117, Kel Banjarsari, Kec Cerme, Kab Kabupaten Gresik Jawa Timur, 61171', '2019-11-19 14:57:40', 1, 'REG', '2022-11-18 17:42:53'),
	(3190, 'INV-100003190', 955, 27000, 1633500, 1575000, 107, 'Jalan W No. 26, Kel Sawiji, Kec Jogoroto, Kab Kabupaten Jombang Jawa Timur, 61485', '2019-11-19 14:30:58', 2, 'REG', '2022-11-18 12:06:35'),
	(3192, 'INV-100003192', 93, 21000, 205700, 187000, 282, 'Jalan J No. 96, Kel Karangindah, Kec Bojongmangu, Kab Kabupaten Bekasi Jawa Barat, 17350', '2019-11-19 10:47:51', 6, 'REG', '2022-11-18 16:05:31'),
	(3194, 'INV-100003194', 1250, 42000, 8800000, 8600000, 472, 'Jalan U No. 41, Kel Nagrak, Kec Buahdua, Kab Kabupaten Sumedang Jawa Barat, 45392', '2019-11-19 11:11:47', 5, 'REG', '2022-11-18 22:51:30'),
	(3196, 'INV-100003196', 852, 27000, 3642100, 3388500, 388, 'Jalan Z No. 104, Kel Bajang, Kec Mlarak, Kab Kabupaten Ponorogo Jawa Timur, 63472', '2019-11-19 12:24:01', 3, 'REG', '2022-11-18 23:21:28'),
	(3198, 'INV-100003198', 1680, 54000, 3540900, 3219000, 80, 'Jalan C No. 148, Kel Patunjungan, Kec Paiton, Kab Kabupaten Probolinggo Jawa Timur, 67291', '2019-11-19 10:04:51', 4, 'REG', '2022-11-18 05:37:30'),
	(3200, 'INV-100003200', 1952, 42000, 2211000, 2010000, 306, 'Jalan N No. 46, Kel Patikraja, Kec Patikraja, Kab Kabupaten Banyumas Jawa Tengah, 53171', '2019-11-19 10:46:44', 6, 'REG', '2022-11-18 22:39:08'),
	(3202, 'INV-100003202', 5230, 126000, 2508000, 2280000, 288, 'Jalan S No. 113, Kel Gedongan, Kec Colomadu, Kab Kabupaten Karanganyar Jawa Tengah, 57173', '2019-11-20 13:53:38', 1, 'REG', '2022-11-19 04:17:20'),
	(3204, 'INV-100003204', 2397, 81000, 624250, 607500, 262, 'Jalan G No. 65, Kel Balas Klumprik, Kec Wiyung, Kab Kota Surabaya Jawa Timur, 60222', '2019-11-20 15:02:51', 1, 'REG', '2022-11-19 10:19:14'),
	(3206, 'INV-100003206', 1637, 42000, 6770500, 6525000, 290, 'Jalan X No. 66, Kel Lahar, Kec Tlogowungu, Kab Kabupaten Pati Jawa Tengah, 59161', '2019-11-20 12:02:58', 4, 'REG', '2022-11-19 20:54:22'),
	(3208, 'INV-100003208', 3615, 84000, 5560500, 5550000, 479, 'Jalan C No. 133, Kel Gumuruh, Kec Batununggal, Kab Kota Bandung Jawa Barat, 40275', '2019-11-20 14:59:13', 6, 'REG', '2022-11-19 19:17:47'),
	(3210, 'INV-100003210', 1292, 42000, 3272500, 2995000, 127, 'Jalan H No. 113, Kel Sambek, Kec Wonosobo, Kab Kabupaten Wonosobo Jawa Tengah, 56312', '2019-11-20 15:28:18', 3, 'REG', '2022-11-19 20:16:24'),
	(3212, 'INV-100003212', 1525, 42000, 2118600, 2038500, 380, 'Jalan H No. 52, Kel Songbledeg, Kec Paranggupito, Kab Kabupaten Wonogiri Jawa Tengah, 57678', '2019-11-20 14:54:31', 1, 'REG', '2022-11-19 12:07:24'),
	(3214, 'INV-100003214', 2746, 63000, 5733750, 5675000, 220, 'Jalan L No. 114, Kel Gedongjetis, Kec Tulung, Kab Kabupaten Klaten Jawa Tengah, 57482', '2019-11-21 15:00:50', 5, 'REG', '2022-11-20 11:32:16'),
	(3216, 'INV-100003216', 1423, 42000, 1732500, 1650000, 98, 'Jalan W No. 63, Kel Petung, Kec Jatiyoso, Kab Kabupaten Karanganyar Jawa Tengah, 57785', '2019-11-21 12:54:00', 4, 'REG', '2022-11-20 11:48:44'),
	(3218, 'INV-100003218', 1058, 42000, 2589400, 2354000, 306, 'Jalan B No. 114, Kel Karangmalang, Kec Ketanggungan, Kab Kabupaten Brebes Jawa Tengah, 52263', '2019-11-21 13:21:27', 6, 'REG', '2022-11-20 02:46:35'),
	(3220, 'INV-100003220', 6090, 42000, 2458500, 2350000, 292, 'Jalan X No. 70, Kel Pulau Untung Jawa, Kec Kepulauan Seribu Selatan, Kab Kabupaten Kepulauan Seribu DKI Jakarta, 14510', '2019-11-21 13:53:04', 2, 'REG', '2022-11-20 01:02:09'),
	(3222, 'INV-100003222', 330, 21000, 2079000, 1890000, 287, 'Jalan F No. 68, Kel Kulurejo, Kec Nguntoronadi, Kab Kabupaten Wonogiri Jawa Tengah, 57671', '2019-11-21 16:06:58', 6, 'REG', '2022-11-20 06:12:02'),
	(3224, 'INV-100003224', 1605, 54000, 9031000, 8960000, 240, 'Jalan K No. 100, Kel Semanding, Kec Semanding, Kab Kabupaten Tuban Jawa Timur, 62381', '2019-11-22 13:37:02', 3, 'REG', '2022-11-21 15:38:43'),
	(3226, 'INV-100003226', 5500, 126000, 7177500, 6850000, 223, 'Jalan A No. 93, Kel Pagongan, Kec Dukuhturi, Kab Kabupaten Tegal Jawa Tengah, 52192', '2019-11-22 13:05:06', 2, 'REG', '2022-11-21 06:35:19'),
	(3228, 'INV-100003228', 4004, 135000, 7612000, 7340000, 367, 'Jalan D No. 58, Kel Tiru Kidul, Kec Gurah, Kab Kabupaten Kediri Jawa Timur, 64181', '2019-11-22 13:03:24', 6, 'REG', '2022-11-21 12:58:56'),
	(3230, 'INV-100003230', 630, 21000, 2497000, 2270000, 228, 'Jalan N No. 131, Kel Giri Kerto, Kec Turi, Kab Kabupaten Sleman DI Yogyakarta, 55551', '2019-11-22 12:31:42', 1, 'REG', '2022-11-21 12:01:18'),
	(3232, 'INV-100003232', 930, 21000, 1386000, 1300000, 253, 'Jalan T No. 62, Kel Pranggong, Kec Andong, Kab Kabupaten Boyolali Jawa Tengah, 57384', '2019-11-22 11:03:05', 5, 'REG', '2022-11-21 03:26:37'),
	(3234, 'INV-100003234', 1193, 30000, 1633500, 1485000, 214, 'Jalan E No. 45, Kel Lebaksangka, Kec Lebakgedong, Kab Kabupaten Lebak Banten, 42372', '2019-11-23 16:53:08', 2, 'REG', '2022-11-22 19:22:38'),
	(3236, 'INV-100003236', 10402, 231000, 2431275, 2287500, 280, 'Jalan F No. 69, Kel Simpen Kaler, Kec Blubur Limbangan, Kab Kabupaten Garut Jawa Barat, 44186', '2019-11-23 13:18:57', 2, 'REG', '2022-11-22 11:45:35'),
	(3238, 'INV-100003238', 545, 21000, 1461350, 1328500, 310, 'Jalan X No. 131, Kel Jendi, Kec Selogiri, Kab Kabupaten Wonogiri Jawa Tengah, 57652', '2019-11-23 15:30:05', 2, 'REG', '2022-11-22 23:13:06'),
	(3240, 'INV-100003240', 4607, 135000, 935000, 850000, 290, 'Jalan D No. 65, Kel Randucangkring, Kec Pujer, Kab Kabupaten Bondowoso Jawa Timur, 68271', '2019-11-23 16:10:28', 1, 'REG', '2022-11-22 12:20:59'),
	(3242, 'INV-100003242', 1200, 42000, 3795000, 3450000, 271, 'Jalan B No. 127, Kel Cibunar, Kec Rancakalong, Kab Kabupaten Sumedang Jawa Barat, 45361', '2019-11-23 16:57:43', 6, 'REG', '2022-11-22 14:26:26'),
	(3244, 'INV-100003244', 2280, 63000, 8948500, 8360000, 353, 'Jalan M No. 113, Kel Cisalak, Kec Cimanggu, Kab Kabupaten Cilacap Jawa Tengah, 53256', '2019-11-24 16:24:15', 3, 'REG', '2022-11-23 19:18:54'),
	(3246, 'INV-100003246', 1402, 54000, 2937000, 2710000, 210, 'Jalan E No. 80, Kel Donganti, Kec Plosoklaten, Kab Kabupaten Kediri Jawa Timur, 64175', '2019-11-24 16:11:44', 5, 'REG', '2022-11-23 09:00:13'),
	(3248, 'INV-100003248', 4768, 75000, 4123900, 3914000, 119, 'Jalan R No. 140, Kel Kadubadak, Kec Angsana, Kab Kabupaten Pandeglang Banten, 42277', '2019-11-24 11:02:00', 4, 'REG', '2022-11-23 14:51:26'),
	(3250, 'INV-100003250', 4122, 135000, 2104850, 1913500, 360, 'Jalan A No. 78, Kel Warukulon, Kec Pucuk, Kab Kabupaten Lamongan Jawa Timur, 62257', '2019-11-24 13:56:17', 5, 'REG', '2022-11-23 07:50:04'),
	(3252, 'INV-100003252', 1240, 54000, 4950000, 4500000, 97, 'Jalan S No. 118, Kel Jatilengger, Kec Ponggok, Kab Kabupaten Blitar Jawa Timur, 66153', '2019-11-24 11:51:32', 3, 'REG', '2022-11-23 10:32:32'),
	(3254, 'INV-100003254', 1480, 42000, 1684925, 1533000, 246, 'Jalan T No. 85, Kel Balida, Kec Dawuan, Kab Kabupaten Majalengka Jawa Barat, 45453', '2019-11-26 11:33:02', 4, 'REG', '2022-11-25 22:25:16'),
	(3256, 'INV-100003256', 1852, 42000, 6165500, 5830000, 303, 'Jalan R No. 39, Kel Galeh, Kec Tangen, Kab Kabupaten Sragen Jawa Tengah, 57261', '2019-11-26 14:35:50', 5, 'REG', '2022-11-25 13:10:57'),
	(3258, 'INV-100003258', 6635, 189000, 3355000, 3140000, 291, 'Jalan S No. 84, Kel Guyung, Kec Gerih, Kab Kabupaten Ngawi Jawa Timur, 63271', '2019-11-26 10:17:39', 5, 'REG', '2022-11-25 00:58:04'),
	(3260, 'INV-100003260', 1316, 54000, 1683000, 1530000, 246, 'Jalan I No. 78, Kel Talangkembar, Kec Montong, Kab Kabupaten Tuban Jawa Timur, 62357', '2019-11-26 15:03:31', 4, 'REG', '2022-11-25 15:16:30'),
	(3262, 'INV-100003262', 1663, 54000, 1402500, 1275000, 439, 'Jalan Q No. 135, Kel Waruberon, Kec Balongbendo, Kab Kabupaten Sidoarjo Jawa Timur, 61263', '2019-11-26 14:47:28', 1, 'REG', '2022-11-25 01:41:46'),
	(3264, 'INV-100003264', 805, 21000, 1683000, 1695000, 367, 'Jalan K No. 66, Kel Sidamulih, Kec Pamarican, Kab Kabupaten Ciamis Jawa Barat, 46365', '2019-11-26 11:49:47', 4, 'REG', '2022-11-25 12:12:09'),
	(3266, 'INV-100003266', 285, 21000, 1243000, 1220000, 216, 'Jalan W No. 33, Kel Manjahlega (Cisarantenkidul), Kec Rancasari, Kab Kota Bandung Jawa Barat, 40295', '2019-11-26 14:57:16', 6, 'REG', '2022-11-25 21:54:00'),
	(3268, 'INV-100003268', 330, 27000, 924000, 840000, 18, 'Jalan X No. 30, Kel Alas Tengah, Kec Paiton, Kab Kabupaten Probolinggo Jawa Timur, 67291', '2019-11-27 09:30:39', 1, 'REG', '2022-11-26 17:48:04'),
	(3270, 'INV-100003270', 908, 15000, 2453550, 2230500, 245, 'Jalan P No. 100, Kel Pasireurih, Kec Cisata, Kab Kabupaten Pandeglang Banten, 42273', '2019-11-27 13:19:09', 1, 'REG', '2022-11-26 20:23:27'),
	(3272, 'INV-100003272', 967, 21000, 2150500, 1955000, 296, 'Jalan D No. 103, Kel Sorogaten, Kec Tulung, Kab Kabupaten Klaten Jawa Tengah, 57482', '2019-11-27 10:17:45', 4, 'REG', '2022-11-26 10:01:21'),
	(3274, 'INV-100003274', 970, 27000, 1281500, 1165000, 301, 'Jalan E No. 27, Kel Tawun, Kec Kasreman, Kab Kabupaten Ngawi Jawa Timur, 63281', '2019-11-27 15:38:06', 2, 'REG', '2022-11-26 05:44:56'),
	(3276, 'INV-100003276', 4650, 135000, 1669250, 1595000, 276, 'Jalan R No. 28, Kel Semen, Kec Paron, Kab Kabupaten Ngawi Jawa Timur, 63253', '2019-11-28 11:51:11', 1, 'REG', '2022-11-27 00:45:07'),
	(3278, 'INV-100003278', 3750, 108000, 3355000, 3050000, 227, 'Jalan J No. 25, Kel Sumbersari, Kec Sumber Sari, Kab Kabupaten Jember Jawa Timur, 68121', '2019-11-28 16:27:01', 4, 'REG', '2022-11-27 12:08:23'),
	(3280, 'INV-100003280', 4301, 105000, 2090550, 2050500, 143, 'Jalan D No. 20, Kel Juron, Kec Nguter, Kab Kabupaten Sukoharjo Jawa Tengah, 57571', '2019-11-28 09:54:30', 4, 'REG', '2022-11-27 02:24:13'),
	(3282, 'INV-100003282', 7050, 168000, 5192000, 5095000, 166, 'Jalan J No. 146, Kel Glapansari, Kec Parakan, Kab Kabupaten Temanggung Jawa Tengah, 56254', '2019-11-28 15:10:16', 5, 'REG', '2022-11-27 20:32:00'),
	(3284, 'INV-100003284', 1456, 54000, 2827550, 2610500, 341, 'Jalan D No. 69, Kel Sibon, Kec Pasrepan, Kab Kabupaten Pasuruan Jawa Timur, 67175', '2019-11-28 11:32:06', 1, 'REG', '2022-11-27 23:32:20'),
	(3286, 'INV-100003286', 6527, 42000, 6124250, 5575000, 175, 'Jalan Z No. 94, Kel Malaka Sari, Kec Duren Sawit, Kab Kota Jakarta Timur DKI Jakarta, 13460', '2019-11-28 11:36:43', 1, 'REG', '2022-11-27 06:07:26'),
	(3288, 'INV-100003288', 817, 21000, 1001000, 910000, 230, 'Jalan J No. 47, Kel Pinayungan, Kec Telukjambe Timur, Kab Kabupaten Karawang Jawa Barat, 41361', '2019-11-29 12:50:41', 2, 'REG', '2022-11-28 13:06:59'),
	(3290, 'INV-100003290', 680, 21000, 700700, 640000, 236, 'Jalan P No. 104, Kel Purwajaya, Kec Peundeuy, Kab Kabupaten Garut Jawa Barat, 44178', '2019-11-29 13:40:19', 1, 'REG', '2022-11-28 00:19:52'),
	(3292, 'INV-100003292', 5396, 162000, 3590400, 3264000, 315, 'Jalan P No. 142, Kel Setren, Kec Bendo, Kab Kabupaten Magetan Jawa Timur, 63384', '2019-11-29 11:30:35', 3, 'REG', '2022-11-28 06:20:19'),
	(3294, 'INV-100003294', 970, 21000, 775500, 705000, 227, 'Jalan K No. 73, Kel Narawita, Kec Cicalengka, Kab Kabupaten Bandung Jawa Barat, 40395', '2019-11-29 09:25:31', 2, 'REG', '2022-11-28 05:10:00'),
	(3296, 'INV-100003296', 2550, 81000, 3355000, 3100000, 313, 'Jalan U No. 80, Kel Socah, Kec Socah, Kab Kabupaten Bangkalan Jawa Timur, 69161', '2019-11-30 09:37:15', 4, 'REG', '2022-11-29 00:44:10'),
	(3298, 'INV-100003298', 1423, 42000, 1237500, 1200000, 254, 'Jalan V No. 85, Kel Sukatani (Mekarwangi), Kec Haurwangi, Kab Kabupaten Cianjur Jawa Barat, 43283', '2019-11-30 16:48:39', 5, 'REG', '2022-11-29 23:55:17'),
